{"id":7905,"date":"2023-12-27T14:31:21","date_gmt":"2023-12-27T14:31:21","guid":{"rendered":"https:\/\/fundacionporlajusticia.accesia.info\/?page_id=7905"},"modified":"2024-04-10T15:27:30","modified_gmt":"2024-04-10T15:27:30","slug":"borrador-automatico","status":"publish","type":"page","link":"https:\/\/fundacionporlajusticia.org\/va\/borrador-automatico\/","title":{"rendered":"Web a Manteniment"},"content":{"rendered":"<p>[et_pb_section fb_built=\u00bb1&#8243; admin_label=\u00bbServices\u00bb _builder_version=\u00bb4.16&#8243; custom_padding=\u00bb0px||0px|||\u00bb global_colors_info=\u00bb{}\u00bb][et_pb_row admin_label=\u00bbAbout\u00bb _builder_version=\u00bb4.17.1&#8243; background_size=\u00bbinitial\u00bb background_position=\u00bbtop_left\u00bb background_repeat=\u00bbrepeat\u00bb max_width=\u00bb900px\u00bb custom_margin=\u00bb||||true|false\u00bb custom_padding=\u00bb80px||80px||true|false\u00bb use_custom_width=\u00bbon\u00bb custom_width_px=\u00bb900px\u00bb global_colors_info=\u00bb{}\u00bb][et_pb_column type=\u00bb4_4&#8243; _builder_version=\u00bb4.16&#8243; custom_padding=\u00bb|||\u00bb global_colors_info=\u00bb{}\u00bb custom_padding__hover=\u00bb|||\u00bb][et_pb_text admin_label=\u00bbXIII Edici\u00f3n\u00bb _builder_version=\u00bb4.17.1&#8243; text_font=\u00bbMontserrat||||\u00bb text_text_color=\u00bb#1f1f1f\u00bb text_font_size=\u00bb36px\u00bb text_line_height=\u00bb1.8em\u00bb background_size=\u00bbinitial\u00bb background_position=\u00bbtop_left\u00bb background_repeat=\u00bbrepeat\u00bb animation_direction=\u00bbright\u00bb hover_transition_duration=\u00bb0ms\u00bb hover_enabled=\u00bb0&#8243; global_colors_info=\u00bb{}\u00bb sticky_enabled=\u00bb0&#8243;]<\/p>\n<blockquote>\n<h1 style=\"text-align: left;\">La Web de Fundaci\u00f3n por la Justicia se encuentra actualmente en mantenimiento.<\/h1>\n<\/blockquote>\n<p>[\/et_pb_text][et_pb_text _builder_version=\u00bb4.17.1&#8243; _module_preset=\u00bbdefault\u00bb custom_margin=\u00bb100px||||false|false\u00bb global_colors_info=\u00bb{}\u00bb]<\/p>\n<h3>Vuelva dentro de unos d\u00edas para poder acceder de nuevo a la web.<\/h3>\n<p>&nbsp;<\/p>\n<p><strong>Disculpen las molestias.<\/strong><\/p>\n<p>&nbsp;<\/p>\n<p>[\/et_pb_text][\/et_pb_column][\/et_pb_row][\/et_pb_section]<\/p>\n","protected":false},"excerpt":{"rendered":"<p>El Web de Fundaci\u00f3 per la Just\u00edcia es troba actualment en manteniment. Torneu d&#039;aqu\u00ed a uns dies per poder accedir de nou a la web.  Disculpin les mol\u00e8sties. &nbsp;<\/p>","protected":false},"author":2,"featured_media":0,"parent":0,"menu_order":0,"comment_status":"closed","ping_status":"closed","template":"page-template-blank.php","meta":{"_et_pb_use_builder":"on","_et_pb_old_content":"","_et_gb_content_width":"","_uf_show_specific_survey":0,"_uf_disable_surveys":false,"footnotes":""},"class_list":["post-7905","page","type-page","status-publish","hentry"],"aioseo_notices":[],"_links":{"self":[{"href":"https:\/\/fundacionporlajusticia.org\/va\/wp-json\/wp\/v2\/pages\/7905","targetHints":{"allow":["GET"]}}],"collection":[{"href":"https:\/\/fundacionporlajusticia.org\/va\/wp-json\/wp\/v2\/pages"}],"about":[{"href":"https:\/\/fundacionporlajusticia.org\/va\/wp-json\/wp\/v2\/types\/page"}],"author":[{"embeddable":true,"href":"https:\/\/fundacionporlajusticia.org\/va\/wp-json\/wp\/v2\/users\/2"}],"replies":[{"embeddable":true,"href":"https:\/\/fundacionporlajusticia.org\/va\/wp-json\/wp\/v2\/comments?post=7905"}],"version-history":[{"count":8,"href":"https:\/\/fundacionporlajusticia.org\/va\/wp-json\/wp\/v2\/pages\/7905\/revisions"}],"predecessor-version":[{"id":7919,"href":"https:\/\/fundacionporlajusticia.org\/va\/wp-json\/wp\/v2\/pages\/7905\/revisions\/7919"}],"wp:attachment":[{"href":"https:\/\/fundacionporlajusticia.org\/va\/wp-json\/wp\/v2\/media?parent=7905"}],"curies":[{"name":"wp","href":"https:\/\/api.w.org\/{rel}","templated":true}]}}

<p>[et_pb_section fb_built=»1&#8243; admin_label=»Services» _builder_version=»4.16&#8243; custom_padding=»0px||0px|||» global_colors_info=»{}»][et_pb_row admin_label=»About» _builder_version=»4.17.1&#8243; background_size=»initial» background_position=»top_left» background_repeat=»repeat» max_width=»900px» custom_margin=»||||true|false» custom_padding=»80px||80px||true|false» use_custom_width=»on» custom_width_px=»900px» global_colors_info=»{}»][et_pb_column type=»4_4&#8243; _builder_version=»4.16&#8243; custom_padding=»|||» global_colors_info=»{}» custom_padding__hover=»|||»][et_pb_text admin_label=»XIII Edición» _builder_version=»4.17.1&#8243; text_font=»Montserrat||||» text_text_color=»#1f1f1f» text_font_size=»36px» text_line_height=»1.8em» background_size=»initial» background_position=»top_left» background_repeat=»repeat» animation_direction=»right» hover_transition_duration=»0ms» hover_enabled=»0&#8243; global_colors_info=»{}» sticky_enabled=»0&#8243;]</p>
<blockquote>
<h1 style="text-align: left;">La Web de Fundación por la Justicia se encuentra actualmente en mantenimiento.</h1>
</blockquote>
<p>[/et_pb_text][et_pb_text _builder_version=»4.17.1&#8243; _module_preset=»default» custom_margin=»100px||||false|false» global_colors_info=»{}»]</p>
<h3>Vuelva dentro de unos días para poder acceder de nuevo a la web.</h3>
<p>&nbsp;</p>
<p><strong>Disculpen las molestias.</strong></p>
<p>&nbsp;</p>
<p>[/et_pb_text][/et_pb_column][/et_pb_row][/et_pb_section]</p>

<p>El Web de Fundació per la Justícia es troba actualment en manteniment. Torneu d&#039;aquí a uns dies per poder accedir de nou a la web.  Disculpin les molèsties. &nbsp;</p>
