{"id":2693,"date":"2015-10-28T11:48:28","date_gmt":"2015-10-28T11:48:28","guid":{"rendered":"https:\/\/fundacionporlajusticia.accesia.info\/es\/?page_id=2963"},"modified":"2022-03-21T17:18:09","modified_gmt":"2022-03-21T17:18:09","slug":"pases-especiales-3","status":"publish","type":"page","link":"https:\/\/fundacionporlajusticia.org\/va\/humansfest\/2016-vii-edicion\/pases-especiales-3\/","title":{"rendered":"EDICI\u00d3 2016 \u2013 PASSIS ESPECIALS"},"content":{"rendered":"<p><img loading=\"lazy\" decoding=\"async\" class=\"alignright size-medium wp-image-2972\" src=\"https:\/\/fundacionporlajusticia.org\/wp-content\/uploads\/2015\/10\/PASES-ESPECIALES-300x213.jpg\" alt=\"PASES-ESPECIALES\" width=\"300\" height=\"213\" \/><\/p>\n<ul style=\"list-style-type: square;\">\n<li><a href=\"https:\/\/fundacionporlajusticia.org\/es\/no-tengas-miedo\/\" target=\"_blank\" rel=\"noopener\">PEL\u00b7L\u00cdCULA D&#039;INAGURACI\u00d3<\/a><\/li>\n<li><a href=\"https:\/\/fundacionporlajusticia.org\/es\/cine-mudo\/\" target=\"_blank\" rel=\"noopener\">CINEMA MUT.<\/a> Divendres 11 de desembre a les 22.30 amb m\u00fasica en directe.<\/li>\n<li><a href=\"https:\/\/fundacionporlajusticia.org\/es\/syria-selfportrait\/\" target=\"_blank\" rel=\"noopener\">PEL\u00b7L\u00cdCULA DE CLOENDA<\/a><\/li>\n<\/ul>\n<p>&nbsp;<\/p>\n<p>&nbsp;<\/p>","protected":false},"excerpt":{"rendered":"<p>PEL\u00b7L\u00cdCULA D&#039;INAGURACI\u00d3 CINEMA MUT. Divendres 11 de desembre a les 22.30 amb m\u00fasica en directe. PEL\u00b7L\u00cdCULA DE CLOENDA &nbsp; &nbsp;<\/p>","protected":false},"author":2,"featured_media":0,"parent":3322,"menu_order":4,"comment_status":"closed","ping_status":"closed","template":"","meta":{"_et_pb_use_builder":"","_et_pb_old_content":"","_et_gb_content_width":"","_uf_show_specific_survey":0,"_uf_disable_surveys":false,"footnotes":""},"class_list":["post-2693","page","type-page","status-publish","hentry"],"aioseo_notices":[],"_links":{"self":[{"href":"https:\/\/fundacionporlajusticia.org\/va\/wp-json\/wp\/v2\/pages\/2693","targetHints":{"allow":["GET"]}}],"collection":[{"href":"https:\/\/fundacionporlajusticia.org\/va\/wp-json\/wp\/v2\/pages"}],"about":[{"href":"https:\/\/fundacionporlajusticia.org\/va\/wp-json\/wp\/v2\/types\/page"}],"author":[{"embeddable":true,"href":"https:\/\/fundacionporlajusticia.org\/va\/wp-json\/wp\/v2\/users\/2"}],"replies":[{"embeddable":true,"href":"https:\/\/fundacionporlajusticia.org\/va\/wp-json\/wp\/v2\/comments?post=2693"}],"version-history":[{"count":6,"href":"https:\/\/fundacionporlajusticia.org\/va\/wp-json\/wp\/v2\/pages\/2693\/revisions"}],"predecessor-version":[{"id":3535,"href":"https:\/\/fundacionporlajusticia.org\/va\/wp-json\/wp\/v2\/pages\/2693\/revisions\/3535"}],"up":[{"embeddable":true,"href":"https:\/\/fundacionporlajusticia.org\/va\/wp-json\/wp\/v2\/pages\/3322"}],"wp:attachment":[{"href":"https:\/\/fundacionporlajusticia.org\/va\/wp-json\/wp\/v2\/media?parent=2693"}],"curies":[{"name":"wp","href":"https:\/\/api.w.org\/{rel}","templated":true}]}}

EDICIÓ 2016 – PASSIS ESPECIALS

<p><img loading="lazy" decoding="async" class="alignright size-medium wp-image-2972" src="https://fundacionporlajusticia.org/wp-content/uploads/2015/10/PASES-ESPECIALES-300x213.jpg" alt="PASES-ESPECIALES" width="300" height="213" /></p>
<ul style="list-style-type: square;">
<li><a href="https://fundacionporlajusticia.org/es/no-tengas-miedo/" target="_blank" rel="noopener">PEL·LÍCULA D&#039;INAGURACIÓ</a></li>
<li><a href="https://fundacionporlajusticia.org/es/cine-mudo/" target="_blank" rel="noopener">CINEMA MUT.</a> Divendres 11 de desembre a les 22.30 amb música en directe.</li>
<li><a href="https://fundacionporlajusticia.org/es/syria-selfportrait/" target="_blank" rel="noopener">PEL·LÍCULA DE CLOENDA</a></li>
</ul>
<p>&nbsp;</p>
<p>&nbsp;</p>

<p>PEL·LÍCULA D&#039;INAGURACIÓ CINEMA MUT. Divendres 11 de desembre a les 22.30 amb música en directe. PEL·LÍCULA DE CLOENDA &nbsp; &nbsp;</p>
