{"id":2259,"date":"2014-05-29T08:28:17","date_gmt":"2014-05-29T08:28:17","guid":{"rendered":"https:\/\/fundacionporlajusticia.accesia.info\/?page_id=14"},"modified":"2022-03-21T16:22:16","modified_gmt":"2022-03-21T16:22:16","slug":"premio-cortos","status":"publish","type":"page","link":"https:\/\/fundacionporlajusticia.org\/va\/humansfest\/premio-cortos\/","title":{"rendered":"PREMI CURTS"},"content":{"rendered":"<p>Premi Concurs Curts \u201c1 minut, 1 dret\u201d dotat amb 1.000 euros.<\/p>\n<p>1r dotat 500 euros Visualitzaci\u00f3 en altres seus del Festival de Val\u00e8ncia.<\/p>\n<p>2a 250 euros sobre el dret a la inf\u00e0ncia i visualitzaci\u00f3 a l&#039;Ajuntament de Val\u00e8ncia el dia Mundial de la Inf\u00e0ncia el 20 de novembre de 2014.<\/p>\n<p>3r 250 euros sobre assetjament en xarxes socials a menors.<\/p>\n<p>&nbsp;<\/p>\n<p>Patrocinat per l&#039;Ajuntament de Val\u00e8ncia<\/p>","protected":false},"excerpt":{"rendered":"<p>Premio Concurso Cortos \u201c1 minuto, 1 derecho\u201d dotado con 1.000 euros. 1\u00ba dotado 500 euros Visualizaci\u00f3n en otras sedes del Festival de Valencia. 2\u00aa 250 euros sobre el derecho a la infancia y visualizaci\u00f3n en Ayto de Valencia el d\u00eda Mundial de la Infancia el 20 de noviembre de 2014. 3\u00ba 250 euros sobre acoso [&hellip;]<\/p>\n","protected":false},"author":2,"featured_media":0,"parent":442,"menu_order":0,"comment_status":"open","ping_status":"closed","template":"","meta":{"_et_pb_use_builder":"","_et_pb_old_content":"","_et_gb_content_width":"","_uf_show_specific_survey":0,"_uf_disable_surveys":false,"footnotes":""},"class_list":["post-2259","page","type-page","status-publish","hentry"],"aioseo_notices":[],"_links":{"self":[{"href":"https:\/\/fundacionporlajusticia.org\/va\/wp-json\/wp\/v2\/pages\/2259","targetHints":{"allow":["GET"]}}],"collection":[{"href":"https:\/\/fundacionporlajusticia.org\/va\/wp-json\/wp\/v2\/pages"}],"about":[{"href":"https:\/\/fundacionporlajusticia.org\/va\/wp-json\/wp\/v2\/types\/page"}],"author":[{"embeddable":true,"href":"https:\/\/fundacionporlajusticia.org\/va\/wp-json\/wp\/v2\/users\/2"}],"replies":[{"embeddable":true,"href":"https:\/\/fundacionporlajusticia.org\/va\/wp-json\/wp\/v2\/comments?post=2259"}],"version-history":[{"count":1,"href":"https:\/\/fundacionporlajusticia.org\/va\/wp-json\/wp\/v2\/pages\/2259\/revisions"}],"predecessor-version":[{"id":3237,"href":"https:\/\/fundacionporlajusticia.org\/va\/wp-json\/wp\/v2\/pages\/2259\/revisions\/3237"}],"up":[{"embeddable":true,"href":"https:\/\/fundacionporlajusticia.org\/va\/wp-json\/wp\/v2\/pages\/442"}],"wp:attachment":[{"href":"https:\/\/fundacionporlajusticia.org\/va\/wp-json\/wp\/v2\/media?parent=2259"}],"curies":[{"name":"wp","href":"https:\/\/api.w.org\/{rel}","templated":true}]}}

<p>Premi Concurs Curts “1 minut, 1 dret” dotat amb 1.000 euros.</p>
<p>1r dotat 500 euros Visualització en altres seus del Festival de València.</p>
<p>2a 250 euros sobre el dret a la infància i visualització a l&#039;Ajuntament de València el dia Mundial de la Infància el 20 de novembre de 2014.</p>
<p>3r 250 euros sobre assetjament en xarxes socials a menors.</p>
<p>&nbsp;</p>
<p>Patrocinat per l&#039;Ajuntament de València</p>

<p>Premio Concurso Cortos “1 minuto, 1 derecho” dotado con 1.000 euros. 1º dotado 500 euros Visualización en otras sedes del Festival de Valencia. 2ª 250 euros sobre el derecho a la infancia y visualización en Ayto de Valencia el día Mundial de la Infancia el 20 de noviembre de 2014. 3º 250 euros sobre acoso [&hellip;]</p>
