{"id":2244,"date":"2019-01-23T17:32:42","date_gmt":"2019-01-23T17:32:42","guid":{"rendered":"https:\/\/fundacionporlajusticia.accesia.info\/es\/?page_id=5051"},"modified":"2022-03-21T16:22:11","modified_gmt":"2022-03-21T16:22:11","slug":"jurado-2018","status":"publish","type":"page","link":"https:\/\/fundacionporlajusticia.org\/va\/jurado-2018\/","title":{"rendered":"JURAT 2018"},"content":{"rendered":"<p>El proper 30 de gener del 2019 es realitzar\u00e0 una roda de premsa a l&#039;Aula Magna de LA NAU on es presentaran totes les novetats de la X Edici\u00f3 del Festival Internacional de Cinema i Drets Humans de Val\u00e8ncia HUMANS FEST.<\/p>\n<p>Amb posterioritat a la roda de premsa es publicar\u00e0 a la web el JURAT del proper festival que se celebrar\u00e0 a Val\u00e8ncia entre el 14 i el 23 de febrer de 2019.<\/p>\n<p>&nbsp;<\/p>\n<p>A l&#039;edici\u00f3 anterior aquesta va ser la composici\u00f3 del Jurat:<\/p>\n<p><img loading=\"lazy\" decoding=\"async\" class=\"aligncenter size-large wp-image-5062\" src=\"https:\/\/fundacionporlajusticia.org\/wp-content\/uploads\/2019\/01\/image007-1024x576.jpg\" alt=\"\" width=\"690\" height=\"388\" \/><\/p>\n<p>&nbsp;<\/p>\n<table>\n<tbody>\n<tr>\n<td>\n<h2>Jurat Secci\u00f3 Oficial Llargmetratge Documental<\/h2>\n<\/td>\n<\/tr>\n<tr>\n<td>\n<h3>President \u2013 Juan Diego Botto<\/h3>\n<p>Juan Diego Botto \u00e9s un actor, director i guionista de teatre i cinema hispanoargent\u00ed. Al llarg de la seva carrera al m\u00f3n del cinema, ha col\u00b7laborat amb els m\u00e9s prestigiosos directors nacionals i internacionals.<\/p>\n<p>En aquest sentit, destaquen les seves intervencions en cintes d&#039;Adolfo Aristarain (a &#039;Mart\u00edn (Hache)), Imanol Uribe (&#039;Plenilunio&#039;), Daniel Calparsoro (&#039;Asfalt&#039;), Achero Ma\u00f1as (&#039;Tot el que tu vulguis&#039;) i altres com John Malkovich (&#039;Passos de ball&#039;), Gregory Nava (&#039;Ciutat del silenci&#039;) o Iannis Smaragdis a la seva cinta &#039;El Greco&#039;, per la qual Botto es va al\u00e7ar amb el premi a millor int\u00e8rpret mascul\u00ed al Festival del Caire .<\/p>\n<p>Recolza FILLS, una associaci\u00f3 formada per familiars de desapareguts i exiliats durant la dictadura argentina.<\/td>\n<\/tr>\n<tr>\n<td>\n<h3>Ana Garayalde<\/h3>\n<p>Programadora Festival de Cinema i DDHH de Donosti.<\/p>\n<p>Responsable de drets humans del Festival de Cinema i Drets Humans de Sant Sebasti\u00e0. T\u00e8cnica de Drets Humans de lAjuntament de Donostia. Periodista de formaci\u00f3, ha treballat durant 15 anys a mitjans com El Mundo del Pa\u00eds Basc, R\u00e0dio Nacional, Antena 3 i gabinets de premsa.<\/td>\n<\/tr>\n<tr>\n<td>\n<h3>Laura Ballester<\/h3>\n<p>Periodista<\/td>\n<\/tr>\n<tr>\n<td>\n<h3>Maria Tr\u00e9nor<\/h3>\n<p>Directora animaci\u00f3<\/td>\n<\/tr>\n<tr>\n<td>\n<h3>Maria Carri\u00f3n<\/h3>\n<p>Directora FiSahara<\/td>\n<\/tr>\n<tr>\n<td>\n<h2>\u00a0<img loading=\"lazy\" decoding=\"async\" class=\"aligncenter size-large wp-image-5065\" src=\"https:\/\/fundacionporlajusticia.org\/wp-content\/uploads\/2019\/01\/image009-1024x576.jpg\" alt=\"\" width=\"690\" height=\"388\" \/><\/h2>\n<h2>Jurat Curtmetratges Dret d&#039;Asil i Persones Refugiades<\/h2>\n<\/td>\n<\/tr>\n<tr>\n<td>\n<h3>Fani Boronat \u2013 Coordinadora General del Col\u00b7lectiu de Lesbianes, Gais, transsexuals i Bisexuals de Val\u00e8ncia \u2013 LAMBDA<\/h3>\n<p>Fani Boronat Chofre es defineix com una dona activista, lesbiana i feminista. Nascuda El R\u00e0fol d&#039;Alm\u00fania, un poble d&#039;Alacant de 400 habitants, \u00e9s una gran testimoni del que \u00e9s \u201cser i viure com a lesbiana visible\u201d a l&#039;\u00e0mbit rural. Diplomada en Treball Social, fa m\u00e9s de 15 anys que milita a Lambda, on ha crescut com a activista empoderant-se com a dona i com a lesbiana. Des de fa 3 anys assumeix la coordinaci\u00f3 general de l&#039;entitat.<\/td>\n<\/tr>\n<tr>\n<td>\n<h3>Claudia Garc\u00eda Giraldo \u2013 Supervivent de viol\u00e8ncia pol\u00edtica a Col\u00f2mbia<\/h3>\n<p>Defensora de drets humans Colombiana compromesa especialment amb les lluites de les dones v\u00edctimes del conflicte social i armat.<br \/>\nVa aconseguir arribar a Espanya amb un programa de protecci\u00f3 a defensores de drets humans d&#039;Amnistia Internacional. Confecciona bosses i motxilles de roba reciclada com a s\u00edmbol de les motxilles carregades de somnis de les persones refugiades.<\/td>\n<\/tr>\n<tr>\n<td>\n<h3>Oscar Ben\u00e0cer \u2013 Director<\/h3>\n<p>Guionista i director. Va escriure el seu primer conte amb sis anys; Amb una rentadora a l&#039;espai. No va aconseguir editorial per\u00f2 a les seves ties els va agradar molt. Temps despr\u00e9s es va ficar a fer curts: \u201cLes sabatilles de Laura\u201d, \u201cEsmorzar amb diadema\u201d, \u201cBikini\u201d i \u201cApolo81\u201d s&#039;han pogut veure a centenars de festivals i multitud de televisions de tot el m\u00f3n. Entre tots quatre sumen m\u00e9s de 160 premis, la candidatura al Goya i la nominaci\u00f3 al Meli\u00e9s d&#039;Or. Tot i preparar la seva \u00f2pera prima en ficci\u00f3, ha escrit guions de llargmetratges i s\u00e8ries de tv. Compte amb experi\u00e8ncia en publicitat i documentals. El 2016 va estrenar \u201cL&#039;home que va embotellar el sol\u201d. Actualment es troba en plena producci\u00f3 de la s\u00e8rie de ficci\u00f3 \u201cLa forastera\u201d, la s\u00e8rie documental \u201cCuiners\u201d i el documental \u201cBastardo\u201d. El seu proper curt \u201cStanbrook\u201d, ambientat a la Guerra Civil espanyola, aborda el tema dels refugiats.<\/td>\n<\/tr>\n<tr>\n<td>\n<h2><img loading=\"lazy\" decoding=\"async\" class=\"aligncenter size-large wp-image-5063\" src=\"https:\/\/fundacionporlajusticia.org\/wp-content\/uploads\/2019\/01\/image008-1024x576.jpg\" alt=\"\" width=\"690\" height=\"388\" \/><\/h2>\n<h2>Jurat EDAV - Premi al millor desenvolupament d&#039;hist\u00f2ria i de recerca<\/h2>\n<\/td>\n<\/tr>\n<tr>\n<td>\n<h3>Eladio Ballester<\/h3>\n<p>Eladio Ballester Colomer, Val\u00e8ncia, 1958, \u00e9s llicenciat en Dret, ha creat i dirigit m\u00e9s de 600 espots publicitaris, desenes d&#039;audiovisuals, ha estat guionista en diverses s\u00e8ries d&#039;animaci\u00f3 alienes, i ha creat diverses pr\u00f2pies. Tamb\u00e9 \u00e9s autor musical.<\/td>\n<\/tr>\n<tr>\n<td>\n<h3>Begonya Soler<\/h3>\n<p>Bego\u00f1a Soler ha escrit i dirigit quatre curtmetratges. Entre ells, \u201cLa Buena Fe\u201d, Millor curt espanyol a SEMINCI 2015 i preseleccionat als Premis Goya 2016. El treball ha rebut m\u00e9s d&#039;una vintena de guardons nacionals i internacionals. \u00c9s creadora de la s\u00e8rie \u201cI love Spain\u201d i directora i guionista del seu cap\u00edtol pilot. Es forma en Direcci\u00f3 Cinematogr\u00e0fica i Gui\u00f3 a l&#039;Escola de Cinema de Val\u00e8ncia (NUCINE). Actualment treballa com a docent a l&#039;Escola de Cinema de Val\u00e8ncia i escriu el gui\u00f3 del seu primer llargmetratge. Bego\u00f1a ha treballat durant 10 anys com a Formadora i COACH en habilitats socials. T\u00e9 experi\u00e8ncia treballant amb persones amb discapacitat intel\u00b7lectual (Bona Gent).<\/td>\n<\/tr>\n<tr>\n<td>\n<h3>Elena Governat<\/h3>\n<p>Animaci\u00f3 i creaci\u00f3 de continguts de comunicaci\u00f3 social.<br \/>\nHa escrit i participat en el desenvolupament de b\u00edblies i arguments per a s\u00e8ries d&#039;animaci\u00f3 com la multi premiada Pocoy\u00f3 o Shuriken School, venudes a m\u00e9s de cent pa\u00efsos.<br \/>\n\u00c9s assessora, story editor i col\u00b7labora amb diverses productores i estudis d&#039;animaci\u00f3 en el desenvolupament de b\u00edblies i nous projectes<br \/>\nParticipa en el desenvolupament de continguts en Projectes de Comunicaci\u00f3 i Participaci\u00f3 Social amb A Babia Comunicaci\u00f3n, empresa amb qu\u00e8 col\u00b7labora des de fa anys per a empreses com Ajuda en acci\u00f3, FEDER, Pla.. Ha estat jurat i assessora en festivals com Prime the Animation o el Premi Julio Alejandro de Gui\u00f3 i format part de taules rodones.<\/td>\n<\/tr>\n<\/tbody>\n<\/table>\n<p>&nbsp;<\/p>","protected":false},"excerpt":{"rendered":"<p>El pr\u00f3ximo 30 de enero de 2019 se realizar\u00e1 una rueda de prensa en el Aula Magna de LA NAU donde se presentar\u00e1n todas las novedades de la X Edici\u00f3n del Festival Internacional de Cine y Derechos Humanos de Valencia HUMANS FEST. Con posterioridad a la rueda de prensa se publicar\u00e1 en la web el [&hellip;]<\/p>\n","protected":false},"author":2,"featured_media":0,"parent":0,"menu_order":0,"comment_status":"closed","ping_status":"closed","template":"","meta":{"_et_pb_use_builder":"","_et_pb_old_content":"","_et_gb_content_width":"","_uf_show_specific_survey":0,"_uf_disable_surveys":false,"footnotes":""},"class_list":["post-2244","page","type-page","status-publish","hentry"],"aioseo_notices":[],"_links":{"self":[{"href":"https:\/\/fundacionporlajusticia.org\/va\/wp-json\/wp\/v2\/pages\/2244","targetHints":{"allow":["GET"]}}],"collection":[{"href":"https:\/\/fundacionporlajusticia.org\/va\/wp-json\/wp\/v2\/pages"}],"about":[{"href":"https:\/\/fundacionporlajusticia.org\/va\/wp-json\/wp\/v2\/types\/page"}],"author":[{"embeddable":true,"href":"https:\/\/fundacionporlajusticia.org\/va\/wp-json\/wp\/v2\/users\/2"}],"replies":[{"embeddable":true,"href":"https:\/\/fundacionporlajusticia.org\/va\/wp-json\/wp\/v2\/comments?post=2244"}],"version-history":[{"count":1,"href":"https:\/\/fundacionporlajusticia.org\/va\/wp-json\/wp\/v2\/pages\/2244\/revisions"}],"predecessor-version":[{"id":3502,"href":"https:\/\/fundacionporlajusticia.org\/va\/wp-json\/wp\/v2\/pages\/2244\/revisions\/3502"}],"wp:attachment":[{"href":"https:\/\/fundacionporlajusticia.org\/va\/wp-json\/wp\/v2\/media?parent=2244"}],"curies":[{"name":"wp","href":"https:\/\/api.w.org\/{rel}","templated":true}]}}

<p>El proper 30 de gener del 2019 es realitzarà una roda de premsa a l&#039;Aula Magna de LA NAU on es presentaran totes les novetats de la X Edició del Festival Internacional de Cinema i Drets Humans de València HUMANS FEST.</p>
<p>Amb posterioritat a la roda de premsa es publicarà a la web el JURAT del proper festival que se celebrarà a València entre el 14 i el 23 de febrer de 2019.</p>
<p>&nbsp;</p>
<p>A l&#039;edició anterior aquesta va ser la composició del Jurat:</p>
<p><img loading="lazy" decoding="async" class="aligncenter size-large wp-image-5062" src="https://fundacionporlajusticia.org/wp-content/uploads/2019/01/image007-1024x576.jpg" alt="" width="690" height="388" /></p>
<p>&nbsp;</p>
<table>
<tbody>
<tr>
<td>
<h2>Jurat Secció Oficial Llargmetratge Documental</h2>
</td>
</tr>
<tr>
<td>
<h3>President – Juan Diego Botto</h3>
<p>Juan Diego Botto és un actor, director i guionista de teatre i cinema hispanoargentí. Al llarg de la seva carrera al món del cinema, ha col·laborat amb els més prestigiosos directors nacionals i internacionals.</p>
<p>En aquest sentit, destaquen les seves intervencions en cintes d&#039;Adolfo Aristarain (a &#039;Martín (Hache)), Imanol Uribe (&#039;Plenilunio&#039;), Daniel Calparsoro (&#039;Asfalt&#039;), Achero Mañas (&#039;Tot el que tu vulguis&#039;) i altres com John Malkovich (&#039;Passos de ball&#039;), Gregory Nava (&#039;Ciutat del silenci&#039;) o Iannis Smaragdis a la seva cinta &#039;El Greco&#039;, per la qual Botto es va alçar amb el premi a millor intèrpret masculí al Festival del Caire .</p>
<p>Recolza FILLS, una associació formada per familiars de desapareguts i exiliats durant la dictadura argentina.</td>
</tr>
<tr>
<td>
<h3>Ana Garayalde</h3>
<p>Programadora Festival de Cinema i DDHH de Donosti.</p>
<p>Responsable de drets humans del Festival de Cinema i Drets Humans de Sant Sebastià. Tècnica de Drets Humans de lAjuntament de Donostia. Periodista de formació, ha treballat durant 15 anys a mitjans com El Mundo del País Basc, Ràdio Nacional, Antena 3 i gabinets de premsa.</td>
</tr>
<tr>
<td>
<h3>Laura Ballester</h3>
<p>Periodista</td>
</tr>
<tr>
<td>
<h3>Maria Trénor</h3>
<p>Directora animació</td>
</tr>
<tr>
<td>
<h3>Maria Carrión</h3>
<p>Directora FiSahara</td>
</tr>
<tr>
<td>
<h2> <img loading="lazy" decoding="async" class="aligncenter size-large wp-image-5065" src="https://fundacionporlajusticia.org/wp-content/uploads/2019/01/image009-1024x576.jpg" alt="" width="690" height="388" /></h2>
<h2>Jurat Curtmetratges Dret d&#039;Asil i Persones Refugiades</h2>
</td>
</tr>
<tr>
<td>
<h3>Fani Boronat – Coordinadora General del Col·lectiu de Lesbianes, Gais, transsexuals i Bisexuals de València – LAMBDA</h3>
<p>Fani Boronat Chofre es defineix com una dona activista, lesbiana i feminista. Nascuda El Ràfol d&#039;Almúnia, un poble d&#039;Alacant de 400 habitants, és una gran testimoni del que és “ser i viure com a lesbiana visible” a l&#039;àmbit rural. Diplomada en Treball Social, fa més de 15 anys que milita a Lambda, on ha crescut com a activista empoderant-se com a dona i com a lesbiana. Des de fa 3 anys assumeix la coordinació general de l&#039;entitat.</td>
</tr>
<tr>
<td>
<h3>Claudia García Giraldo – Supervivent de violència política a Colòmbia</h3>
<p>Defensora de drets humans Colombiana compromesa especialment amb les lluites de les dones víctimes del conflicte social i armat.<br />
Va aconseguir arribar a Espanya amb un programa de protecció a defensores de drets humans d&#039;Amnistia Internacional. Confecciona bosses i motxilles de roba reciclada com a símbol de les motxilles carregades de somnis de les persones refugiades.</td>
</tr>
<tr>
<td>
<h3>Oscar Benàcer – Director</h3>
<p>Guionista i director. Va escriure el seu primer conte amb sis anys; Amb una rentadora a l&#039;espai. No va aconseguir editorial però a les seves ties els va agradar molt. Temps després es va ficar a fer curts: “Les sabatilles de Laura”, “Esmorzar amb diadema”, “Bikini” i “Apolo81” s&#039;han pogut veure a centenars de festivals i multitud de televisions de tot el món. Entre tots quatre sumen més de 160 premis, la candidatura al Goya i la nominació al Meliés d&#039;Or. Tot i preparar la seva òpera prima en ficció, ha escrit guions de llargmetratges i sèries de tv. Compte amb experiència en publicitat i documentals. El 2016 va estrenar “L&#039;home que va embotellar el sol”. Actualment es troba en plena producció de la sèrie de ficció “La forastera”, la sèrie documental “Cuiners” i el documental “Bastardo”. El seu proper curt “Stanbrook”, ambientat a la Guerra Civil espanyola, aborda el tema dels refugiats.</td>
</tr>
<tr>
<td>
<h2><img loading="lazy" decoding="async" class="aligncenter size-large wp-image-5063" src="https://fundacionporlajusticia.org/wp-content/uploads/2019/01/image008-1024x576.jpg" alt="" width="690" height="388" /></h2>
<h2>Jurat EDAV - Premi al millor desenvolupament d&#039;història i de recerca</h2>
</td>
</tr>
<tr>
<td>
<h3>Eladio Ballester</h3>
<p>Eladio Ballester Colomer, València, 1958, és llicenciat en Dret, ha creat i dirigit més de 600 espots publicitaris, desenes d&#039;audiovisuals, ha estat guionista en diverses sèries d&#039;animació alienes, i ha creat diverses pròpies. També és autor musical.</td>
</tr>
<tr>
<td>
<h3>Begonya Soler</h3>
<p>Begoña Soler ha escrit i dirigit quatre curtmetratges. Entre ells, “La Buena Fe”, Millor curt espanyol a SEMINCI 2015 i preseleccionat als Premis Goya 2016. El treball ha rebut més d&#039;una vintena de guardons nacionals i internacionals. És creadora de la sèrie “I love Spain” i directora i guionista del seu capítol pilot. Es forma en Direcció Cinematogràfica i Guió a l&#039;Escola de Cinema de València (NUCINE). Actualment treballa com a docent a l&#039;Escola de Cinema de València i escriu el guió del seu primer llargmetratge. Begoña ha treballat durant 10 anys com a Formadora i COACH en habilitats socials. Té experiència treballant amb persones amb discapacitat intel·lectual (Bona Gent).</td>
</tr>
<tr>
<td>
<h3>Elena Governat</h3>
<p>Animació i creació de continguts de comunicació social.<br />
Ha escrit i participat en el desenvolupament de bíblies i arguments per a sèries d&#039;animació com la multi premiada Pocoyó o Shuriken School, venudes a més de cent països.<br />
És assessora, story editor i col·labora amb diverses productores i estudis d&#039;animació en el desenvolupament de bíblies i nous projectes<br />
Participa en el desenvolupament de continguts en Projectes de Comunicació i Participació Social amb A Babia Comunicación, empresa amb què col·labora des de fa anys per a empreses com Ajuda en acció, FEDER, Pla.. Ha estat jurat i assessora en festivals com Prime the Animation o el Premi Julio Alejandro de Guió i format part de taules rodones.</td>
</tr>
</tbody>
</table>
<p>&nbsp;</p>

<p>El próximo 30 de enero de 2019 se realizará una rueda de prensa en el Aula Magna de LA NAU donde se presentarán todas las novedades de la X Edición del Festival Internacional de Cine y Derechos Humanos de Valencia HUMANS FEST. Con posterioridad a la rueda de prensa se publicará en la web el [&hellip;]</p>
