{"id":2238,"date":"2020-09-23T10:51:48","date_gmt":"2020-09-23T10:51:48","guid":{"rendered":"https:\/\/fundacionporlajusticia.accesia.info\/?page_id=6298"},"modified":"2022-03-21T16:22:09","modified_gmt":"2022-03-21T16:22:09","slug":"humans-gamers","status":"publish","type":"page","link":"https:\/\/fundacionporlajusticia.org\/va\/humans-gamers\/","title":{"rendered":"Humans Gamers"},"content":{"rendered":"<p style=\"color: #6a6a6a; background: #efefef; padding: 30px;\">La <strong>secci\u00f3 de Gamers<\/strong> del festival es dedica a realitzar activitats de conscienciaci\u00f3 i educatives a trav\u00e9s dels videojocs seriosos, una forma d&#039;actualitzar els llenguatges audiovisuals sense perdre de vista el comprom\u00eds cr\u00edtic del <strong>Humans Fest.<\/strong><\/p>","protected":false},"excerpt":{"rendered":"<p>La secci\u00f3 de Gamers del festival es dedica a fer activitats de conscienciaci\u00f3 i educatives a trav\u00e9s dels videojocs seriosos, una manera d&#039;actualitzar els llenguatges audiovisuals sense perdre de vista el comprom\u00eds cr\u00edtic de l&#039;Humans Fest.<\/p>","protected":false},"author":2,"featured_media":0,"parent":0,"menu_order":0,"comment_status":"closed","ping_status":"closed","template":"","meta":{"_et_pb_use_builder":"","_et_pb_old_content":"","_et_gb_content_width":"","_uf_show_specific_survey":0,"_uf_disable_surveys":false,"footnotes":""},"class_list":["post-2238","page","type-page","status-publish","hentry"],"aioseo_notices":[],"_links":{"self":[{"href":"https:\/\/fundacionporlajusticia.org\/va\/wp-json\/wp\/v2\/pages\/2238","targetHints":{"allow":["GET"]}}],"collection":[{"href":"https:\/\/fundacionporlajusticia.org\/va\/wp-json\/wp\/v2\/pages"}],"about":[{"href":"https:\/\/fundacionporlajusticia.org\/va\/wp-json\/wp\/v2\/types\/page"}],"author":[{"embeddable":true,"href":"https:\/\/fundacionporlajusticia.org\/va\/wp-json\/wp\/v2\/users\/2"}],"replies":[{"embeddable":true,"href":"https:\/\/fundacionporlajusticia.org\/va\/wp-json\/wp\/v2\/comments?post=2238"}],"version-history":[{"count":1,"href":"https:\/\/fundacionporlajusticia.org\/va\/wp-json\/wp\/v2\/pages\/2238\/revisions"}],"predecessor-version":[{"id":3499,"href":"https:\/\/fundacionporlajusticia.org\/va\/wp-json\/wp\/v2\/pages\/2238\/revisions\/3499"}],"wp:attachment":[{"href":"https:\/\/fundacionporlajusticia.org\/va\/wp-json\/wp\/v2\/media?parent=2238"}],"curies":[{"name":"wp","href":"https:\/\/api.w.org\/{rel}","templated":true}]}}

<p style="color: #6a6a6a; background: #efefef; padding: 30px;">La <strong>secció de Gamers</strong> del festival es dedica a realitzar activitats de conscienciació i educatives a través dels videojocs seriosos, una forma d&#039;actualitzar els llenguatges audiovisuals sense perdre de vista el compromís crític del <strong>Humans Fest.</strong></p>

<p>La secció de Gamers del festival es dedica a fer activitats de conscienciació i educatives a través dels videojocs seriosos, una manera d&#039;actualitzar els llenguatges audiovisuals sense perdre de vista el compromís crític de l&#039;Humans Fest.</p>
