{"id":2224,"date":"2014-05-29T08:24:05","date_gmt":"2014-05-29T08:24:05","guid":{"rendered":"https:\/\/fundacionporlajusticia.accesia.info\/?page_id=8"},"modified":"2022-03-21T16:22:08","modified_gmt":"2022-03-21T16:22:08","slug":"equipo","status":"publish","type":"page","link":"https:\/\/fundacionporlajusticia.org\/va\/humansfest\/equipo\/","title":{"rendered":"EQUIP 2014"},"content":{"rendered":"<p><strong>Director Festival:<\/strong><br \/>\nJavier Vilalta<\/p>\n<p><strong>Coordinaci\u00f3 art\u00edstica i executiva:<\/strong><\/p>\n<p>Sandra Mora<\/p>\n<p><strong>Equip Assessor:<\/strong><\/p>\n<p>Jos\u00e9 Antonio Hern\u00e1ndez<\/p>\n<p>Carles Bosch<\/p>\n<p>Giovanna Ribes<\/p>\n<p>Maria Trenor<\/p>\n<p><strong> Programaci\u00f3 Secci\u00f3 Oficial Llargmetratges:<\/strong><\/p>\n<p>Adriana Cabeza<\/p>\n<p>Jose Manuel Aura<\/p>\n<p>Ignacio L\u00f3pez<\/p>\n<p>Natalia Lozano<\/p>\n<p><strong>Programaci\u00f3 Secci\u00f3 Curtmetratges:<\/strong><\/p>\n<p>\u00c1lvaro Yebra<\/p>\n<p><strong>Programaci\u00f3 passis especials\u00a0<\/strong><\/p>\n<p>Jos\u00e9 Antonio Hern\u00e1ndez<\/p>\n<p><strong>Coordinadora de comunicaci\u00f3:<\/strong><br \/>\nAdriana Cabeza<\/p>\n<p><strong>Imatge corporativa:<\/strong><\/p>\n<p>Kathrine Silber<\/p>\n<p><strong>Coordinador de voluntaris:<\/strong><br \/>\nMaria Colorado<\/p>\n<p><strong>Tallers<\/strong>\u00a0<strong>i formaci\u00f3<\/strong>:<br \/>\nNatalia Lozano<\/p>\n<p><strong>Unitat did\u00e0ctica formaci\u00f3 audiovisual:<\/strong><\/p>\n<p>Josep Sanmart\u00edn<\/p>\n<p><strong>\u00a0Activitats especials:<\/strong><\/p>\n<p>Alexia Mart\u00ednez<\/p>\n<p>Paula Rausell<\/p>\n<p>Maria Cap<\/p>\n<p>Ll\u00facia Ros<\/p>\n<p><strong>Editorial i Blog:<\/strong><br \/>\nNacho L\u00f3pez<\/p>\n<p><strong>Disseny &amp; Webmaster:<\/strong><br \/>\nLuis Chia i Marta Zuriaga (Insercom)<br \/>\nFran<\/p>\n<p><strong>Xarxes Socials:<\/strong><br \/>\nSonia Bernal<\/p>\n<p><strong>Voluntaris:<\/strong><br \/>\nSara Llorens Casino<br \/>\nEster Llorens Casino<br \/>\nIn\u00e9s S\u00e1ez Albert<br \/>\nRaquel Domingo Villalba<br \/>\nJuan Manuel Chavarr\u00edas Y\u00e1\u00f1ez<br \/>\nElena Gonz\u00e1lez Bellido<br \/>\nM\u00f2nica Herranz Ferreira<br \/>\nJerahy Garc\u00eda Garc\u00eda<br \/>\nAmparo Tatay<br \/>\nVanesa Mun\u00e1rriz Fabo<br \/>\nCarlos Ortiz Robles<\/p>","protected":false},"excerpt":{"rendered":"<p>Director Festival: Javier Vilalta Coordinaci\u00f3n art\u00edstica y ejecutiva: Sandra Mora Equipo Asesor: Jos\u00e9 Antonio Hern\u00e1ndez Carles Bosch Giovanna Ribes Mar\u00eda Trenor Programaci\u00f3n Secci\u00f3n Oficial Largometrajes: Adriana Cabeza Jose Manuel Aura Ignacio L\u00f3pez Natalia Lozano Programaci\u00f3n Secci\u00f3n Cortometrajes: \u00c1lvaro Yebra Programaci\u00f3n pases especiales\u00a0 Jos\u00e9 Antonio Hern\u00e1ndez Coordinadora de comunicaci\u00f3n: Adriana Cabeza Imagen corporativa: Kathrine Silber Coordinador [&hellip;]<\/p>\n","protected":false},"author":2,"featured_media":0,"parent":442,"menu_order":0,"comment_status":"open","ping_status":"closed","template":"","meta":{"_et_pb_use_builder":"","_et_pb_old_content":"","_et_gb_content_width":"","_uf_show_specific_survey":0,"_uf_disable_surveys":false,"footnotes":""},"class_list":["post-2224","page","type-page","status-publish","hentry"],"aioseo_notices":[],"_links":{"self":[{"href":"https:\/\/fundacionporlajusticia.org\/va\/wp-json\/wp\/v2\/pages\/2224","targetHints":{"allow":["GET"]}}],"collection":[{"href":"https:\/\/fundacionporlajusticia.org\/va\/wp-json\/wp\/v2\/pages"}],"about":[{"href":"https:\/\/fundacionporlajusticia.org\/va\/wp-json\/wp\/v2\/types\/page"}],"author":[{"embeddable":true,"href":"https:\/\/fundacionporlajusticia.org\/va\/wp-json\/wp\/v2\/users\/2"}],"replies":[{"embeddable":true,"href":"https:\/\/fundacionporlajusticia.org\/va\/wp-json\/wp\/v2\/comments?post=2224"}],"version-history":[{"count":1,"href":"https:\/\/fundacionporlajusticia.org\/va\/wp-json\/wp\/v2\/pages\/2224\/revisions"}],"predecessor-version":[{"id":3235,"href":"https:\/\/fundacionporlajusticia.org\/va\/wp-json\/wp\/v2\/pages\/2224\/revisions\/3235"}],"up":[{"embeddable":true,"href":"https:\/\/fundacionporlajusticia.org\/va\/wp-json\/wp\/v2\/pages\/442"}],"wp:attachment":[{"href":"https:\/\/fundacionporlajusticia.org\/va\/wp-json\/wp\/v2\/media?parent=2224"}],"curies":[{"name":"wp","href":"https:\/\/api.w.org\/{rel}","templated":true}]}}

<p><strong>Director Festival:</strong><br />
Javier Vilalta</p>
<p><strong>Coordinació artística i executiva:</strong></p>
<p>Sandra Mora</p>
<p><strong>Equip Assessor:</strong></p>
<p>José Antonio Hernández</p>
<p>Carles Bosch</p>
<p>Giovanna Ribes</p>
<p>Maria Trenor</p>
<p><strong> Programació Secció Oficial Llargmetratges:</strong></p>
<p>Adriana Cabeza</p>
<p>Jose Manuel Aura</p>
<p>Ignacio López</p>
<p>Natalia Lozano</p>
<p><strong>Programació Secció Curtmetratges:</strong></p>
<p>Álvaro Yebra</p>
<p><strong>Programació passis especials </strong></p>
<p>José Antonio Hernández</p>
<p><strong>Coordinadora de comunicació:</strong><br />
Adriana Cabeza</p>
<p><strong>Imatge corporativa:</strong></p>
<p>Kathrine Silber</p>
<p><strong>Coordinador de voluntaris:</strong><br />
Maria Colorado</p>
<p><strong>Tallers</strong> <strong>i formació</strong>:<br />
Natalia Lozano</p>
<p><strong>Unitat didàctica formació audiovisual:</strong></p>
<p>Josep Sanmartín</p>
<p><strong> Activitats especials:</strong></p>
<p>Alexia Martínez</p>
<p>Paula Rausell</p>
<p>Maria Cap</p>
<p>Llúcia Ros</p>
<p><strong>Editorial i Blog:</strong><br />
Nacho López</p>
<p><strong>Disseny &amp; Webmaster:</strong><br />
Luis Chia i Marta Zuriaga (Insercom)<br />
Fran</p>
<p><strong>Xarxes Socials:</strong><br />
Sonia Bernal</p>
<p><strong>Voluntaris:</strong><br />
Sara Llorens Casino<br />
Ester Llorens Casino<br />
Inés Sáez Albert<br />
Raquel Domingo Villalba<br />
Juan Manuel Chavarrías Yáñez<br />
Elena González Bellido<br />
Mònica Herranz Ferreira<br />
Jerahy García García<br />
Amparo Tatay<br />
Vanesa Munárriz Fabo<br />
Carlos Ortiz Robles</p>

<p>Director Festival: Javier Vilalta Coordinación artística y ejecutiva: Sandra Mora Equipo Asesor: José Antonio Hernández Carles Bosch Giovanna Ribes María Trenor Programación Sección Oficial Largometrajes: Adriana Cabeza Jose Manuel Aura Ignacio López Natalia Lozano Programación Sección Cortometrajes: Álvaro Yebra Programación pases especiales  José Antonio Hernández Coordinadora de comunicación: Adriana Cabeza Imagen corporativa: Kathrine Silber Coordinador [&hellip;]</p>
