{"id":2221,"date":"2015-04-10T08:42:19","date_gmt":"2015-04-10T08:42:19","guid":{"rendered":"https:\/\/fundacionporlajusticia.accesia.info\/?page_id=770"},"modified":"2022-03-21T16:22:08","modified_gmt":"2022-03-21T16:22:08","slug":"bases-largometrajes","status":"publish","type":"page","link":"https:\/\/fundacionporlajusticia.org\/va\/humansfest\/programacion-2-2\/bases-largometrajes\/","title":{"rendered":"EDICI\u00d3 2017 BASES LLARGMETRATGES"},"content":{"rendered":"<p><strong>\u00a0<a href=\"https:\/\/fundacionporlajusticia.org\/wp-content\/uploads\/2015\/04\/logo-general-Humans-Face.png\"><img loading=\"lazy\" decoding=\"async\" class=\"alignleft size-full wp-image-3865\" src=\"https:\/\/fundacionporlajusticia.org\/wp-content\/uploads\/2015\/04\/logo-general-Humans-Face.png\" alt=\"logo-general-Humans-Face\" width=\"186\" height=\"200\" \/><\/a><\/strong><\/p>\n<p>&nbsp;<\/p>\n<p>&nbsp;<\/p>\n<p>&nbsp;<\/p>\n<p><strong>\u00a0<\/strong><\/p>\n<p><strong>BASES LLARGMETRATGES<\/strong><\/p>\n<p><strong>CONCURS DE LLARGMETRATGES DE CINEMA DOCUMENTAL<\/strong><strong><br \/>\n<\/strong><strong>VIII\u00e8 Festival Internacional de Cinema Documental i Drets Humans de Val\u00e8ncia.<\/strong><\/p>\n<p>La Fundaci\u00f3 per la Just\u00edcia de la Comunitat Valenciana, organitzaci\u00f3 dedicada a la defensa dels Drets Humans, convoca el CONCURS INTERNACIONAL DE LLARGMETRATGES DE CINEMA DOCUMENTAL, en el marc del VIII\u00e8 Festival Internacional de Cinema Documental i Drets Humans de Val\u00e8ncia, que tindr\u00e0 lloc a la ciutat de Val\u00e8ncia (Espanya) 10 al 17 de febrer de 2017.<\/p>\n<p>El concurs \u00e9s competitiu i atorga un premi de 3000 euros al millor llargmetratge, segons les seg\u00fcents normes de la convocat\u00f2ria:<\/p>\n<ul>\n<li>Excedir de 55 min.<\/li>\n<li>Tractar el tema dels Drets Humans.<\/li>\n<li>Seran v\u00e0lids DCP (sense KDM), Blu Ray, 35mm.<\/li>\n<li>Treballs realitzats a partir de l&#039;1 de gener del 2015.<\/li>\n<li>G\u00e8nere cinema documental<\/li>\n<\/ul>\n<p>Inscripci\u00f3<\/p>\n<p>1.- Per participar, els interessats hauran d&#039;inscriure&#039;s a trav\u00e9s de la plataforma movibeta, <a href=\"http:\/\/www.festival.movibeta.com\">www.festival.movibeta.com<\/a>,<br \/>\n<a href=\"http:\/\/festival.movibeta.com\/web\/controllers\/usuarioController.php?action=4&amp;festival=617\">http:\/\/festival.movibeta.com\/web\/controllers\/usuarioController.php?action=4&amp;festival=617<\/a>, i enviar el formulari d&#039;inscripci\u00f3 a l&#039;adre\u00e7a de correu:<br \/>\n<a href=\"https:\/\/fundacionporlajusticia.org\/es\/bases-largometrajes\/inscripciones@dhfestivalcine.com\">inscripciones@dhfestivalcine.com<\/a>.<\/p>\n<p>2.- Els treballs es podran presentar fins al 15 de novembre de 2016.<\/p>\n<p>3.- La inscripci\u00f3 per participar al Festival \u00e9s gratu\u00efta.<\/p>\n<p>4.- Els treballs l&#039;idioma dels quals no sigui l&#039;espanyol, hauran d&#039;estar subtitulats en angl\u00e8s o espanyol.<\/p>\n<p>5.- En cas que el documental quedi seleccionat, es notificar\u00e0 a la persona que va fer el registre i informar\u00e0 de les instruccions per a l&#039;enviament de la c\u00f2pia de projecci\u00f3.<\/p>\n<p>6.- El Festival comunicar\u00e0 posteriorment si la pel\u00b7l\u00edcula no va ser seleccionada.<\/p>\n<p>7.- El festival realitzar\u00e0 mostres itinerants dels llargmetratges seleccionats a les diferents subseus del festival a Espanya i internacionalment, per a la qual cosa sol\u00b7licitar\u00e0 expressament, el perm\u00eds de l&#039;autor o qui ostenti els drets d&#039;exhibici\u00f3. L&#039;acceptaci\u00f3 de les bases no implica, per tant, l&#039;autoritzaci\u00f3 per exhibir els llargmetratges a les mostres itinerants del festival.<\/p>\n<p>8.- El Comit\u00e8 de Selecci\u00f3 estar\u00e0 integrat per membres del festival i per experts en el g\u00e8nere de cinema documental, els qui realitzaran la seva feina segons els par\u00e0metres de qualitat i creativitat fixats pr\u00e8viament per la Direcci\u00f3 del festival.<\/p>\n<p>8.- Qualsevol despesa generada per l&#039;enviament dels materials anir\u00e0 a c\u00e0rrec del seleccionat. El festival no es fa responsable dels possibles danys que pateixin aquests materials durant el trasllat.<\/p>\n<p>9.- L&#039;organitzaci\u00f3 del festival pressuposa que els productors o realitzadors que s&#039;inscriuen mitjan\u00e7ant aquesta convocat\u00f2ria compten amb els drets d&#039;exhibici\u00f3 de les obres que presenten, eximint el festival de qualsevol responsabilitat civil o penal.<br \/>\n10.- El jurat estar\u00e0 compost per reconegudes personalitats del medi audiovisual, la cultura i el voluntariat. Els membres s&#039;anunciaran oportunament abans de la celebraci\u00f3 del festival.<\/p>\n<p>11.- La decisi\u00f3 del jurat \u00e9s inapel\u00b7lable.<\/p>\n<p>12.- La presentaci\u00f3 dels treballs implica la total acceptaci\u00f3 d&#039;aquestes bases i la interpretaci\u00f3 i aplicaci\u00f3 de les mateixes correspon als organitzadors del festival.<br \/>\n13.- El guanyador o guanyadors del concurs s&#039;anunciaran a la Gala de Clausura del VIII Festival Internacional de Cinema i Drets Humans de Val\u00e8ncia.<\/p>\n<p>Per qualsevol aclariment, dubte o informaci\u00f3 addicional a favor d&#039;escriure al correu <a href=\"https:\/\/fundacionporlajusticia.org\/es\/bases-largometrajes\/info@dhfestival.com\">info@dhfestival.com<\/a>\u00a0o comunicar-se al tel\u00e8fon 96 1047335<\/p>\n<p>&nbsp;<\/p>\n<p style=\"text-align: justify;\"><a href=\"https:\/\/fundacionporlajusticia.org\/wp-content\/uploads\/2015\/04\/largometrajes_inscripcion.doc\"><span style=\"text-decoration: underline;\"><strong>Descarregar Fitxa d&#039;inscripci\u00f3<\/strong><\/span><\/a><\/p>\n<p>&nbsp;<\/p>","protected":false},"excerpt":{"rendered":"<p>\u00a0 &nbsp; &nbsp; &nbsp; \u00a0 BASES LARGOMETRAJES CONCURSO DE LARGOMETRAJES DE CINE DOCUMENTAL VIII\u00ba Festival Internacional de Cine Documental y Derechos Humanos de Valencia. La Fundaci\u00f3n por la Justicia de la Comunidad Valenciana, organizaci\u00f3n dedicada a la defensa de los Derechos Humanos, convoca el CONCURSO INTERNACIONAL DE LARGOMETRAJES DE CINE DOCUMENTAL, en el marco del [&hellip;]<\/p>\n","protected":false},"author":2,"featured_media":0,"parent":868,"menu_order":0,"comment_status":"open","ping_status":"closed","template":"","meta":{"_et_pb_use_builder":"","_et_pb_old_content":"","_et_gb_content_width":"","_uf_show_specific_survey":0,"_uf_disable_surveys":false,"footnotes":""},"class_list":["post-2221","page","type-page","status-publish","hentry"],"aioseo_notices":[],"_links":{"self":[{"href":"https:\/\/fundacionporlajusticia.org\/va\/wp-json\/wp\/v2\/pages\/2221","targetHints":{"allow":["GET"]}}],"collection":[{"href":"https:\/\/fundacionporlajusticia.org\/va\/wp-json\/wp\/v2\/pages"}],"about":[{"href":"https:\/\/fundacionporlajusticia.org\/va\/wp-json\/wp\/v2\/types\/page"}],"author":[{"embeddable":true,"href":"https:\/\/fundacionporlajusticia.org\/va\/wp-json\/wp\/v2\/users\/2"}],"replies":[{"embeddable":true,"href":"https:\/\/fundacionporlajusticia.org\/va\/wp-json\/wp\/v2\/comments?post=2221"}],"version-history":[{"count":1,"href":"https:\/\/fundacionporlajusticia.org\/va\/wp-json\/wp\/v2\/pages\/2221\/revisions"}],"predecessor-version":[{"id":3252,"href":"https:\/\/fundacionporlajusticia.org\/va\/wp-json\/wp\/v2\/pages\/2221\/revisions\/3252"}],"up":[{"embeddable":true,"href":"https:\/\/fundacionporlajusticia.org\/va\/wp-json\/wp\/v2\/pages\/868"}],"wp:attachment":[{"href":"https:\/\/fundacionporlajusticia.org\/va\/wp-json\/wp\/v2\/media?parent=2221"}],"curies":[{"name":"wp","href":"https:\/\/api.w.org\/{rel}","templated":true}]}}

EDICIÓ 2017 BASES LLARGMETRATGES

<p><strong> <a href="https://fundacionporlajusticia.org/wp-content/uploads/2015/04/logo-general-Humans-Face.png"><img loading="lazy" decoding="async" class="alignleft size-full wp-image-3865" src="https://fundacionporlajusticia.org/wp-content/uploads/2015/04/logo-general-Humans-Face.png" alt="logo-general-Humans-Face" width="186" height="200" /></a></strong></p>
<p>&nbsp;</p>
<p>&nbsp;</p>
<p>&nbsp;</p>
<p><strong> </strong></p>
<p><strong>BASES LLARGMETRATGES</strong></p>
<p><strong>CONCURS DE LLARGMETRATGES DE CINEMA DOCUMENTAL</strong><strong><br />
</strong><strong>VIIIè Festival Internacional de Cinema Documental i Drets Humans de València.</strong></p>
<p>La Fundació per la Justícia de la Comunitat Valenciana, organització dedicada a la defensa dels Drets Humans, convoca el CONCURS INTERNACIONAL DE LLARGMETRATGES DE CINEMA DOCUMENTAL, en el marc del VIIIè Festival Internacional de Cinema Documental i Drets Humans de València, que tindrà lloc a la ciutat de València (Espanya) 10 al 17 de febrer de 2017.</p>
<p>El concurs és competitiu i atorga un premi de 3000 euros al millor llargmetratge, segons les següents normes de la convocatòria:</p>
<ul>
<li>Excedir de 55 min.</li>
<li>Tractar el tema dels Drets Humans.</li>
<li>Seran vàlids DCP (sense KDM), Blu Ray, 35mm.</li>
<li>Treballs realitzats a partir de l&#039;1 de gener del 2015.</li>
<li>Gènere cinema documental</li>
</ul>
<p>Inscripció</p>
<p>1.- Per participar, els interessats hauran d&#039;inscriure&#039;s a través de la plataforma movibeta, <a href="http://www.festival.movibeta.com">www.festival.movibeta.com</a>,<br />
<a href="http://festival.movibeta.com/web/controllers/usuarioController.php?action=4&amp;festival=617">http://festival.movibeta.com/web/controllers/usuarioController.php?action=4&amp;festival=617</a>, i enviar el formulari d&#039;inscripció a l&#039;adreça de correu:<br />
<a href="https://fundacionporlajusticia.org/es/bases-largometrajes/inscripciones@dhfestivalcine.com">inscripciones@dhfestivalcine.com</a>.</p>
<p>2.- Els treballs es podran presentar fins al 15 de novembre de 2016.</p>
<p>3.- La inscripció per participar al Festival és gratuïta.</p>
<p>4.- Els treballs l&#039;idioma dels quals no sigui l&#039;espanyol, hauran d&#039;estar subtitulats en anglès o espanyol.</p>
<p>5.- En cas que el documental quedi seleccionat, es notificarà a la persona que va fer el registre i informarà de les instruccions per a l&#039;enviament de la còpia de projecció.</p>
<p>6.- El Festival comunicarà posteriorment si la pel·lícula no va ser seleccionada.</p>
<p>7.- El festival realitzarà mostres itinerants dels llargmetratges seleccionats a les diferents subseus del festival a Espanya i internacionalment, per a la qual cosa sol·licitarà expressament, el permís de l&#039;autor o qui ostenti els drets d&#039;exhibició. L&#039;acceptació de les bases no implica, per tant, l&#039;autorització per exhibir els llargmetratges a les mostres itinerants del festival.</p>
<p>8.- El Comitè de Selecció estarà integrat per membres del festival i per experts en el gènere de cinema documental, els qui realitzaran la seva feina segons els paràmetres de qualitat i creativitat fixats prèviament per la Direcció del festival.</p>
<p>8.- Qualsevol despesa generada per l&#039;enviament dels materials anirà a càrrec del seleccionat. El festival no es fa responsable dels possibles danys que pateixin aquests materials durant el trasllat.</p>
<p>9.- L&#039;organització del festival pressuposa que els productors o realitzadors que s&#039;inscriuen mitjançant aquesta convocatòria compten amb els drets d&#039;exhibició de les obres que presenten, eximint el festival de qualsevol responsabilitat civil o penal.<br />
10.- El jurat estarà compost per reconegudes personalitats del medi audiovisual, la cultura i el voluntariat. Els membres s&#039;anunciaran oportunament abans de la celebració del festival.</p>
<p>11.- La decisió del jurat és inapel·lable.</p>
<p>12.- La presentació dels treballs implica la total acceptació d&#039;aquestes bases i la interpretació i aplicació de les mateixes correspon als organitzadors del festival.<br />
13.- El guanyador o guanyadors del concurs s&#039;anunciaran a la Gala de Clausura del VIII Festival Internacional de Cinema i Drets Humans de València.</p>
<p>Per qualsevol aclariment, dubte o informació addicional a favor d&#039;escriure al correu <a href="https://fundacionporlajusticia.org/es/bases-largometrajes/info@dhfestival.com">info@dhfestival.com</a> o comunicar-se al telèfon 96 1047335</p>
<p>&nbsp;</p>
<p style="text-align: justify;"><a href="https://fundacionporlajusticia.org/wp-content/uploads/2015/04/largometrajes_inscripcion.doc"><span style="text-decoration: underline;"><strong>Descarregar Fitxa d&#039;inscripció</strong></span></a></p>
<p>&nbsp;</p>

<p>  &nbsp; &nbsp; &nbsp;   BASES LARGOMETRAJES CONCURSO DE LARGOMETRAJES DE CINE DOCUMENTAL VIIIº Festival Internacional de Cine Documental y Derechos Humanos de Valencia. La Fundación por la Justicia de la Comunidad Valenciana, organización dedicada a la defensa de los Derechos Humanos, convoca el CONCURSO INTERNACIONAL DE LARGOMETRAJES DE CINE DOCUMENTAL, en el marco del [&hellip;]</p>
