{"id":2200,"date":"2021-02-02T08:40:58","date_gmt":"2021-02-02T08:40:58","guid":{"rendered":"https:\/\/fundacionporlajusticia.accesia.info\/?page_id=6543"},"modified":"2022-03-21T16:21:52","modified_gmt":"2022-03-21T16:21:52","slug":"2021-sedes","status":"publish","type":"page","link":"https:\/\/fundacionporlajusticia.org\/va\/humansfest\/2021-x-edicion\/2021-sedes\/","title":{"rendered":"2021 \u2013 Seus"},"content":{"rendered":"<p>El Festival se celebrar\u00e0 a les seg\u00fcents seus culturals de Val\u00e8ncia i rodalies:<\/p>\n<h2>FUNDACI\u00d3 SGAE<\/h2>\n<p><strong>Humans VLC<\/strong><br \/>\nCarrer de la Blanqueria, 6<br \/>\nVal\u00e8ncia<br \/>\n<strong>\ud83d\udccd<a href=\"https:\/\/goo.gl\/maps\/Wt479uc1rW4ddY8P6\">Mapa<\/a><\/strong><\/p>\n<h2>OCTUBRE CENTRE DE CULTURA CONTEMPOR\u00c0NIA<\/h2>\n<p><strong> Secci\u00f3 Oficial de Curts<\/strong><br \/>\nCarrer de Sant Ferran, 12<br \/>\nVal\u00e8ncia<br \/>\n<strong>\ud83d\udccd<a href=\"https:\/\/goo.gl\/maps\/WDYGwT9D4xtvBYC16\">Mapa<\/a><\/strong><\/p>\n<h2>LA FILMOTECA<\/h2>\n<p><strong>Secci\u00f3 Oficial de Llargmetratges<\/strong><br \/>\nEdifici Rialto<br \/>\nPla\u00e7a de l&#039;Ajuntament, 17<br \/>\n46002 Val\u00e8ncia<br \/>\nSeu principal d&#039;Humans Fest<br \/>\n<strong>\ud83d\udccd<a href=\"https:\/\/goo.gl\/maps\/dgd8evpvwwdLAqf9A\">Mapa<\/a><\/strong><\/p>\n<h2>CENTRE CULTURAL LA BENEFIC\u00c8NCIA<\/h2>\n<p><strong>Gales<\/strong><br \/>\nCarrer de la Corona, 36<br \/>\nVal\u00e8ncia<br \/>\n<strong>\ud83d\udccd<a href=\"https:\/\/goo.gl\/maps\/kR7JPUirc3LEPo2CA\">Mapa<\/a><br \/>\n<\/strong><\/p>\n<h2>CINESTUDI D&#039;OR<\/h2>\n<p><strong>Secci\u00f3 Curtmetratges<\/strong><br \/>\nCarrer de l&#039;Almirall Cadarso, 31<br \/>\nVal\u00e8ncia<br \/>\n<strong>\ud83d\udccd<a href=\"https:\/\/goo.gl\/maps\/x5LT1bT2LshwHo8j8\">Mapa<\/a><\/strong><\/p>\n<h2>CENTRE CULTURAL LA NAU<\/h2>\n<p><strong>Secci\u00f3 Especial<\/strong><br \/>\nCarrer Universitat, 2<br \/>\nVal\u00e8ncia<br \/>\n<strong>\ud83d\udccd<a href=\"https:\/\/goo.gl\/maps\/DeDyy4bjCFYVwSat9\">Mapa<\/a><\/strong><\/p>","protected":false},"excerpt":{"rendered":"<p>El Festival se celebrar\u00e1 en las siguientes sedes culturales de Valencia y alrededores: FUNDACI\u00d3N SGAE Humans VLC Carrer de la Blanqueria, 6 Val\u00e8ncia &#x1f4cd;Mapa OCTUBRE CENTRE DE CULTURA CONTEMPOR\u00c0NIA Secci\u00f3n Oficial de Cortos Carrer de Sant Ferran, 12 Val\u00e8ncia &#x1f4cd;Mapa LA FILMOTECA Secci\u00f3n Oficial de Largometrajes Edificio Rialto Plaza del Ayuntamiento, 17 46002 Val\u00e8ncia Sede [&hellip;]<\/p>\n","protected":false},"author":2,"featured_media":0,"parent":2186,"menu_order":3,"comment_status":"closed","ping_status":"closed","template":"","meta":{"_et_pb_use_builder":"","_et_pb_old_content":"","_et_gb_content_width":"","_uf_show_specific_survey":0,"_uf_disable_surveys":false,"footnotes":""},"class_list":["post-2200","page","type-page","status-publish","hentry"],"aioseo_notices":[],"_links":{"self":[{"href":"https:\/\/fundacionporlajusticia.org\/va\/wp-json\/wp\/v2\/pages\/2200","targetHints":{"allow":["GET"]}}],"collection":[{"href":"https:\/\/fundacionporlajusticia.org\/va\/wp-json\/wp\/v2\/pages"}],"about":[{"href":"https:\/\/fundacionporlajusticia.org\/va\/wp-json\/wp\/v2\/types\/page"}],"author":[{"embeddable":true,"href":"https:\/\/fundacionporlajusticia.org\/va\/wp-json\/wp\/v2\/users\/2"}],"replies":[{"embeddable":true,"href":"https:\/\/fundacionporlajusticia.org\/va\/wp-json\/wp\/v2\/comments?post=2200"}],"version-history":[{"count":1,"href":"https:\/\/fundacionporlajusticia.org\/va\/wp-json\/wp\/v2\/pages\/2200\/revisions"}],"predecessor-version":[{"id":3487,"href":"https:\/\/fundacionporlajusticia.org\/va\/wp-json\/wp\/v2\/pages\/2200\/revisions\/3487"}],"up":[{"embeddable":true,"href":"https:\/\/fundacionporlajusticia.org\/va\/wp-json\/wp\/v2\/pages\/2186"}],"wp:attachment":[{"href":"https:\/\/fundacionporlajusticia.org\/va\/wp-json\/wp\/v2\/media?parent=2200"}],"curies":[{"name":"wp","href":"https:\/\/api.w.org\/{rel}","templated":true}]}}

<p>El Festival se celebrarà a les següents seus culturals de València i rodalies:</p>
<h2>FUNDACIÓ SGAE</h2>
<p><strong>Humans VLC</strong><br />
Carrer de la Blanqueria, 6<br />
València<br />
<strong>📍<a href="https://goo.gl/maps/Wt479uc1rW4ddY8P6">Mapa</a></strong></p>
<h2>OCTUBRE CENTRE DE CULTURA CONTEMPORÀNIA</h2>
<p><strong> Secció Oficial de Curts</strong><br />
Carrer de Sant Ferran, 12<br />
València<br />
<strong>📍<a href="https://goo.gl/maps/WDYGwT9D4xtvBYC16">Mapa</a></strong></p>
<h2>LA FILMOTECA</h2>
<p><strong>Secció Oficial de Llargmetratges</strong><br />
Edifici Rialto<br />
Plaça de l&#039;Ajuntament, 17<br />
46002 València<br />
Seu principal d&#039;Humans Fest<br />
<strong>📍<a href="https://goo.gl/maps/dgd8evpvwwdLAqf9A">Mapa</a></strong></p>
<h2>CENTRE CULTURAL LA BENEFICÈNCIA</h2>
<p><strong>Gales</strong><br />
Carrer de la Corona, 36<br />
València<br />
<strong>📍<a href="https://goo.gl/maps/kR7JPUirc3LEPo2CA">Mapa</a><br />
</strong></p>
<h2>CINESTUDI D&#039;OR</h2>
<p><strong>Secció Curtmetratges</strong><br />
Carrer de l&#039;Almirall Cadarso, 31<br />
València<br />
<strong>📍<a href="https://goo.gl/maps/x5LT1bT2LshwHo8j8">Mapa</a></strong></p>
<h2>CENTRE CULTURAL LA NAU</h2>
<p><strong>Secció Especial</strong><br />
Carrer Universitat, 2<br />
València<br />
<strong>📍<a href="https://goo.gl/maps/DeDyy4bjCFYVwSat9">Mapa</a></strong></p>

<p>El Festival se celebrará en las siguientes sedes culturales de Valencia y alrededores: FUNDACIÓN SGAE Humans VLC Carrer de la Blanqueria, 6 València &#x1f4cd;Mapa OCTUBRE CENTRE DE CULTURA CONTEMPORÀNIA Sección Oficial de Cortos Carrer de Sant Ferran, 12 València &#x1f4cd;Mapa LA FILMOTECA Sección Oficial de Largometrajes Edificio Rialto Plaza del Ayuntamiento, 17 46002 València Sede [&hellip;]</p>
