{"id":2198,"date":"2021-01-28T16:09:33","date_gmt":"2021-01-28T16:09:33","guid":{"rendered":"https:\/\/fundacionporlajusticia.accesia.info\/?page_id=6493"},"modified":"2022-03-21T16:21:52","modified_gmt":"2022-03-21T16:21:52","slug":"2021-seccion-oficial-cortos-internacionales","status":"publish","type":"page","link":"https:\/\/fundacionporlajusticia.org\/va\/humansfest\/2021-x-edicion\/2021-seccion-oficial-cortos-internacionales\/","title":{"rendered":"2021 \u2013 Secci\u00f3 Oficial Curts Internacionals"},"content":{"rendered":"<p><strong>Secci\u00f3 Oficial Curts Internacionals 2021<\/strong><\/p>\n\n\n<h2>Aviat publicarem els curts d&#039;aquesta edici\u00f3.<\/h2>\n<h2>Segueix les nostres xarxes socials per mantenir-te al corrent del que est\u00e0 per arribar!<\/h2>\n\n\n<p><\/p>","protected":false},"excerpt":{"rendered":"<p>Secci\u00f3 Oficial Curts Internacionals 2021 En breu publicarem els curts d&#039;aquesta edici\u00f3. Segueix les nostres xarxes socials per mantenir-te al corrent del que est\u00e0 per arribar!<\/p>","protected":false},"author":2,"featured_media":0,"parent":2186,"menu_order":2,"comment_status":"closed","ping_status":"closed","template":"","meta":{"_et_pb_use_builder":"","_et_pb_old_content":"","_et_gb_content_width":"","_uf_show_specific_survey":0,"_uf_disable_surveys":false,"footnotes":""},"class_list":["post-2198","page","type-page","status-publish","hentry"],"aioseo_notices":[],"_links":{"self":[{"href":"https:\/\/fundacionporlajusticia.org\/va\/wp-json\/wp\/v2\/pages\/2198","targetHints":{"allow":["GET"]}}],"collection":[{"href":"https:\/\/fundacionporlajusticia.org\/va\/wp-json\/wp\/v2\/pages"}],"about":[{"href":"https:\/\/fundacionporlajusticia.org\/va\/wp-json\/wp\/v2\/types\/page"}],"author":[{"embeddable":true,"href":"https:\/\/fundacionporlajusticia.org\/va\/wp-json\/wp\/v2\/users\/2"}],"replies":[{"embeddable":true,"href":"https:\/\/fundacionporlajusticia.org\/va\/wp-json\/wp\/v2\/comments?post=2198"}],"version-history":[{"count":1,"href":"https:\/\/fundacionporlajusticia.org\/va\/wp-json\/wp\/v2\/pages\/2198\/revisions"}],"predecessor-version":[{"id":3485,"href":"https:\/\/fundacionporlajusticia.org\/va\/wp-json\/wp\/v2\/pages\/2198\/revisions\/3485"}],"up":[{"embeddable":true,"href":"https:\/\/fundacionporlajusticia.org\/va\/wp-json\/wp\/v2\/pages\/2186"}],"wp:attachment":[{"href":"https:\/\/fundacionporlajusticia.org\/va\/wp-json\/wp\/v2\/media?parent=2198"}],"curies":[{"name":"wp","href":"https:\/\/api.w.org\/{rel}","templated":true}]}}

2021 – Secció Oficial Curts Internacionals

<p><strong>Secció Oficial Curts Internacionals 2021</strong></p>


<h2>Aviat publicarem els curts d&#039;aquesta edició.</h2>
<h2>Segueix les nostres xarxes socials per mantenir-te al corrent del que està per arribar!</h2>


<p></p>

<p>Secció Oficial Curts Internacionals 2021 En breu publicarem els curts d&#039;aquesta edició. Segueix les nostres xarxes socials per mantenir-te al corrent del que està per arribar!</p>
