{"id":2135,"date":"2019-01-30T16:16:38","date_gmt":"2019-01-30T16:16:38","guid":{"rendered":"https:\/\/fundacionporlajusticia.accesia.info\/es\/?page_id=5149"},"modified":"2022-03-21T16:20:07","modified_gmt":"2022-03-21T16:20:07","slug":"2020-cine-romani","status":"publish","type":"page","link":"https:\/\/fundacionporlajusticia.org\/va\/humansfest\/2020-edicion\/2020-programacion\/2020-seccion-especial\/2020-cine-romani\/","title":{"rendered":"2020 \u2013 Cinema Roma\u00ed"},"content":{"rendered":"<h2>CCC CARME<\/h2>\n<p>En col\u00b7laboraci\u00f3 amb VEVERIPEN \u2013 Roms per la diversitat<\/p>\n<p><strong>DIVENDRES 15 FEB | 18:30h<br \/>\n<\/strong>Projecci\u00f3:<\/p>\n<ul>\n<li><strong>JO M&#039;ACORDO<\/strong> de Nanuk Audiovisual, Gitanxs a Arag\u00f3 durant la Guerra Civil<\/li>\n<li><strong>UNA NIT PER NO OLVIDAR<\/strong> de Roman\u00f3 Film, Associaci\u00f3 Intercultural Nakeramos<\/li>\n<\/ul>\n<p>DEBAT: \u00abMem\u00f2ria Hist\u00f2rica Roman\u00ed, Els i les Oblidades\u00bb<br \/>\nParticipa: Nanuk Producciones, Maria R. Jim\u00e9nez i Graziano Halilovic, BARCELONA<\/p>\n<p><strong>DISSABTE 16 FEB | 18:30h<br \/>\n<\/strong>Projecci\u00f3:<\/p>\n<ul>\n<li><strong>ROMNIA<\/strong> de Pablo Vega<\/li>\n<li><strong>ANT\u00d2NIA<\/strong> de Gitans amb Paraula<\/li>\n<\/ul>\n<p>DEBAT: \u00abM\u00f3n Audiovisual: com ser Rom\u00e1 i no perdre&#039;t en l&#039;intent\u00bb<br \/>\nHi participen les actrius roman\u00ed Coco Reyes (Granada) i Celia Montoya, Premi de l&#039;institut de Cultura Gitana 2017<\/p>\n<p><strong>DIUMENGE 17 FEB | 18:30h<br \/>\n<\/strong>Matinal d&#039;animaci\u00f3:<\/p>\n<ul>\n<li><strong>The Gypsy Woman and the Devil<\/strong> (2014)<\/li>\n<li><strong>Kalo<\/strong> (2015)<\/li>\n<li><strong>Doja, the Gypsy Fairy<\/strong> (2015)<\/li>\n<\/ul>","protected":false},"excerpt":{"rendered":"<p>CCC CARME En colaboraci\u00f3n con VEVERIPEN &#8211; Roms por la diversidad VIERNES 15 FEB | 18:30h Proyecci\u00f3n: YO ME ACUERDO de Nanuk Audiovisual, Gitanxs en Arag\u00f3n durante la Guerra Civil UNA NIT PER NO OBLIDAR de Roman\u00f3 Film, Associaci\u00f3 Intercultural Nakeramos DEBATE: \u00a0\u00abMemoria Hist\u00f3rica Roman\u00ed, Los y las Olvidadas\u00bb Participa: Nanuk \u00a0Producciones, Mar\u00eda R. Jim\u00e9nez [&hellip;]<\/p>\n","protected":false},"author":2,"featured_media":0,"parent":2127,"menu_order":1,"comment_status":"closed","ping_status":"closed","template":"","meta":{"_et_pb_use_builder":"","_et_pb_old_content":"","_et_gb_content_width":"","_uf_show_specific_survey":0,"_uf_disable_surveys":false,"footnotes":""},"class_list":["post-2135","page","type-page","status-publish","hentry"],"aioseo_notices":[],"_links":{"self":[{"href":"https:\/\/fundacionporlajusticia.org\/va\/wp-json\/wp\/v2\/pages\/2135","targetHints":{"allow":["GET"]}}],"collection":[{"href":"https:\/\/fundacionporlajusticia.org\/va\/wp-json\/wp\/v2\/pages"}],"about":[{"href":"https:\/\/fundacionporlajusticia.org\/va\/wp-json\/wp\/v2\/types\/page"}],"author":[{"embeddable":true,"href":"https:\/\/fundacionporlajusticia.org\/va\/wp-json\/wp\/v2\/users\/2"}],"replies":[{"embeddable":true,"href":"https:\/\/fundacionporlajusticia.org\/va\/wp-json\/wp\/v2\/comments?post=2135"}],"version-history":[{"count":1,"href":"https:\/\/fundacionporlajusticia.org\/va\/wp-json\/wp\/v2\/pages\/2135\/revisions"}],"predecessor-version":[{"id":3468,"href":"https:\/\/fundacionporlajusticia.org\/va\/wp-json\/wp\/v2\/pages\/2135\/revisions\/3468"}],"up":[{"embeddable":true,"href":"https:\/\/fundacionporlajusticia.org\/va\/wp-json\/wp\/v2\/pages\/2127"}],"wp:attachment":[{"href":"https:\/\/fundacionporlajusticia.org\/va\/wp-json\/wp\/v2\/media?parent=2135"}],"curies":[{"name":"wp","href":"https:\/\/api.w.org\/{rel}","templated":true}]}}

2020 – Cinema Romaí

<h2>CCC CARME</h2>
<p>En col·laboració amb VEVERIPEN – Roms per la diversitat</p>
<p><strong>DIVENDRES 15 FEB | 18:30h<br />
</strong>Projecció:</p>
<ul>
<li><strong>JO M&#039;ACORDO</strong> de Nanuk Audiovisual, Gitanxs a Aragó durant la Guerra Civil</li>
<li><strong>UNA NIT PER NO OLVIDAR</strong> de Romanó Film, Associació Intercultural Nakeramos</li>
</ul>
<p>DEBAT: «Memòria Històrica Romaní, Els i les Oblidades»<br />
Participa: Nanuk Producciones, Maria R. Jiménez i Graziano Halilovic, BARCELONA</p>
<p><strong>DISSABTE 16 FEB | 18:30h<br />
</strong>Projecció:</p>
<ul>
<li><strong>ROMNIA</strong> de Pablo Vega</li>
<li><strong>ANTÒNIA</strong> de Gitans amb Paraula</li>
</ul>
<p>DEBAT: «Món Audiovisual: com ser Romá i no perdre&#039;t en l&#039;intent»<br />
Hi participen les actrius romaní Coco Reyes (Granada) i Celia Montoya, Premi de l&#039;institut de Cultura Gitana 2017</p>
<p><strong>DIUMENGE 17 FEB | 18:30h<br />
</strong>Matinal d&#039;animació:</p>
<ul>
<li><strong>The Gypsy Woman and the Devil</strong> (2014)</li>
<li><strong>Kalo</strong> (2015)</li>
<li><strong>Doja, the Gypsy Fairy</strong> (2015)</li>
</ul>

<p>CCC CARME En colaboración con VEVERIPEN &#8211; Roms por la diversidad VIERNES 15 FEB | 18:30h Proyección: YO ME ACUERDO de Nanuk Audiovisual, Gitanxs en Aragón durante la Guerra Civil UNA NIT PER NO OBLIDAR de Romanó Film, Associació Intercultural Nakeramos DEBATE:  «Memoria Histórica Romaní, Los y las Olvidadas» Participa: Nanuk  Producciones, María R. Jiménez [&hellip;]</p>
