{"id":2066,"date":"2019-01-23T18:26:02","date_gmt":"2019-01-23T18:26:02","guid":{"rendered":"https:\/\/fundacionporlajusticia.accesia.info\/es\/?page_id=5087"},"modified":"2022-03-26T07:58:25","modified_gmt":"2022-03-26T07:58:25","slug":"2018-seccion-1-minuto-1-derecho","status":"publish","type":"page","link":"https:\/\/fundacionporlajusticia.org\/va\/humansfest\/2018-iv-edicion\/2018-seccion-1-minuto-1-derecho\/","title":{"rendered":"2018 \u2013 SECCI\u00d3 1 MINUT, 1 DRET"},"content":{"rendered":"<table>\n<tbody>\n<tr>\n<td colspan=\"2\">\n<h2>A child story<\/h2>\n<\/td>\n<\/tr>\n<tr>\n<td><\/td>\n<td><strong>Centre: <\/strong>EASD \u2013 Escola d&#039;Art Superi\u00f3 i Disseny de Val\u00e8ncia<br \/>\n<strong>Director:<\/strong> Eva Donat<br \/>\n<strong>Durada:<\/strong> 1:30<br \/>\n<strong>Sinopsi:<\/strong> La breu hist\u00f2ria d&#039;un nen ens recorda el dia internacional dels drets dels nens i nenes.<\/td>\n<\/tr>\n<tr>\n<td colspan=\"2\">\n<h2>\u00a0All in<\/h2>\n<\/td>\n<\/tr>\n<tr>\n<td>&nbsp;<\/td>\n<td>\u00a0<strong>Centre: <\/strong>Col\u00b7legi Joan Comenius<br \/>\n<strong>Director:<\/strong> Vicente Cos\u00edn Albert<br \/>\n<strong>Durada:<\/strong> 1:29<br \/>\n<strong>Sinopsi:<\/strong> Qui fa la cara amb els drets dels refugiats?<\/td>\n<\/tr>\n<tr>\n<td colspan=\"2\">\n<h2>Drets humans<\/h2>\n<\/td>\n<\/tr>\n<tr>\n<td>&nbsp;<\/td>\n<td>\u00a0<strong>Centre: <\/strong>IES La Mola<br \/>\n<strong>Directors: <\/strong>Enrique Mart\u00ednez, Patricia Pay\u00e1 i Gaudre Cijunskyte<br \/>\n<strong>Durada:<\/strong> 1:10<br \/>\n<strong>Sinopsi:<\/strong> Reflexionant sobre els nostres privilegis.<\/td>\n<\/tr>\n<tr>\n<td colspan=\"2\">\n<h2>Mig Buit\/Medi Buit<\/h2>\n<\/td>\n<\/tr>\n<tr>\n<td>&nbsp;<\/td>\n<td><strong>Director:<\/strong> Carles L\u00f3pez Cerezuela<br \/>\n<strong>Durada:<\/strong> 1:46<br \/>\n<strong>Sinopsi:<\/strong> Un home es queda atrapat a casa sense aigua.<\/td>\n<\/tr>\n<tr>\n<td colspan=\"2\">\n<h2>Sorority<\/h2>\n<\/td>\n<\/tr>\n<tr>\n<td><\/td>\n<td><strong>Centre: <\/strong>EASD \u2013 Escola d&#039;Art Superi\u00f3 i Disseny de Val\u00e8ncia<br \/>\n<strong>Director:<\/strong> M\u00f2nica Parra<br \/>\n<strong>Durada:<\/strong> 1:34<br \/>\n<strong>Sinopsi:<\/strong> Una cadena imparable d&#039;ajuda i de generositat entre les nostres noies.<\/td>\n<\/tr>\n<tr>\n<td colspan=\"2\">\n<h2>Be you<\/h2>\n<\/td>\n<\/tr>\n<tr>\n<td><\/td>\n<td><strong>Centre: <\/strong>EASD \u2013 Escola d&#039;Art Superi\u00f3 i Disseny de Val\u00e8ncia<br \/>\n<strong>Director:<\/strong> Andrea Linares<br \/>\n<strong>Sinopsi:<\/strong> No ets un nen, no ets una nena, simplement ets tu.<\/td>\n<\/tr>\n<tr>\n<td colspan=\"2\">\n<h2>La Poma<\/h2>\n<\/td>\n<\/tr>\n<tr>\n<td>&nbsp;<\/td>\n<td><strong>Centre: <\/strong>Col\u00b7legi Joan Comenius<br \/>\n<strong>Director:<\/strong> Mireia Rabal<br \/>\n<strong>Durada:<\/strong> 1:00<br \/>\n<strong>Sinopsi: <\/strong>Dos nens influenciats pels prejudicis dels adults tenen una trobada que els far\u00e0 canviar les seves visions.<\/td>\n<\/tr>\n<tr>\n<td colspan=\"2\">\n<h2>Un menys<\/h2>\n<\/td>\n<\/tr>\n<tr>\n<td>&nbsp;<\/td>\n<td><strong>Centre: <\/strong>Col\u00b7legi Joan Comenius<br \/>\n<strong>Director:<\/strong> Andreu Picher i Claudia Seco<br \/>\n<strong>Durada:<\/strong> 1:31<br \/>\n<strong>Sinopsi:<\/strong> Qu\u00e8 \u00e9s per a tu una motxilla?<\/td>\n<\/tr>\n<tr>\n<td colspan=\"2\">\n<h2>On s\u00f3n els teus drets?<\/h2>\n<\/td>\n<\/tr>\n<tr>\n<td>&nbsp;<\/td>\n<td><strong>Centre: <\/strong>IES La Mola<br \/>\n<strong>Director:<\/strong> Toni Seller<br \/>\n<strong>Durada:<\/strong> 1:00<br \/>\n<strong>Sinopsi: <\/strong>Violacions de drets humans que moltes vegades no veiem.<\/td>\n<\/tr>\n<tr>\n<td colspan=\"2\">\n<h2>Welcome<\/h2>\n<\/td>\n<\/tr>\n<tr>\n<td>&nbsp;<\/td>\n<td><strong>Centre: <\/strong>Col\u00b7legi Joan Comenius<br \/>\n<strong>Director:<\/strong> Pau Chirivella i H\u00e9ctor Sebasti\u00e0<br \/>\n<strong>Durada:<\/strong> 1:39<br \/>\n<strong>Sinopsi:<\/strong> No podem esperar que els de dalt solucionin aquests problemes, cadascun de nosaltres tenim molt per aportar.<\/td>\n<\/tr>\n<tr>\n<td colspan=\"2\">\n<h2>Quotidi\u00e0<\/h2>\n<\/td>\n<\/tr>\n<tr>\n<td>&nbsp;<\/td>\n<td><strong>Centre: <\/strong>EASD \u2013 Escola d&#039;Art Superi\u00f3 i Disseny de Val\u00e8ncia<br \/>\n<strong>Director:<\/strong> Marta D\u00edaz Grimaldos i Mar\u00eda Benet<br \/>\n<strong>Sinopsi:<\/strong> L&#039;agressi\u00f3 sexual a nenes i adolescents \u00e9s m\u00e9s quotidi\u00e0 del que penses.<\/td>\n<\/tr>\n<\/tbody>\n<\/table>","protected":false},"excerpt":{"rendered":"<p>A child story Centro: EASD \u2013 Escola d\u2019Art Superi\u00f3 i Disseny de Val\u00e9ncia Director: Eva Donat Duraci\u00f3n: 1:30 Sinopsis: La breve historia de un chiquillo nos recuerda el d\u00eda internacional de los derechos de los ni\u00f1os y las ni\u00f1as. \u00a0All in &nbsp; \u00a0Centro: Colegio Joan Comenius Director: Vicente Cos\u00edn Albert Duraci\u00f3n: 1:29 Sinopsis: \u00bfQui\u00e9n da [&hellip;]<\/p>\n","protected":false},"author":2,"featured_media":0,"parent":2051,"menu_order":3,"comment_status":"closed","ping_status":"closed","template":"","meta":{"_et_pb_use_builder":"","_et_pb_old_content":"","_et_gb_content_width":"","_uf_show_specific_survey":0,"_uf_disable_surveys":false,"footnotes":""},"class_list":["post-2066","page","type-page","status-publish","hentry"],"aioseo_notices":[],"_links":{"self":[{"href":"https:\/\/fundacionporlajusticia.org\/va\/wp-json\/wp\/v2\/pages\/2066","targetHints":{"allow":["GET"]}}],"collection":[{"href":"https:\/\/fundacionporlajusticia.org\/va\/wp-json\/wp\/v2\/pages"}],"about":[{"href":"https:\/\/fundacionporlajusticia.org\/va\/wp-json\/wp\/v2\/types\/page"}],"author":[{"embeddable":true,"href":"https:\/\/fundacionporlajusticia.org\/va\/wp-json\/wp\/v2\/users\/2"}],"replies":[{"embeddable":true,"href":"https:\/\/fundacionporlajusticia.org\/va\/wp-json\/wp\/v2\/comments?post=2066"}],"version-history":[{"count":2,"href":"https:\/\/fundacionporlajusticia.org\/va\/wp-json\/wp\/v2\/pages\/2066\/revisions"}],"predecessor-version":[{"id":3455,"href":"https:\/\/fundacionporlajusticia.org\/va\/wp-json\/wp\/v2\/pages\/2066\/revisions\/3455"}],"up":[{"embeddable":true,"href":"https:\/\/fundacionporlajusticia.org\/va\/wp-json\/wp\/v2\/pages\/2051"}],"wp:attachment":[{"href":"https:\/\/fundacionporlajusticia.org\/va\/wp-json\/wp\/v2\/media?parent=2066"}],"curies":[{"name":"wp","href":"https:\/\/api.w.org\/{rel}","templated":true}]}}

2018 – SECCIÓ 1 MINUT, 1 DRET

<table>
<tbody>
<tr>
<td colspan="2">
<h2>A child story</h2>
</td>
</tr>
<tr>
<td></td>
<td><strong>Centre: </strong>EASD – Escola d&#039;Art Superió i Disseny de València<br />
<strong>Director:</strong> Eva Donat<br />
<strong>Durada:</strong> 1:30<br />
<strong>Sinopsi:</strong> La breu història d&#039;un nen ens recorda el dia internacional dels drets dels nens i nenes.</td>
</tr>
<tr>
<td colspan="2">
<h2> All in</h2>
</td>
</tr>
<tr>
<td>&nbsp;</td>
<td> <strong>Centre: </strong>Col·legi Joan Comenius<br />
<strong>Director:</strong> Vicente Cosín Albert<br />
<strong>Durada:</strong> 1:29<br />
<strong>Sinopsi:</strong> Qui fa la cara amb els drets dels refugiats?</td>
</tr>
<tr>
<td colspan="2">
<h2>Drets humans</h2>
</td>
</tr>
<tr>
<td>&nbsp;</td>
<td> <strong>Centre: </strong>IES La Mola<br />
<strong>Directors: </strong>Enrique Martínez, Patricia Payá i Gaudre Cijunskyte<br />
<strong>Durada:</strong> 1:10<br />
<strong>Sinopsi:</strong> Reflexionant sobre els nostres privilegis.</td>
</tr>
<tr>
<td colspan="2">
<h2>Mig Buit/Medi Buit</h2>
</td>
</tr>
<tr>
<td>&nbsp;</td>
<td><strong>Director:</strong> Carles López Cerezuela<br />
<strong>Durada:</strong> 1:46<br />
<strong>Sinopsi:</strong> Un home es queda atrapat a casa sense aigua.</td>
</tr>
<tr>
<td colspan="2">
<h2>Sorority</h2>
</td>
</tr>
<tr>
<td></td>
<td><strong>Centre: </strong>EASD – Escola d&#039;Art Superió i Disseny de València<br />
<strong>Director:</strong> Mònica Parra<br />
<strong>Durada:</strong> 1:34<br />
<strong>Sinopsi:</strong> Una cadena imparable d&#039;ajuda i de generositat entre les nostres noies.</td>
</tr>
<tr>
<td colspan="2">
<h2>Be you</h2>
</td>
</tr>
<tr>
<td></td>
<td><strong>Centre: </strong>EASD – Escola d&#039;Art Superió i Disseny de València<br />
<strong>Director:</strong> Andrea Linares<br />
<strong>Sinopsi:</strong> No ets un nen, no ets una nena, simplement ets tu.</td>
</tr>
<tr>
<td colspan="2">
<h2>La Poma</h2>
</td>
</tr>
<tr>
<td>&nbsp;</td>
<td><strong>Centre: </strong>Col·legi Joan Comenius<br />
<strong>Director:</strong> Mireia Rabal<br />
<strong>Durada:</strong> 1:00<br />
<strong>Sinopsi: </strong>Dos nens influenciats pels prejudicis dels adults tenen una trobada que els farà canviar les seves visions.</td>
</tr>
<tr>
<td colspan="2">
<h2>Un menys</h2>
</td>
</tr>
<tr>
<td>&nbsp;</td>
<td><strong>Centre: </strong>Col·legi Joan Comenius<br />
<strong>Director:</strong> Andreu Picher i Claudia Seco<br />
<strong>Durada:</strong> 1:31<br />
<strong>Sinopsi:</strong> Què és per a tu una motxilla?</td>
</tr>
<tr>
<td colspan="2">
<h2>On són els teus drets?</h2>
</td>
</tr>
<tr>
<td>&nbsp;</td>
<td><strong>Centre: </strong>IES La Mola<br />
<strong>Director:</strong> Toni Seller<br />
<strong>Durada:</strong> 1:00<br />
<strong>Sinopsi: </strong>Violacions de drets humans que moltes vegades no veiem.</td>
</tr>
<tr>
<td colspan="2">
<h2>Welcome</h2>
</td>
</tr>
<tr>
<td>&nbsp;</td>
<td><strong>Centre: </strong>Col·legi Joan Comenius<br />
<strong>Director:</strong> Pau Chirivella i Héctor Sebastià<br />
<strong>Durada:</strong> 1:39<br />
<strong>Sinopsi:</strong> No podem esperar que els de dalt solucionin aquests problemes, cadascun de nosaltres tenim molt per aportar.</td>
</tr>
<tr>
<td colspan="2">
<h2>Quotidià</h2>
</td>
</tr>
<tr>
<td>&nbsp;</td>
<td><strong>Centre: </strong>EASD – Escola d&#039;Art Superió i Disseny de València<br />
<strong>Director:</strong> Marta Díaz Grimaldos i María Benet<br />
<strong>Sinopsi:</strong> L&#039;agressió sexual a nenes i adolescents és més quotidià del que penses.</td>
</tr>
</tbody>
</table>

<p>A child story Centro: EASD – Escola d’Art Superió i Disseny de Valéncia Director: Eva Donat Duración: 1:30 Sinopsis: La breve historia de un chiquillo nos recuerda el día internacional de los derechos de los niños y las niñas.  All in &nbsp;  Centro: Colegio Joan Comenius Director: Vicente Cosín Albert Duración: 1:29 Sinopsis: ¿Quién da [&hellip;]</p>
