{"id":350,"date":"2022-03-04T14:53:12","date_gmt":"2022-03-04T14:53:12","guid":{"rendered":"https:\/\/fundacionporlajusticia.accesia.info\/?page_id=350"},"modified":"2026-04-09T12:55:54","modified_gmt":"2026-04-09T10:55:54","slug":"herencias","status":"publish","type":"page","link":"https:\/\/fundacionporlajusticia.org\/en\/forma-parte\/herencias\/","title":{"rendered":"Make a legacy"},"content":{"rendered":"<p>[et_pb_section fb_built=\u00bb1&#8243; admin_label=\u00bbHeader\u00bb _builder_version=\u00bb4.27.5&#8243; background_color=\u00bb#FFFFFF\u00bb background_image=\u00bbhttps:\/\/fundacionporlajusticia.org\/wp-content\/uploads\/2026\/04\/Fundacion-por-la-Justicia-Aniversario-250616-058-scaled-e1775731172473.jpg\u00bb parallax=\u00bbon\u00bb custom_margin=\u00bb||-30px||false|false\u00bb custom_padding=\u00bb||233px|||\u00bb hover_enabled=\u00bb0&#8243; saved_tabs=\u00bball\u00bb global_colors_info=\u00bb{}\u00bb theme_builder_area=\u00bbpost_content\u00bb title_text=\u00bbFundaci\u00f3n por la Justicia &#8211; Aniversario 250616 058&#8243; sticky_enabled=\u00bb0&#8243; min_height=\u00bb320px\u00bb][et_pb_row _builder_version=\u00bb4.27.5&#8243; custom_margin=\u00bb|auto|-240px|auto|false|false\u00bb custom_padding=\u00bb233px|||||\u00bb animation_direction=\u00bbleft\u00bb locked=\u00bboff\u00bb global_colors_info=\u00bb{}\u00bb theme_builder_area=\u00bbpost_content\u00bb][et_pb_column type=\u00bb4_4&#8243; _builder_version=\u00bb4.27.5&#8243; background_color=\u00bb#92857c\u00bb custom_padding=\u00bb50px|40px|50px|40px|true|true\u00bb global_colors_info=\u00bb{}\u00bb theme_builder_area=\u00bbpost_content\u00bb][et_pb_text admin_label=\u00bbTitulo\u00bb _builder_version=\u00bb4.27.5&#8243; text_font=\u00bbMontserrat|600|||||||\u00bb text_text_color=\u00bb#92857c\u00bb text_font_size=\u00bb24px\u00bb text_line_height=\u00bb1.4em\u00bb header_font=\u00bbMontserrat|700||on|||||\u00bb header_text_color=\u00bb#efebe2&#8243; header_font_size=\u00bb70px\u00bb header_letter_spacing=\u00bb0.1em\u00bb header_line_height=\u00bb1.1em\u00bb header_2_font_size=\u00bb96px\u00bb header_3_font_size=\u00bb96px\u00bb header_4_font_size=\u00bb96px\u00bb header_5_font_size=\u00bb96px\u00bb header_6_font_size=\u00bb96px\u00bb text_orientation=\u00bbright\u00bb text_font_size_tablet=\u00bb\u00bb text_font_size_phone=\u00bb20px\u00bb text_font_size_last_edited=\u00bbon|desktop\u00bb header_font_size_tablet=\u00bb56px\u00bb header_font_size_phone=\u00bb30px\u00bb header_font_size_last_edited=\u00bbon|phone\u00bb header_2_font_size_tablet=\u00bb56px\u00bb header_2_font_size_phone=\u00bb30px\u00bb header_2_font_size_last_edited=\u00bbon|phone\u00bb header_3_font_size_tablet=\u00bb56px\u00bb header_3_font_size_phone=\u00bb30px\u00bb header_3_font_size_last_edited=\u00bbon|phone\u00bb header_4_font_size_tablet=\u00bb56px\u00bb header_4_font_size_phone=\u00bb30px\u00bb header_4_font_size_last_edited=\u00bbon|phone\u00bb header_5_font_size_tablet=\u00bb56px\u00bb header_5_font_size_phone=\u00bb30px\u00bb header_5_font_size_last_edited=\u00bbon|phone\u00bb header_6_font_size_tablet=\u00bb56px\u00bb header_6_font_size_phone=\u00bb30px\u00bb header_6_font_size_last_edited=\u00bbon|phone\u00bb text_orientation_tablet=\u00bbleft\u00bb text_orientation_phone=\u00bb\u00bb text_orientation_last_edited=\u00bbon|tablet\u00bb locked=\u00bboff\u00bb global_colors_info=\u00bb{}\u00bb theme_builder_area=\u00bbpost_content\u00bb]<\/p>\n<h1>HERENCIAS<\/h1>\n<p>[\/et_pb_text][\/et_pb_column][\/et_pb_row][\/et_pb_section][et_pb_section fb_built=\u00bb1&#8243; _builder_version=\u00bb4.16&#8243; _module_preset=\u00bbdefault\u00bb global_colors_info=\u00bb{}\u00bb][\/et_pb_section][et_pb_section fb_built=\u00bb1&#8243; _builder_version=\u00bb4.27.5&#8243; _module_preset=\u00bbdefault\u00bb custom_margin=\u00bb-196px|||||\u00bb global_colors_info=\u00bb{}\u00bb theme_builder_area=\u00bbpost_content\u00bb][et_pb_row column_structure=\u00bb1_2,1_2&#8243; _builder_version=\u00bb4.27.5&#8243; _module_preset=\u00bbdefault\u00bb custom_padding=\u00bb173px|100px||||\u00bb hover_enabled=\u00bb0&#8243; locked=\u00bboff\u00bb global_colors_info=\u00bb{}\u00bb theme_builder_area=\u00bbpost_content\u00bb animation_style=\u00bbfade\u00bb sticky_enabled=\u00bb0&#8243;][et_pb_column type=\u00bb1_2&#8243; _builder_version=\u00bb4.27.5&#8243; _module_preset=\u00bbdefault\u00bb global_colors_info=\u00bb{}\u00bb theme_builder_area=\u00bbpost_content\u00bb][et_pb_image src=\u00bbhttps:\/\/fundacionporlajusticia.org\/wp-content\/uploads\/2022\/04\/c-lega.png\u00bb title_text=\u00bbc-lega\u00bb _builder_version=\u00bb4.16.0&#8243; _module_preset=\u00bbdefault\u00bb global_colors_info=\u00bb{}\u00bb theme_builder_area=\u00bbpost_content\u00bb align=\u00bbcenter\u00bb custom_padding=\u00bb|100px||100px||\u00bb][\/et_pb_image][\/et_pb_column][et_pb_column type=\u00bb1_2&#8243; _builder_version=\u00bb4.27.5&#8243; _module_preset=\u00bbdefault\u00bb global_colors_info=\u00bb{}\u00bb theme_builder_area=\u00bbpost_content\u00bb][et_pb_text _builder_version=\u00bb4.27.5&#8243; _module_preset=\u00bbdefault\u00bb text_font=\u00bb&#8211;et_global_heading_font||||||||\u00bb header_font=\u00bb&#8211;et_global_heading_font||||||||\u00bb transform_scale=\u00bb105%|105%\u00bb min_height=\u00bb33px\u00bb custom_margin=\u00bb|-18px||-18px|false|false\u00bb custom_padding=\u00bb12px|0px|3px|||\u00bb hover_enabled=\u00bb0&#8243; global_colors_info=\u00bb{}\u00bb theme_builder_area=\u00bbpost_content\u00bb sticky_enabled=\u00bb0&#8243;]<\/p>\n<h3 style=\"text-align: center;\">Deja un legado de amor y amabilidad para este mundo<\/h3>\n<p>[\/et_pb_text][et_pb_divider _builder_version=\u00bb4.27.5&#8243; _module_preset=\u00bbdefault\u00bb custom_margin=\u00bb||1px|||\u00bb global_colors_info=\u00bb{}\u00bb theme_builder_area=\u00bbpost_content\u00bb][\/et_pb_divider][et_pb_text _builder_version=\u00bb4.27.5&#8243; _module_preset=\u00bbdefault\u00bb text_text_color=\u00bb#92857c\u00bb hover_enabled=\u00bb0&#8243; global_colors_info=\u00bb{}\u00bb theme_builder_area=\u00bbpost_content\u00bb sticky_enabled=\u00bb0&#8243;]<\/p>\n<p style=\"text-align: justify;\">CL\u00c1USULAS TESTAMENTARIAS PARA INSTITUIR HEREDERA O HACER UN LEGADO A FUNDACI\u00d3N POR LA JUSTICIA<\/p>\n<p style=\"text-align: justify;\"><strong>1.-INSTITUCI\u00d3N DE HEREDERA:<\/strong><\/p>\n<p style=\"text-align: justify;\"><strong>\u201cInstituye heredera universal <\/strong>de todos sus bienes, derechos y acciones,<strong> o de un porcentaje de su herencia<\/strong> (que hay que cuantificar) a FUNDACI\u00d3N POR LA JUSTICIA DE LA COMUNITAT VALENCIANA, que consta inscrita en el Registro de Fundaciones de la Generalitat Valenciana, por resoluci\u00f3n del Secretario General de la Conseller\u00eda de Cultura de 17 de Mayo de 1995, con el n\u00famero 132-V, siendo su C.I.F n\u00famero G96356290\u201d.<\/p>\n<p style=\"text-align: justify;\"><strong>2.-ASIGNACI\u00d3N DE LEGADO:<\/strong><\/p>\n<p style=\"text-align: justify;\">A.-LEGADO DE MET\u00c1LICO:<br \/>\u201c<strong>Lega<\/strong> a FUNDACI\u00d3N POR LA JUSTICIA DE LA COMUNITAT VALENCIANA, que consta inscrita en el Registro de Fundaciones de la Generalitat Valenciana, por resoluci\u00f3n del Secretario General de la Conseller\u00eda de Cultura de 17 de Mayo de 1995, con el n\u00famero132-V, siendo su C.I. F n\u00famero G96356290, la CANTIDAD DE \u2026\u2026EUROS\u201d.<\/p>\n<p style=\"text-align: justify;\">B.-LEGADO DE BIENES MUEBLES (CUADROS, JOYAS\u2026), DE VALORES (ACCIONES), O DE FONDOS DE INVERSI\u00d3N:<\/p>\n<p style=\"text-align: justify;\">\u201c<strong>Lega<\/strong> a FUNDACI\u00d3N POR LA JUSTICIA DE LA COMUNITAT VALENCIANA, que consta inscrita en el Registro de Fundaciones de la Generalitat Valenciana, por resoluci\u00f3n del Secretario General de la Conselleria de Cultura de 17 de Mayo de 1995, con el n\u00famero 132-V, siendo su C.I.F. n\u00famero G96356290, el CUADRO (datos de identificaci\u00f3n), o las JOYAS (describirlas), o las ACCIONES ((relacionarlas e identificarlas) o el FONDO DE INVERSI\u00d3N (identificarlo).\u201d<\/p>\n<p style=\"text-align: justify;\">C.-LEGADO DE BIENES INMUEBLES:<br \/>\u201c<strong>Lega<\/strong> a FUNDACI\u00d3N POR LA JUSTICIA DE LA COMUNITAT VALENCIANA, que consta inscrita en el Registro de Fundaciones de la Generalitat Valenciana, por resoluci\u00f3n del Secretario General de la Conselleria de Cultura de 17 de Mayo de 1995 con el n\u00famero 132-V, siendo su C.I.F. n\u00famero G96356290, la FINCA registral n\u00famero\u2026 del Registro de la Propiedad de\u2026, consistente en ( vivienda, plaza de garaje, trastero, r\u00fastica..), sita en el t\u00e9rmino municipal de\u2026, en la calle\u2026con el n\u00famero de polic\u00eda, o en la Partida o paraje\u2026\u201d<\/p>\n<p style=\"text-align: justify;\"><strong>3.- DECISI\u00d3N SOBRE PERSONAS BENEFICIARIAS<\/strong><\/p>\n<p style=\"text-align: justify;\">Tanto si se designa a Fundaci\u00f3n por la Justicia como heredera o como destinataria de alg\u00fan legado, el testador o testadora podr\u00e1 indicar el grupo de personas beneficiarias, a saber, menores, mayores, mujeres, migrantes, v\u00edctimas de guerra, personas con alguna discapacidad\u2026<\/p>\n<p style=\"text-align: justify;\">En el caso de que el testador o testadora no indique ninguna preferencia, se destinar\u00e1 lo recibido a los proyectos que la FxJ lleva a cabo con personas vulnerables, tanto en Espa\u00f1a como en alguno de los pa\u00edses en los que trabaja.<\/p>\n<p style=\"text-align: justify;\"><strong>Estamos a tu disposici\u00f3n para cualquier duda o aclaraci\u00f3n al respecto.<\/strong><\/p>\n<p style=\"text-align: justify;\">\n<p>[\/et_pb_text][\/et_pb_column][\/et_pb_row][\/et_pb_section]<\/p>\n","protected":false},"excerpt":{"rendered":"<p>HERENCIASDeja un legado de amor y amabilidad para este mundoCL\u00c1USULAS TESTAMENTARIAS PARA INSTITUIR HEREDERA O HACER UN LEGADO A FUNDACI\u00d3N POR LA JUSTICIA 1.-INSTITUCI\u00d3N DE HEREDERA: \u201cInstituye heredera universal de todos sus bienes, derechos y acciones, o de un porcentaje de su herencia (que hay que cuantificar) a FUNDACI\u00d3N POR LA JUSTICIA DE LA COMUNITAT [&hellip;]<\/p>\n","protected":false},"author":1,"featured_media":0,"parent":149,"menu_order":0,"comment_status":"closed","ping_status":"closed","template":"","meta":{"_et_pb_use_builder":"on","_et_pb_old_content":"","_et_gb_content_width":"","_uf_show_specific_survey":0,"_uf_disable_surveys":false,"footnotes":""},"class_list":["post-350","page","type-page","status-publish","hentry"],"aioseo_notices":[],"_links":{"self":[{"href":"https:\/\/fundacionporlajusticia.org\/en\/wp-json\/wp\/v2\/pages\/350","targetHints":{"allow":["GET"]}}],"collection":[{"href":"https:\/\/fundacionporlajusticia.org\/en\/wp-json\/wp\/v2\/pages"}],"about":[{"href":"https:\/\/fundacionporlajusticia.org\/en\/wp-json\/wp\/v2\/types\/page"}],"author":[{"embeddable":true,"href":"https:\/\/fundacionporlajusticia.org\/en\/wp-json\/wp\/v2\/users\/1"}],"replies":[{"embeddable":true,"href":"https:\/\/fundacionporlajusticia.org\/en\/wp-json\/wp\/v2\/comments?post=350"}],"version-history":[{"count":25,"href":"https:\/\/fundacionporlajusticia.org\/en\/wp-json\/wp\/v2\/pages\/350\/revisions"}],"predecessor-version":[{"id":14510,"href":"https:\/\/fundacionporlajusticia.org\/en\/wp-json\/wp\/v2\/pages\/350\/revisions\/14510"}],"up":[{"embeddable":true,"href":"https:\/\/fundacionporlajusticia.org\/en\/wp-json\/wp\/v2\/pages\/149"}],"wp:attachment":[{"href":"https:\/\/fundacionporlajusticia.org\/en\/wp-json\/wp\/v2\/media?parent=350"}],"curies":[{"name":"wp","href":"https:\/\/api.w.org\/{rel}","templated":true}]}}

<p>[et_pb_section fb_built=»1&#8243; admin_label=»Header» _builder_version=»4.27.5&#8243; background_color=»#FFFFFF» background_image=»https://fundacionporlajusticia.org/wp-content/uploads/2026/04/Fundacion-por-la-Justicia-Aniversario-250616-058-scaled-e1775731172473.jpg» parallax=»on» custom_margin=»||-30px||false|false» custom_padding=»||233px|||» hover_enabled=»0&#8243; saved_tabs=»all» global_colors_info=»{}» theme_builder_area=»post_content» title_text=»Fundación por la Justicia &#8211; Aniversario 250616 058&#8243; sticky_enabled=»0&#8243; min_height=»320px»][et_pb_row _builder_version=»4.27.5&#8243; custom_margin=»|auto|-240px|auto|false|false» custom_padding=»233px|||||» animation_direction=»left» locked=»off» global_colors_info=»{}» theme_builder_area=»post_content»][et_pb_column type=»4_4&#8243; _builder_version=»4.27.5&#8243; background_color=»#92857c» custom_padding=»50px|40px|50px|40px|true|true» global_colors_info=»{}» theme_builder_area=»post_content»][et_pb_text admin_label=»Titulo» _builder_version=»4.27.5&#8243; text_font=»Montserrat|600|||||||» text_text_color=»#92857c» text_font_size=»24px» text_line_height=»1.4em» header_font=»Montserrat|700||on|||||» header_text_color=»#efebe2&#8243; header_font_size=»70px» header_letter_spacing=»0.1em» header_line_height=»1.1em» header_2_font_size=»96px» header_3_font_size=»96px» header_4_font_size=»96px» header_5_font_size=»96px» header_6_font_size=»96px» text_orientation=»right» text_font_size_tablet=»» text_font_size_phone=»20px» text_font_size_last_edited=»on|desktop» header_font_size_tablet=»56px» header_font_size_phone=»30px» header_font_size_last_edited=»on|phone» header_2_font_size_tablet=»56px» header_2_font_size_phone=»30px» header_2_font_size_last_edited=»on|phone» header_3_font_size_tablet=»56px» header_3_font_size_phone=»30px» header_3_font_size_last_edited=»on|phone» header_4_font_size_tablet=»56px» header_4_font_size_phone=»30px» header_4_font_size_last_edited=»on|phone» header_5_font_size_tablet=»56px» header_5_font_size_phone=»30px» header_5_font_size_last_edited=»on|phone» header_6_font_size_tablet=»56px» header_6_font_size_phone=»30px» header_6_font_size_last_edited=»on|phone» text_orientation_tablet=»left» text_orientation_phone=»» text_orientation_last_edited=»on|tablet» locked=»off» global_colors_info=»{}» theme_builder_area=»post_content»]</p>
<h1>HERENCIAS</h1>
<p>[/et_pb_text][/et_pb_column][/et_pb_row][/et_pb_section][et_pb_section fb_built=»1&#8243; _builder_version=»4.16&#8243; _module_preset=»default» global_colors_info=»{}»][/et_pb_section][et_pb_section fb_built=»1&#8243; _builder_version=»4.27.5&#8243; _module_preset=»default» custom_margin=»-196px|||||» global_colors_info=»{}» theme_builder_area=»post_content»][et_pb_row column_structure=»1_2,1_2&#8243; _builder_version=»4.27.5&#8243; _module_preset=»default» custom_padding=»173px|100px||||» hover_enabled=»0&#8243; locked=»off» global_colors_info=»{}» theme_builder_area=»post_content» animation_style=»fade» sticky_enabled=»0&#8243;][et_pb_column type=»1_2&#8243; _builder_version=»4.27.5&#8243; _module_preset=»default» global_colors_info=»{}» theme_builder_area=»post_content»][et_pb_image src=»https://fundacionporlajusticia.org/wp-content/uploads/2022/04/c-lega.png» title_text=»c-lega» _builder_version=»4.16.0&#8243; _module_preset=»default» global_colors_info=»{}» theme_builder_area=»post_content» align=»center» custom_padding=»|100px||100px||»][/et_pb_image][/et_pb_column][et_pb_column type=»1_2&#8243; _builder_version=»4.27.5&#8243; _module_preset=»default» global_colors_info=»{}» theme_builder_area=»post_content»][et_pb_text _builder_version=»4.27.5&#8243; _module_preset=»default» text_font=»&#8211;et_global_heading_font||||||||» header_font=»&#8211;et_global_heading_font||||||||» transform_scale=»105%|105%» min_height=»33px» custom_margin=»|-18px||-18px|false|false» custom_padding=»12px|0px|3px|||» hover_enabled=»0&#8243; global_colors_info=»{}» theme_builder_area=»post_content» sticky_enabled=»0&#8243;]</p>
<h3 style="text-align: center;">Deja un legado de amor y amabilidad para este mundo</h3>
<p>[/et_pb_text][et_pb_divider _builder_version=»4.27.5&#8243; _module_preset=»default» custom_margin=»||1px|||» global_colors_info=»{}» theme_builder_area=»post_content»][/et_pb_divider][et_pb_text _builder_version=»4.27.5&#8243; _module_preset=»default» text_text_color=»#92857c» hover_enabled=»0&#8243; global_colors_info=»{}» theme_builder_area=»post_content» sticky_enabled=»0&#8243;]</p>
<p style="text-align: justify;">CLÁUSULAS TESTAMENTARIAS PARA INSTITUIR HEREDERA O HACER UN LEGADO A FUNDACIÓN POR LA JUSTICIA</p>
<p style="text-align: justify;"><strong>1.-INSTITUCIÓN DE HEREDERA:</strong></p>
<p style="text-align: justify;"><strong>“Instituye heredera universal </strong>de todos sus bienes, derechos y acciones,<strong> o de un porcentaje de su herencia</strong> (que hay que cuantificar) a FUNDACIÓN POR LA JUSTICIA DE LA COMUNITAT VALENCIANA, que consta inscrita en el Registro de Fundaciones de la Generalitat Valenciana, por resolución del Secretario General de la Consellería de Cultura de 17 de Mayo de 1995, con el número 132-V, siendo su C.I.F número G96356290”.</p>
<p style="text-align: justify;"><strong>2.-ASIGNACIÓN DE LEGADO:</strong></p>
<p style="text-align: justify;">A.-LEGADO DE METÁLICO:<br />“<strong>Lega</strong> a FUNDACIÓN POR LA JUSTICIA DE LA COMUNITAT VALENCIANA, que consta inscrita en el Registro de Fundaciones de la Generalitat Valenciana, por resolución del Secretario General de la Consellería de Cultura de 17 de Mayo de 1995, con el número132-V, siendo su C.I. F número G96356290, la CANTIDAD DE ……EUROS”.</p>
<p style="text-align: justify;">B.-LEGADO DE BIENES MUEBLES (CUADROS, JOYAS…), DE VALORES (ACCIONES), O DE FONDOS DE INVERSIÓN:</p>
<p style="text-align: justify;">“<strong>Lega</strong> a FUNDACIÓN POR LA JUSTICIA DE LA COMUNITAT VALENCIANA, que consta inscrita en el Registro de Fundaciones de la Generalitat Valenciana, por resolución del Secretario General de la Conselleria de Cultura de 17 de Mayo de 1995, con el número 132-V, siendo su C.I.F. número G96356290, el CUADRO (datos de identificación), o las JOYAS (describirlas), o las ACCIONES ((relacionarlas e identificarlas) o el FONDO DE INVERSIÓN (identificarlo).”</p>
<p style="text-align: justify;">C.-LEGADO DE BIENES INMUEBLES:<br />“<strong>Lega</strong> a FUNDACIÓN POR LA JUSTICIA DE LA COMUNITAT VALENCIANA, que consta inscrita en el Registro de Fundaciones de la Generalitat Valenciana, por resolución del Secretario General de la Conselleria de Cultura de 17 de Mayo de 1995 con el número 132-V, siendo su C.I.F. número G96356290, la FINCA registral número… del Registro de la Propiedad de…, consistente en ( vivienda, plaza de garaje, trastero, rústica..), sita en el término municipal de…, en la calle…con el número de policía, o en la Partida o paraje…”</p>
<p style="text-align: justify;"><strong>3.- DECISIÓN SOBRE PERSONAS BENEFICIARIAS</strong></p>
<p style="text-align: justify;">Tanto si se designa a Fundación por la Justicia como heredera o como destinataria de algún legado, el testador o testadora podrá indicar el grupo de personas beneficiarias, a saber, menores, mayores, mujeres, migrantes, víctimas de guerra, personas con alguna discapacidad…</p>
<p style="text-align: justify;">En el caso de que el testador o testadora no indique ninguna preferencia, se destinará lo recibido a los proyectos que la FxJ lleva a cabo con personas vulnerables, tanto en España como en alguno de los países en los que trabaja.</p>
<p style="text-align: justify;"><strong>Estamos a tu disposición para cualquier duda o aclaración al respecto.</strong></p>
<p style="text-align: justify;">
<p>[/et_pb_text][/et_pb_column][/et_pb_row][/et_pb_section]</p>

<p>HERENCIASDeja un legado de amor y amabilidad para este mundoCLÁUSULAS TESTAMENTARIAS PARA INSTITUIR HEREDERA O HACER UN LEGADO A FUNDACIÓN POR LA JUSTICIA 1.-INSTITUCIÓN DE HEREDERA: “Instituye heredera universal de todos sus bienes, derechos y acciones, o de un porcentaje de su herencia (que hay que cuantificar) a FUNDACIÓN POR LA JUSTICIA DE LA COMUNITAT [&hellip;]</p>
