{"id":3049,"date":"2017-01-25T10:49:09","date_gmt":"2017-01-25T10:49:09","guid":{"rendered":"https:\/\/fundacionporlajusticia.accesia.info\/es\/?page_id=4576"},"modified":"2022-03-21T15:44:40","modified_gmt":"2022-03-21T15:44:40","slug":"actividades-paralelas-2","status":"publish","type":"page","link":"https:\/\/fundacionporlajusticia.org\/en\/actividades-paralelas\/actividades-paralelas-2\/","title":{"rendered":"PARALLEL ACTIVITIES"},"content":{"rendered":"<table>\n<tbody>\n<tr>\n<td>\n<h3><b>COL.LEGI MAJOR RECTOR PESET, UNIVERSITAT DE VAL\u00c8NCIA<\/b><\/h3>\n<\/td>\n<\/tr>\n<tr>\n<td>\n<h2><b>Sunday February 12, 2017<br \/>\n<\/b><\/h2>\n<\/td>\n<\/tr>\n<tr>\n<td><b>6:00 p.m. to 8:00 p.m. <\/b><b><i>Audiovisual as a tool of change <\/i><\/b><br \/>\n<b>Screening of Valencian Shorts<\/b><\/p>\n<ul style=\"list-style-type: square;\">\n<li>Lives in transit, Sof\u00eda Olins. 2016<\/li>\n<li>We are in all the rivers, Rub\u00e9n Monsuy. 2016<\/li>\n<li>Waiting for Europe, Samuel Sebastian. 2016<\/li>\n<li>Marhaba, Emilio Mart\u00ed. 2016<\/li>\n<\/ul>\n<p><b>Round table<\/b><br \/>\nModerator: Nanguan Manzam (CEAR)<br \/>\nParticipating: Ann Hern\u00e1ndez, Rub\u00e9n Monsuy, Samuel Sebasti\u00e1n and Emilio Mart\u00ed.<\/td>\n<\/tr>\n<tr>\n<td>\n<h3><b>THE NAU<br \/>\n<\/b><\/h3>\n<\/td>\n<\/tr>\n<tr>\n<td>\n<h2><b>Monday February 13, 2017<\/b><\/h2>\n<\/td>\n<\/tr>\n<tr>\n<td><b>6:00 p.m.<\/b> <b><i>Capturing rights: Image and Human Rights<\/i><\/b><br \/>\n<b>Round table <\/b><br \/>\nParticipating: Paco Roca, Ismael Quintanilla, Samuel Sebastian.<\/td>\n<\/tr>\n<tr>\n<td>\n<h3><b>ARAG\u00d3 CINEMA<br \/>\n<\/b><\/h3>\n<\/td>\n<\/tr>\n<tr>\n<td>\n<h2><b>Monday February 13, 2017<\/b><\/h2>\n<\/td>\n<\/tr>\n<tr>\n<td><b>8:00 p.m. <\/b><b><i>Short Film Section Screening (Right of Asylum and Refugees)<\/i><\/b><\/p>\n<ul style=\"list-style-type: square;\">\n<li>Mayday Relay (14&#039;)<\/li>\n<li>Eisen (19&#039;)<\/li>\n<li>Safe Space (13&#039;)<\/li>\n<li>Gurugu (5&#039;)<\/li>\n<li>Border (1&#039;)<\/li>\n<li>Invisibles (24&#039;)<\/li>\n<li>Dent de lle\u00f3 (5&#039;)<\/li>\n<\/ul>\n<p>We will have the presence of the Jury:<br \/>\nGiovanna Ribes, Mar\u00eda Escalona and Nanguan Manzam.<\/td>\n<\/tr>\n<tr>\n<td><b>9:30 p.m. <\/b><b><i>Breaking borders through short films<\/i><\/b><br \/>\n<b>Meeting<\/b><br \/>\nModerator: Samuel Sebastian<br \/>\nParticipating: Jorge Bellver, Xavier Satorra and Mohamad Bitari (Invisibles)<br \/>\nIrene Cubells and \u00c1lvaro Yebra (Distributor &#039;Some like it short&#039;)<\/td>\n<\/tr>\n<tr>\n<td>\n<h3><b>THE NAU<\/b><\/h3>\n<\/td>\n<\/tr>\n<tr>\n<td>\n<h2><b>Wednesday February 15, 2017<br \/>\n<\/b><\/h2>\n<\/td>\n<\/tr>\n<tr>\n<td><b>4:30 p.m. <\/b><b><i>Monitor and report: Documentalists, political advocacy and Human Rights<\/i><\/b><br \/>\n<b>Round table<\/b><br \/>\nModerator: Samuel Sebastian<br \/>\nParticipating: Vicent Peris (The Strategy of Silence), Xapo Ortega (Tarajal), Vinay Shukla and Khushboo Ranka (An Insignificant Man) and Laura Ballester (Journalist Levante-EMV)<\/td>\n<\/tr>\n<tr>\n<td>\n<h3><strong>SGAE \u2013 General Society of Authors and Editors<\/strong><\/h3>\n<\/td>\n<\/tr>\n<tr>\n<td>\n<h2><b>Thursday February 16, 2017<\/b><\/h2>\n<\/td>\n<\/tr>\n<tr>\n<td><b>12.00h <\/b><b><i>world day of child soldiers<\/i><\/b><br \/>\n<b>Projection<\/b>: That wasn&#039;t me, Esteban Crespo, 24&#039;<br \/>\n<b>Round table<\/b><br \/>\nModerator: Samuel Sebastian.<br \/>\nParticipating: Encarna Dur\u00e1n Costell (Entreculturas Education Technician) and Chema Segura (Jesuit Migrant Service).<\/td>\n<\/tr>\n<tr>\n<td>\n<h3><strong>AC REVOLTA<\/strong><\/h3>\n<\/td>\n<\/tr>\n<tr>\n<td>\n<h2><b>Thursday February 16, 2017<\/b><\/h2>\n<\/td>\n<\/tr>\n<tr>\n<td><b>10:45 p.m. <\/b><b><i>Meeting with directors<\/i><\/b>.<br \/>\nJust a Normal Person (Malin Bj\u00f6rkman-Widell + Sam Gisslow)<br \/>\nTransit Havana (Daniel Abma + Alex Bakker)<br \/>\nCoordinates Lambda.<\/td>\n<\/tr>\n<\/tbody>\n<\/table>","protected":false},"excerpt":{"rendered":"<p>COL.LEGI MAJOR RECTOR PESET, UNIVERSITAT DE VAL\u00c8NCIA Domingo 12 febrero 2017 18.00h a 20.00h El audiovisual como herramienta de cambio Proyecci\u00f3n Cortos Valencianos Vidas en tr\u00e1nsito, Sof\u00eda Olins. 2016 Estamos en todos los r\u00edos, Rub\u00e9n Monsuy. 2016 Esperando a Europa, Samuel Sebastian. 2016 Marhaba, Emilio Mart\u00ed. 2016 Mesa redonda Modera: Nanguan Manzam (CEAR) Participan: Ann [&hellip;]<\/p>\n","protected":false},"author":2,"featured_media":0,"parent":2027,"menu_order":3,"comment_status":"closed","ping_status":"closed","template":"","meta":{"_et_pb_use_builder":"","_et_pb_old_content":"","_et_gb_content_width":"","_uf_show_specific_survey":0,"_uf_disable_surveys":false,"footnotes":""},"class_list":["post-3049","page","type-page","status-publish","hentry"],"aioseo_notices":[],"_links":{"self":[{"href":"https:\/\/fundacionporlajusticia.org\/en\/wp-json\/wp\/v2\/pages\/3049","targetHints":{"allow":["GET"]}}],"collection":[{"href":"https:\/\/fundacionporlajusticia.org\/en\/wp-json\/wp\/v2\/pages"}],"about":[{"href":"https:\/\/fundacionporlajusticia.org\/en\/wp-json\/wp\/v2\/types\/page"}],"author":[{"embeddable":true,"href":"https:\/\/fundacionporlajusticia.org\/en\/wp-json\/wp\/v2\/users\/2"}],"replies":[{"embeddable":true,"href":"https:\/\/fundacionporlajusticia.org\/en\/wp-json\/wp\/v2\/comments?post=3049"}],"version-history":[{"count":3,"href":"https:\/\/fundacionporlajusticia.org\/en\/wp-json\/wp\/v2\/pages\/3049\/revisions"}],"predecessor-version":[{"id":3361,"href":"https:\/\/fundacionporlajusticia.org\/en\/wp-json\/wp\/v2\/pages\/3049\/revisions\/3361"}],"up":[{"embeddable":true,"href":"https:\/\/fundacionporlajusticia.org\/en\/wp-json\/wp\/v2\/pages\/2027"}],"wp:attachment":[{"href":"https:\/\/fundacionporlajusticia.org\/en\/wp-json\/wp\/v2\/media?parent=3049"}],"curies":[{"name":"wp","href":"https:\/\/api.w.org\/{rel}","templated":true}]}}

<table>
<tbody>
<tr>
<td>
<h3><b>COL.LEGI MAJOR RECTOR PESET, UNIVERSITAT DE VALÈNCIA</b></h3>
</td>
</tr>
<tr>
<td>
<h2><b>Sunday February 12, 2017<br />
</b></h2>
</td>
</tr>
<tr>
<td><b>6:00 p.m. to 8:00 p.m. </b><b><i>Audiovisual as a tool of change </i></b><br />
<b>Screening of Valencian Shorts</b></p>
<ul style="list-style-type: square;">
<li>Lives in transit, Sofía Olins. 2016</li>
<li>We are in all the rivers, Rubén Monsuy. 2016</li>
<li>Waiting for Europe, Samuel Sebastian. 2016</li>
<li>Marhaba, Emilio Martí. 2016</li>
</ul>
<p><b>Round table</b><br />
Moderator: Nanguan Manzam (CEAR)<br />
Participating: Ann Hernández, Rubén Monsuy, Samuel Sebastián and Emilio Martí.</td>
</tr>
<tr>
<td>
<h3><b>THE NAU<br />
</b></h3>
</td>
</tr>
<tr>
<td>
<h2><b>Monday February 13, 2017</b></h2>
</td>
</tr>
<tr>
<td><b>6:00 p.m.</b> <b><i>Capturing rights: Image and Human Rights</i></b><br />
<b>Round table </b><br />
Participating: Paco Roca, Ismael Quintanilla, Samuel Sebastian.</td>
</tr>
<tr>
<td>
<h3><b>ARAGÓ CINEMA<br />
</b></h3>
</td>
</tr>
<tr>
<td>
<h2><b>Monday February 13, 2017</b></h2>
</td>
</tr>
<tr>
<td><b>8:00 p.m. </b><b><i>Short Film Section Screening (Right of Asylum and Refugees)</i></b></p>
<ul style="list-style-type: square;">
<li>Mayday Relay (14&#039;)</li>
<li>Eisen (19&#039;)</li>
<li>Safe Space (13&#039;)</li>
<li>Gurugu (5&#039;)</li>
<li>Border (1&#039;)</li>
<li>Invisibles (24&#039;)</li>
<li>Dent de lleó (5&#039;)</li>
</ul>
<p>We will have the presence of the Jury:<br />
Giovanna Ribes, María Escalona and Nanguan Manzam.</td>
</tr>
<tr>
<td><b>9:30 p.m. </b><b><i>Breaking borders through short films</i></b><br />
<b>Meeting</b><br />
Moderator: Samuel Sebastian<br />
Participating: Jorge Bellver, Xavier Satorra and Mohamad Bitari (Invisibles)<br />
Irene Cubells and Álvaro Yebra (Distributor &#039;Some like it short&#039;)</td>
</tr>
<tr>
<td>
<h3><b>THE NAU</b></h3>
</td>
</tr>
<tr>
<td>
<h2><b>Wednesday February 15, 2017<br />
</b></h2>
</td>
</tr>
<tr>
<td><b>4:30 p.m. </b><b><i>Monitor and report: Documentalists, political advocacy and Human Rights</i></b><br />
<b>Round table</b><br />
Moderator: Samuel Sebastian<br />
Participating: Vicent Peris (The Strategy of Silence), Xapo Ortega (Tarajal), Vinay Shukla and Khushboo Ranka (An Insignificant Man) and Laura Ballester (Journalist Levante-EMV)</td>
</tr>
<tr>
<td>
<h3><strong>SGAE – General Society of Authors and Editors</strong></h3>
</td>
</tr>
<tr>
<td>
<h2><b>Thursday February 16, 2017</b></h2>
</td>
</tr>
<tr>
<td><b>12.00h </b><b><i>world day of child soldiers</i></b><br />
<b>Projection</b>: That wasn&#039;t me, Esteban Crespo, 24&#039;<br />
<b>Round table</b><br />
Moderator: Samuel Sebastian.<br />
Participating: Encarna Durán Costell (Entreculturas Education Technician) and Chema Segura (Jesuit Migrant Service).</td>
</tr>
<tr>
<td>
<h3><strong>AC REVOLTA</strong></h3>
</td>
</tr>
<tr>
<td>
<h2><b>Thursday February 16, 2017</b></h2>
</td>
</tr>
<tr>
<td><b>10:45 p.m. </b><b><i>Meeting with directors</i></b>.<br />
Just a Normal Person (Malin Björkman-Widell + Sam Gisslow)<br />
Transit Havana (Daniel Abma + Alex Bakker)<br />
Coordinates Lambda.</td>
</tr>
</tbody>
</table>

<p>COL.LEGI MAJOR RECTOR PESET, UNIVERSITAT DE VALÈNCIA Domingo 12 febrero 2017 18.00h a 20.00h El audiovisual como herramienta de cambio Proyección Cortos Valencianos Vidas en tránsito, Sofía Olins. 2016 Estamos en todos los ríos, Rubén Monsuy. 2016 Esperando a Europa, Samuel Sebastian. 2016 Marhaba, Emilio Martí. 2016 Mesa redonda Modera: Nanguan Manzam (CEAR) Participan: Ann [&hellip;]</p>
