{"id":2951,"date":"2017-01-23T11:04:12","date_gmt":"2017-01-23T11:04:12","guid":{"rendered":"https:\/\/fundacionporlajusticia.accesia.info\/es\/?page_id=4074"},"modified":"2022-03-21T15:41:50","modified_gmt":"2022-03-21T15:41:50","slug":"transit-havana","status":"publish","type":"page","link":"https:\/\/fundacionporlajusticia.org\/en\/humansfest\/programacion-2-2\/seccion-oficial-2017\/transit-havana\/","title":{"rendered":"TRANSIT HAVANA"},"content":{"rendered":"<table>\n<tbody>\n<tr>\n<td style=\"width: 206px; text-align: center; vertical-align: middle;\" width=\"206\"><img loading=\"lazy\" decoding=\"async\" class=\"aligncenter size-full wp-image-4079\" src=\"https:\/\/fundacionporlajusticia.org\/wp-content\/uploads\/2017\/01\/Poster-TH-En.jpg\" alt=\"Poster-TH-En\" width=\"317\" height=\"448\" \/><\/td>\n<td width=\"376\">\n<h1><strong>THE HISTORY<\/strong><\/h1>\n<p style=\"text-align: justify;\">Once a year, two plastic surgeons from Belgium and the Netherlands fly to Havana to operate on five transgender people as part of a new state program led by Mariela Castro. Over the course of a year, the filmmakers followed the three protagonists of the documentary, Odette, Juani and Mal\u00fa, showing how they face the reality of being transgender in Cuba. Meanwhile, they wait for the surgeons who will give them what they want most in life.<\/p>\n<\/td>\n<\/tr>\n<tr>\n<td style=\"width: 206px; vertical-align: top; text-align: left;\" rowspan=\"2\" width=\"206\">\n<h2><strong>Netherlands, 2016<\/strong><\/h2>\n<h4><strong>Director: <\/strong><\/h4>\n<h4>Daniel Abma<\/h4>\n<h4><strong> Script: <\/strong><\/h4>\n<h4>Alex Bakker<\/h4>\n<h4><strong>Production: <\/strong><\/h4>\n<h4>Stefan Kloos<\/h4>\n<h4>Boudewijn Koole<\/h4>\n<h4>Iris Lammertsma<\/h4>\n<h4><strong>Music: <\/strong><\/h4>\n<h4>Alex Simu<\/h4>\n<h4><strong>Edition:<\/strong><\/h4>\n<h4>Jana Dugnus<\/h4>\n<h4><strong> Duration: 86&#039;<\/strong><\/h4>\n<h4><strong>Country of production:<\/strong><\/h4>\n<h4>Netherlands<\/h4>\n<h4><strong>Producers:<\/strong><\/h4>\n<h4>Kloos &amp; Co. Medien GmbH<\/h4>\n<h4>Witfilm<\/h4>\n<h4>Film University Babelsberg Konrad Wolf<\/h4>\n<h4>BNN-VARA<\/h4>\n<h4>BNN<\/h4>\n<h4>Rundfunk Berlin-Brandenburg (RBB)<\/h4>\n<h4>ART<\/h4>\n<h4><strong>Distributors: <\/strong><\/h4>\n<h4>Cinema Delicatessen<\/h4>\n<h4>Rise and Shine Cinema<\/h4>\n<h4>BNN TV<\/h4>\n<p>&nbsp;<\/p>\n<h4><\/h4>\n<\/td>\n<td style=\"text-align: justify;\" width=\"376\">\n<h1><strong>\u00a0DIRECTOR<\/strong><\/h1>\n<p style=\"text-align: justify;\"><img loading=\"lazy\" decoding=\"async\" class=\"aligncenter size-full wp-image-4078\" src=\"https:\/\/fundacionporlajusticia.org\/wp-content\/uploads\/2017\/01\/DanielAbma.jpg\" alt=\"DanielAbma\" width=\"365\" height=\"336\" \/><\/p>\n<p style=\"text-align: justify;\">Daniel Abma was born in 1978 in the Netherlands. Previously he studied Primary Education and worked as a youth worker in Berlin and Brandenburg. He studied film direction at<em> Film University Babelsberg KONRAD WOLF<\/em>, with a focus on documentaries. Your movie <em>NACH WRIEZEN (Beyond Wriezen)<\/em> was shown at the IDFA and numerous other festivals and won, among others, the prestigious <em>GRIMME AWARD<\/em> in Germany. <em>HOLLAND OF THE SUN<\/em> competed at DOKLeipzig, DOK.Fest Munich and in Krakow. <em>TRANSIT HAVANA<\/em> It is his film debut.<\/p>\n<\/td>\n<\/tr>\n<tr>\n<td width=\"376\">\n<h1><strong>FESTIVALS AND AWARDS<\/strong><\/h1>\n<ul>\n<li>Movies That Matter<\/li>\n<li>Roze Filmdagen,<\/li>\n<li>Dok.Fest Munich,<\/li>\n<li>Karlovy Vary IFF<\/li>\n<li>East End Film Festival<\/li>\n<li>Bergen IFF<\/li>\n<li>MIX CPH<\/li>\n<li>Antenna<\/li>\n<li>Filmkunsttage Sachsenanhalt<\/li>\n<li>Cinedoc Tbilisi<\/li>\n<li>Asterisk<\/li>\n<li>queersicht<\/li>\n<li>Cottbus IFF,<\/li>\n<li>Verzio<\/li>\n<li>Slovak Queer Festival<\/li>\n<li>Latin Screen St. Gallen<\/li>\n<li>The Place Without Limits<\/li>\n<li>Cork FF<\/li>\n<li>Montreal LGBT Image+Nation<\/li>\n<li>This Human World<\/li>\n<li>In-Doc Indonesia<\/li>\n<li>Havanna<\/li>\n<li>Beyond Berlin Film Festival San Francisco<\/li>\n<\/ul>\n<\/td>\n<\/tr>\n<tr>\n<td colspan=\"2\" width=\"581\"><iframe loading=\"lazy\" src=\"https:\/\/player.vimeo.com\/video\/157418213\" width=\"1040\" height=\"585\" frameborder=\"0\" allowfullscreen=\"allowfullscreen\"><\/iframe><\/td>\n<\/tr>\n<tr>\n<td colspan=\"2\" width=\"581\"><\/td>\n<\/tr>\n<\/tbody>\n<\/table>","protected":false},"excerpt":{"rendered":"<p>LA HISTORIA Una vez al a\u00f1o, dos cirujanos pl\u00e1sticos de B\u00e9lgica y Holanda vuelan a La Habana para operar a cinco personas transg\u00e9nero como parte de un nuevo programa estatal dirigido por Mariela Castro. A lo largo de un a\u00f1o, los realizadores siguieron a los tres protagonistas del documental, Odette, Juani y Mal\u00fa, mostrando c\u00f3mo [&hellip;]<\/p>\n","protected":false},"author":2,"featured_media":0,"parent":2927,"menu_order":5,"comment_status":"closed","ping_status":"closed","template":"","meta":{"_et_pb_use_builder":"","_et_pb_old_content":"","_et_gb_content_width":"","_uf_show_specific_survey":0,"_uf_disable_surveys":false,"footnotes":""},"class_list":["post-2951","page","type-page","status-publish","hentry"],"aioseo_notices":[],"_links":{"self":[{"href":"https:\/\/fundacionporlajusticia.org\/en\/wp-json\/wp\/v2\/pages\/2951","targetHints":{"allow":["GET"]}}],"collection":[{"href":"https:\/\/fundacionporlajusticia.org\/en\/wp-json\/wp\/v2\/pages"}],"about":[{"href":"https:\/\/fundacionporlajusticia.org\/en\/wp-json\/wp\/v2\/types\/page"}],"author":[{"embeddable":true,"href":"https:\/\/fundacionporlajusticia.org\/en\/wp-json\/wp\/v2\/users\/2"}],"replies":[{"embeddable":true,"href":"https:\/\/fundacionporlajusticia.org\/en\/wp-json\/wp\/v2\/comments?post=2951"}],"version-history":[{"count":1,"href":"https:\/\/fundacionporlajusticia.org\/en\/wp-json\/wp\/v2\/pages\/2951\/revisions"}],"predecessor-version":[{"id":3329,"href":"https:\/\/fundacionporlajusticia.org\/en\/wp-json\/wp\/v2\/pages\/2951\/revisions\/3329"}],"up":[{"embeddable":true,"href":"https:\/\/fundacionporlajusticia.org\/en\/wp-json\/wp\/v2\/pages\/2927"}],"wp:attachment":[{"href":"https:\/\/fundacionporlajusticia.org\/en\/wp-json\/wp\/v2\/media?parent=2951"}],"curies":[{"name":"wp","href":"https:\/\/api.w.org\/{rel}","templated":true}]}}

<table>
<tbody>
<tr>
<td style="width: 206px; text-align: center; vertical-align: middle;" width="206"><img loading="lazy" decoding="async" class="aligncenter size-full wp-image-4079" src="https://fundacionporlajusticia.org/wp-content/uploads/2017/01/Poster-TH-En.jpg" alt="Poster-TH-En" width="317" height="448" /></td>
<td width="376">
<h1><strong>THE HISTORY</strong></h1>
<p style="text-align: justify;">Once a year, two plastic surgeons from Belgium and the Netherlands fly to Havana to operate on five transgender people as part of a new state program led by Mariela Castro. Over the course of a year, the filmmakers followed the three protagonists of the documentary, Odette, Juani and Malú, showing how they face the reality of being transgender in Cuba. Meanwhile, they wait for the surgeons who will give them what they want most in life.</p>
</td>
</tr>
<tr>
<td style="width: 206px; vertical-align: top; text-align: left;" rowspan="2" width="206">
<h2><strong>Netherlands, 2016</strong></h2>
<h4><strong>Director: </strong></h4>
<h4>Daniel Abma</h4>
<h4><strong> Script: </strong></h4>
<h4>Alex Bakker</h4>
<h4><strong>Production: </strong></h4>
<h4>Stefan Kloos</h4>
<h4>Boudewijn Koole</h4>
<h4>Iris Lammertsma</h4>
<h4><strong>Music: </strong></h4>
<h4>Alex Simu</h4>
<h4><strong>Edition:</strong></h4>
<h4>Jana Dugnus</h4>
<h4><strong> Duration: 86&#039;</strong></h4>
<h4><strong>Country of production:</strong></h4>
<h4>Netherlands</h4>
<h4><strong>Producers:</strong></h4>
<h4>Kloos &amp; Co. Medien GmbH</h4>
<h4>Witfilm</h4>
<h4>Film University Babelsberg Konrad Wolf</h4>
<h4>BNN-VARA</h4>
<h4>BNN</h4>
<h4>Rundfunk Berlin-Brandenburg (RBB)</h4>
<h4>ART</h4>
<h4><strong>Distributors: </strong></h4>
<h4>Cinema Delicatessen</h4>
<h4>Rise and Shine Cinema</h4>
<h4>BNN TV</h4>
<p>&nbsp;</p>
<h4></h4>
</td>
<td style="text-align: justify;" width="376">
<h1><strong> DIRECTOR</strong></h1>
<p style="text-align: justify;"><img loading="lazy" decoding="async" class="aligncenter size-full wp-image-4078" src="https://fundacionporlajusticia.org/wp-content/uploads/2017/01/DanielAbma.jpg" alt="DanielAbma" width="365" height="336" /></p>
<p style="text-align: justify;">Daniel Abma was born in 1978 in the Netherlands. Previously he studied Primary Education and worked as a youth worker in Berlin and Brandenburg. He studied film direction at<em> Film University Babelsberg KONRAD WOLF</em>, with a focus on documentaries. Your movie <em>NACH WRIEZEN (Beyond Wriezen)</em> was shown at the IDFA and numerous other festivals and won, among others, the prestigious <em>GRIMME AWARD</em> in Germany. <em>HOLLAND OF THE SUN</em> competed at DOKLeipzig, DOK.Fest Munich and in Krakow. <em>TRANSIT HAVANA</em> It is his film debut.</p>
</td>
</tr>
<tr>
<td width="376">
<h1><strong>FESTIVALS AND AWARDS</strong></h1>
<ul>
<li>Movies That Matter</li>
<li>Roze Filmdagen,</li>
<li>Dok.Fest Munich,</li>
<li>Karlovy Vary IFF</li>
<li>East End Film Festival</li>
<li>Bergen IFF</li>
<li>MIX CPH</li>
<li>Antenna</li>
<li>Filmkunsttage Sachsenanhalt</li>
<li>Cinedoc Tbilisi</li>
<li>Asterisk</li>
<li>queersicht</li>
<li>Cottbus IFF,</li>
<li>Verzio</li>
<li>Slovak Queer Festival</li>
<li>Latin Screen St. Gallen</li>
<li>The Place Without Limits</li>
<li>Cork FF</li>
<li>Montreal LGBT Image+Nation</li>
<li>This Human World</li>
<li>In-Doc Indonesia</li>
<li>Havanna</li>
<li>Beyond Berlin Film Festival San Francisco</li>
</ul>
</td>
</tr>
<tr>
<td colspan="2" width="581"><iframe loading="lazy" src="https://player.vimeo.com/video/157418213" width="1040" height="585" frameborder="0" allowfullscreen="allowfullscreen"></iframe></td>
</tr>
<tr>
<td colspan="2" width="581"></td>
</tr>
</tbody>
</table>

<p>LA HISTORIA Una vez al año, dos cirujanos plásticos de Bélgica y Holanda vuelan a La Habana para operar a cinco personas transgénero como parte de un nuevo programa estatal dirigido por Mariela Castro. A lo largo de un año, los realizadores siguieron a los tres protagonistas del documental, Odette, Juani y Malú, mostrando cómo [&hellip;]</p>
