{"id":2244,"date":"2019-01-23T17:32:42","date_gmt":"2019-01-23T17:32:42","guid":{"rendered":"https:\/\/fundacionporlajusticia.accesia.info\/es\/?page_id=5051"},"modified":"2022-03-21T16:22:11","modified_gmt":"2022-03-21T16:22:11","slug":"jurado-2018","status":"publish","type":"page","link":"https:\/\/fundacionporlajusticia.org\/en\/jurado-2018\/","title":{"rendered":"JURY 2018"},"content":{"rendered":"<p>On January 30, 2019, a press conference will be held in the Aula Magna of LA NAU where all the news from the 10th Edition of the Valencia International Film and Human Rights Festival HUMANS FEST will be presented.<\/p>\n<p>After the press conference, the JURY of the next festival to be held in Valencia between February 14 and 23, 2019 will be published on the website.<\/p>\n<p>&nbsp;<\/p>\n<p>In the previous edition this was the composition of the Jury:<\/p>\n<p><img loading=\"lazy\" decoding=\"async\" class=\"aligncenter size-large wp-image-5062\" src=\"https:\/\/fundacionporlajusticia.org\/wp-content\/uploads\/2019\/01\/image007-1024x576.jpg\" alt=\"\" width=\"690\" height=\"388\" \/><\/p>\n<p>&nbsp;<\/p>\n<table>\n<tbody>\n<tr>\n<td>\n<h2>Jury Official Section Documentary Feature Film<\/h2>\n<\/td>\n<\/tr>\n<tr>\n<td>\n<h3>President \u2013 Juan Diego Botto<\/h3>\n<p>Juan Diego Botto is a Spanish-Argentine actor, director and screenwriter of theater and film. Throughout his career in the world of cinema, he has collaborated with the most prestigious national and international directors.<\/p>\n<p>In this sense, his interventions in films by Adolfo Aristarain (in &#039;Mart\u00edn (Hache&#039;), Imanol Uribe (&#039;Plenilunio&#039;), Daniel Calparsoro (&#039;Asfalto&#039;), Achero Ma\u00f1as (&#039;Everything you want&#039;) and others stand out. as John Malkovich (&#039;Dance Steps&#039;), Gregory Nava (&#039;City of Silence&#039;) or Iannis Smaragdis in his film &#039;El Greco&#039;, for which Botto won the award for best male performer at the Cairo Festival .<\/p>\n<p>Support HIJOS, an association formed by relatives of those who disappeared and exiled during the Argentine dictatorship.<\/td>\n<\/tr>\n<tr>\n<td>\n<h3>Ana Garayalde<\/h3>\n<p>Donosti Film and Human Rights Festival Programmer.<\/p>\n<p>Head of human rights at the San Sebasti\u00e1n Film and Human Rights Festival. Human Rights Technician of the Donostia City Council. A journalist by training, he has worked for 15 years in media such as El Mundo del Pa\u00eds Vasco, Radio Nacional, Antena 3 and press offices.<\/td>\n<\/tr>\n<tr>\n<td>\n<h3>Laura Ballester<\/h3>\n<p>Journalist<\/td>\n<\/tr>\n<tr>\n<td>\n<h3>Maria Trenor<\/h3>\n<p>Animation director<\/td>\n<\/tr>\n<tr>\n<td>\n<h3>Maria Carrion<\/h3>\n<p>FiSahara Director<\/td>\n<\/tr>\n<tr>\n<td>\n<h2>\u00a0<img loading=\"lazy\" decoding=\"async\" class=\"aligncenter size-large wp-image-5065\" src=\"https:\/\/fundacionporlajusticia.org\/wp-content\/uploads\/2019\/01\/image009-1024x576.jpg\" alt=\"\" width=\"690\" height=\"388\" \/><\/h2>\n<h2>Jury Short Films Right of Asylum and Refugees<\/h2>\n<\/td>\n<\/tr>\n<tr>\n<td>\n<h3>Fani Boronat \u2013 General Coordinator of the Lesbian, Gay, Transsexual and Bisexual Collective of Valencia \u2013 LAMBDA<\/h3>\n<p>Fani Boronat Chofre defines herself as a woman activist, lesbian and feminist. Born in El R\u00e0fol d&#039;Alm\u00fania, a town in Alicante with 400 inhabitants, she is a great witness of what it means to \u201cbe and live as a visible lesbian\u201d in rural areas. With a degree in Social Work, she has been active in Lambda for more than 15 years, where she has grown as an activist, empowering herself as a woman and as a lesbian. For 3 years he has assumed the general coordination of the entity.<\/td>\n<\/tr>\n<tr>\n<td>\n<h3>Claudia Garc\u00eda Giraldo \u2013 Survivor of political violence in Colombia<\/h3>\n<p>Colombian human rights defender especially committed to the struggles of women victims of social and armed conflict.<br \/>\nShe managed to reach Spain with a program to protect human rights defenders from Amnesty International. Make bags and backpacks from recycled fabric as a symbol of the backpacks full of dreams of refugees.<\/td>\n<\/tr>\n<tr>\n<td>\n<h3>Oscar Ben\u00e1cer \u2013 Director<\/h3>\n<p>Screenwriter and director. He wrote his first story when he was six years old; \u201cWith a washing machine to space.\u201d He didn&#039;t get a publisher but his aunts really liked it. Some time later he started making short films: \u201cLaura&#039;s Sneakers\u201d, \u201cDesayuno con diadema\u201d, \u201cBikini\u201d and \u201cApolo81\u201d have been seen in hundreds of festivals and many television stations around the world. Between the four of them they have more than 160 awards, the Goya nomination and the Meli\u00e9s d&#039;Or nomination. Despite preparing his debut work in fiction, he has written scripts for feature films and TV series. He has experience in advertising and documentaries. In 2016 he premiered \u201cThe Man Who Bottled the Sun.\u201d He is currently in full production of the fiction series \u201cLa forastera\u201d, the documentary series \u201cCuiners\u201d and the documentary \u201cBastardo\u201d. His next short \u201cStanbrook\u201d, set during the Spanish Civil War, addresses the issue of refugees.<\/td>\n<\/tr>\n<tr>\n<td>\n<h2><img loading=\"lazy\" decoding=\"async\" class=\"aligncenter size-large wp-image-5063\" src=\"https:\/\/fundacionporlajusticia.org\/wp-content\/uploads\/2019\/01\/image008-1024x576.jpg\" alt=\"\" width=\"690\" height=\"388\" \/><\/h2>\n<h2>EDAV Jury \u2013 Award for the best development of history and research<\/h2>\n<\/td>\n<\/tr>\n<tr>\n<td>\n<h3>Eladio Ballester<\/h3>\n<p>Eladio Ballester Colomer, Valencia, 1958, has a degree in Law, has created and directed more than 600 advertising spots, dozens of audiovisuals, has been a scriptwriter in various other people&#039;s animation series, and created several of his own. He is also a musical author.<\/td>\n<\/tr>\n<tr>\n<td>\n<h3>Bego\u00f1a Soler<\/h3>\n<p>Bego\u00f1a Soler has written and directed four short films. Among them, \u201cLa Buena Fe\u201d, Best Spanish short at SEMINCI 2015 and shortlisted for the 2016 Goya Awards. The work has received more than twenty national and international awards. She is the creator of the series \u201cI love Spain\u201d and the director and screenwriter of its pilot episode. He trained in Film Direction and Screenwriting at the Valencia Film School (NUCINE). He currently works as a teacher at the Valencia Film School and writes the script for his first feature film. Bego\u00f1a has worked for 10 years as a Trainer and COACH in social skills. Has experience working with people with intellectual disabilities (Bona Gent).<\/td>\n<\/tr>\n<tr>\n<td>\n<h3>Elena Gobernado<\/h3>\n<p>Animation and creation of social communication content.<br \/>\nHe has written and participated in the development of bibles and plots for animated series such as the multi-award-winning Pocoy\u00f3 or Shuriken School, sold in more than one hundred countries.<br \/>\nShe is a consultant, story editor and collaborates with several production companies and animation studios in the development of bibles and new projects.<br \/>\nShe participates in the development of content in Communication and Social Participation Projects with En Babia Comunicaci\u00f3n, a company with which she has collaborated for years for companies such as Ayuda en Acci\u00f3n, FEDER, Plan... She has been a jury member and advisor at festivals such as Prime the Animation or the Julio Alejandro Screenwriting Award and participated in round tables.<\/td>\n<\/tr>\n<\/tbody>\n<\/table>\n<p>&nbsp;<\/p>","protected":false},"excerpt":{"rendered":"<p>El pr\u00f3ximo 30 de enero de 2019 se realizar\u00e1 una rueda de prensa en el Aula Magna de LA NAU donde se presentar\u00e1n todas las novedades de la X Edici\u00f3n del Festival Internacional de Cine y Derechos Humanos de Valencia HUMANS FEST. Con posterioridad a la rueda de prensa se publicar\u00e1 en la web el [&hellip;]<\/p>\n","protected":false},"author":2,"featured_media":0,"parent":0,"menu_order":0,"comment_status":"closed","ping_status":"closed","template":"","meta":{"_et_pb_use_builder":"","_et_pb_old_content":"","_et_gb_content_width":"","_uf_show_specific_survey":0,"_uf_disable_surveys":false,"footnotes":""},"class_list":["post-2244","page","type-page","status-publish","hentry"],"aioseo_notices":[],"_links":{"self":[{"href":"https:\/\/fundacionporlajusticia.org\/en\/wp-json\/wp\/v2\/pages\/2244","targetHints":{"allow":["GET"]}}],"collection":[{"href":"https:\/\/fundacionporlajusticia.org\/en\/wp-json\/wp\/v2\/pages"}],"about":[{"href":"https:\/\/fundacionporlajusticia.org\/en\/wp-json\/wp\/v2\/types\/page"}],"author":[{"embeddable":true,"href":"https:\/\/fundacionporlajusticia.org\/en\/wp-json\/wp\/v2\/users\/2"}],"replies":[{"embeddable":true,"href":"https:\/\/fundacionporlajusticia.org\/en\/wp-json\/wp\/v2\/comments?post=2244"}],"version-history":[{"count":1,"href":"https:\/\/fundacionporlajusticia.org\/en\/wp-json\/wp\/v2\/pages\/2244\/revisions"}],"predecessor-version":[{"id":3502,"href":"https:\/\/fundacionporlajusticia.org\/en\/wp-json\/wp\/v2\/pages\/2244\/revisions\/3502"}],"wp:attachment":[{"href":"https:\/\/fundacionporlajusticia.org\/en\/wp-json\/wp\/v2\/media?parent=2244"}],"curies":[{"name":"wp","href":"https:\/\/api.w.org\/{rel}","templated":true}]}}

<p>On January 30, 2019, a press conference will be held in the Aula Magna of LA NAU where all the news from the 10th Edition of the Valencia International Film and Human Rights Festival HUMANS FEST will be presented.</p>
<p>After the press conference, the JURY of the next festival to be held in Valencia between February 14 and 23, 2019 will be published on the website.</p>
<p>&nbsp;</p>
<p>In the previous edition this was the composition of the Jury:</p>
<p><img loading="lazy" decoding="async" class="aligncenter size-large wp-image-5062" src="https://fundacionporlajusticia.org/wp-content/uploads/2019/01/image007-1024x576.jpg" alt="" width="690" height="388" /></p>
<p>&nbsp;</p>
<table>
<tbody>
<tr>
<td>
<h2>Jury Official Section Documentary Feature Film</h2>
</td>
</tr>
<tr>
<td>
<h3>President – Juan Diego Botto</h3>
<p>Juan Diego Botto is a Spanish-Argentine actor, director and screenwriter of theater and film. Throughout his career in the world of cinema, he has collaborated with the most prestigious national and international directors.</p>
<p>In this sense, his interventions in films by Adolfo Aristarain (in &#039;Martín (Hache&#039;), Imanol Uribe (&#039;Plenilunio&#039;), Daniel Calparsoro (&#039;Asfalto&#039;), Achero Mañas (&#039;Everything you want&#039;) and others stand out. as John Malkovich (&#039;Dance Steps&#039;), Gregory Nava (&#039;City of Silence&#039;) or Iannis Smaragdis in his film &#039;El Greco&#039;, for which Botto won the award for best male performer at the Cairo Festival .</p>
<p>Support HIJOS, an association formed by relatives of those who disappeared and exiled during the Argentine dictatorship.</td>
</tr>
<tr>
<td>
<h3>Ana Garayalde</h3>
<p>Donosti Film and Human Rights Festival Programmer.</p>
<p>Head of human rights at the San Sebastián Film and Human Rights Festival. Human Rights Technician of the Donostia City Council. A journalist by training, he has worked for 15 years in media such as El Mundo del País Vasco, Radio Nacional, Antena 3 and press offices.</td>
</tr>
<tr>
<td>
<h3>Laura Ballester</h3>
<p>Journalist</td>
</tr>
<tr>
<td>
<h3>Maria Trenor</h3>
<p>Animation director</td>
</tr>
<tr>
<td>
<h3>Maria Carrion</h3>
<p>FiSahara Director</td>
</tr>
<tr>
<td>
<h2> <img loading="lazy" decoding="async" class="aligncenter size-large wp-image-5065" src="https://fundacionporlajusticia.org/wp-content/uploads/2019/01/image009-1024x576.jpg" alt="" width="690" height="388" /></h2>
<h2>Jury Short Films Right of Asylum and Refugees</h2>
</td>
</tr>
<tr>
<td>
<h3>Fani Boronat – General Coordinator of the Lesbian, Gay, Transsexual and Bisexual Collective of Valencia – LAMBDA</h3>
<p>Fani Boronat Chofre defines herself as a woman activist, lesbian and feminist. Born in El Ràfol d&#039;Almúnia, a town in Alicante with 400 inhabitants, she is a great witness of what it means to “be and live as a visible lesbian” in rural areas. With a degree in Social Work, she has been active in Lambda for more than 15 years, where she has grown as an activist, empowering herself as a woman and as a lesbian. For 3 years he has assumed the general coordination of the entity.</td>
</tr>
<tr>
<td>
<h3>Claudia García Giraldo – Survivor of political violence in Colombia</h3>
<p>Colombian human rights defender especially committed to the struggles of women victims of social and armed conflict.<br />
She managed to reach Spain with a program to protect human rights defenders from Amnesty International. Make bags and backpacks from recycled fabric as a symbol of the backpacks full of dreams of refugees.</td>
</tr>
<tr>
<td>
<h3>Oscar Benácer – Director</h3>
<p>Screenwriter and director. He wrote his first story when he was six years old; “With a washing machine to space.” He didn&#039;t get a publisher but his aunts really liked it. Some time later he started making short films: “Laura&#039;s Sneakers”, “Desayuno con diadema”, “Bikini” and “Apolo81” have been seen in hundreds of festivals and many television stations around the world. Between the four of them they have more than 160 awards, the Goya nomination and the Meliés d&#039;Or nomination. Despite preparing his debut work in fiction, he has written scripts for feature films and TV series. He has experience in advertising and documentaries. In 2016 he premiered “The Man Who Bottled the Sun.” He is currently in full production of the fiction series “La forastera”, the documentary series “Cuiners” and the documentary “Bastardo”. His next short “Stanbrook”, set during the Spanish Civil War, addresses the issue of refugees.</td>
</tr>
<tr>
<td>
<h2><img loading="lazy" decoding="async" class="aligncenter size-large wp-image-5063" src="https://fundacionporlajusticia.org/wp-content/uploads/2019/01/image008-1024x576.jpg" alt="" width="690" height="388" /></h2>
<h2>EDAV Jury – Award for the best development of history and research</h2>
</td>
</tr>
<tr>
<td>
<h3>Eladio Ballester</h3>
<p>Eladio Ballester Colomer, Valencia, 1958, has a degree in Law, has created and directed more than 600 advertising spots, dozens of audiovisuals, has been a scriptwriter in various other people&#039;s animation series, and created several of his own. He is also a musical author.</td>
</tr>
<tr>
<td>
<h3>Begoña Soler</h3>
<p>Begoña Soler has written and directed four short films. Among them, “La Buena Fe”, Best Spanish short at SEMINCI 2015 and shortlisted for the 2016 Goya Awards. The work has received more than twenty national and international awards. She is the creator of the series “I love Spain” and the director and screenwriter of its pilot episode. He trained in Film Direction and Screenwriting at the Valencia Film School (NUCINE). He currently works as a teacher at the Valencia Film School and writes the script for his first feature film. Begoña has worked for 10 years as a Trainer and COACH in social skills. Has experience working with people with intellectual disabilities (Bona Gent).</td>
</tr>
<tr>
<td>
<h3>Elena Gobernado</h3>
<p>Animation and creation of social communication content.<br />
He has written and participated in the development of bibles and plots for animated series such as the multi-award-winning Pocoyó or Shuriken School, sold in more than one hundred countries.<br />
She is a consultant, story editor and collaborates with several production companies and animation studios in the development of bibles and new projects.<br />
She participates in the development of content in Communication and Social Participation Projects with En Babia Comunicación, a company with which she has collaborated for years for companies such as Ayuda en Acción, FEDER, Plan... She has been a jury member and advisor at festivals such as Prime the Animation or the Julio Alejandro Screenwriting Award and participated in round tables.</td>
</tr>
</tbody>
</table>
<p>&nbsp;</p>

<p>El próximo 30 de enero de 2019 se realizará una rueda de prensa en el Aula Magna de LA NAU donde se presentarán todas las novedades de la X Edición del Festival Internacional de Cine y Derechos Humanos de Valencia HUMANS FEST. Con posterioridad a la rueda de prensa se publicará en la web el [&hellip;]</p>
