{"id":2224,"date":"2014-05-29T08:24:05","date_gmt":"2014-05-29T08:24:05","guid":{"rendered":"https:\/\/fundacionporlajusticia.accesia.info\/?page_id=8"},"modified":"2022-03-21T16:22:08","modified_gmt":"2022-03-21T16:22:08","slug":"equipo","status":"publish","type":"page","link":"https:\/\/fundacionporlajusticia.org\/en\/humansfest\/equipo\/","title":{"rendered":"TEAM 2014"},"content":{"rendered":"<p><strong>Festival Director:<\/strong><br \/>\nJavier Vilalta<\/p>\n<p><strong>Artistic and executive coordination:<\/strong><\/p>\n<p>Sandra Mora<\/p>\n<p><strong>Advisory Team:<\/strong><\/p>\n<p>Jose Antonio Hernandez<\/p>\n<p>Carles Bosch<\/p>\n<p>Giovanna Ribes<\/p>\n<p>Maria Trenor<\/p>\n<p><strong> Official Feature Film Section Programming:<\/strong><\/p>\n<p>Adriana Cabeza<\/p>\n<p>Jose Manuel Aura<\/p>\n<p>Ignacio Lopez<\/p>\n<p>Natalia Lozano<\/p>\n<p><strong>Short Film Section Programming:<\/strong><\/p>\n<p>Alvaro Yebra<\/p>\n<p><strong>Programming special passes\u00a0<\/strong><\/p>\n<p>Jose Antonio Hernandez<\/p>\n<p><strong>Communication coordinator:<\/strong><br \/>\nAdriana Cabeza<\/p>\n<p><strong>Corporate image:<\/strong><\/p>\n<p>Kathrine Silber<\/p>\n<p><strong>Volunteer Coordinator:<\/strong><br \/>\nMaria Colorado<\/p>\n<p><strong>Workshops<\/strong>\u00a0<strong>And training<\/strong>:<br \/>\nNatalia Lozano<\/p>\n<p><strong>Audiovisual training teaching unit:<\/strong><\/p>\n<p>Josep Sanmartin<\/p>\n<p><strong>\u00a0Special activities:<\/strong><\/p>\n<p>Alexia Martinez<\/p>\n<p>Paula Rausell<\/p>\n<p>Maria Cabeza<\/p>\n<p>Ll\u00facia Ros<\/p>\n<p><strong>Editorial and Blog:<\/strong><br \/>\nNacho Lopez<\/p>\n<p><strong>Design &amp; Webmaster:<\/strong><br \/>\nLuis Chia and Marta Zuriaga (Insercom)<br \/>\nFran<\/p>\n<p><strong>Social networks:<\/strong><br \/>\nSonia Bernal<\/p>\n<p><strong>Volunteers:<\/strong><br \/>\nSara Llorens Casino<br \/>\nEster Llorens Casino<br \/>\nInes Saez Albert<br \/>\nRaquel Domingo Villalba<br \/>\nJuan Manuel Chavarr\u00edas Y\u00e1\u00f1ez<br \/>\nElena Gonz\u00e1lez Bellido<br \/>\nMonica Herranz Ferreira<br \/>\nJerahy Garc\u00eda Garc\u00eda<br \/>\nAmparo Tatay<br \/>\nVanesa Mun\u00e1rriz Fabo<br \/>\nCarlos Ortiz Robles<\/p>","protected":false},"excerpt":{"rendered":"<p>Director Festival: Javier Vilalta Coordinaci\u00f3n art\u00edstica y ejecutiva: Sandra Mora Equipo Asesor: Jos\u00e9 Antonio Hern\u00e1ndez Carles Bosch Giovanna Ribes Mar\u00eda Trenor Programaci\u00f3n Secci\u00f3n Oficial Largometrajes: Adriana Cabeza Jose Manuel Aura Ignacio L\u00f3pez Natalia Lozano Programaci\u00f3n Secci\u00f3n Cortometrajes: \u00c1lvaro Yebra Programaci\u00f3n pases especiales\u00a0 Jos\u00e9 Antonio Hern\u00e1ndez Coordinadora de comunicaci\u00f3n: Adriana Cabeza Imagen corporativa: Kathrine Silber Coordinador [&hellip;]<\/p>\n","protected":false},"author":2,"featured_media":0,"parent":442,"menu_order":0,"comment_status":"open","ping_status":"closed","template":"","meta":{"_et_pb_use_builder":"","_et_pb_old_content":"","_et_gb_content_width":"","_uf_show_specific_survey":0,"_uf_disable_surveys":false,"footnotes":""},"class_list":["post-2224","page","type-page","status-publish","hentry"],"aioseo_notices":[],"_links":{"self":[{"href":"https:\/\/fundacionporlajusticia.org\/en\/wp-json\/wp\/v2\/pages\/2224","targetHints":{"allow":["GET"]}}],"collection":[{"href":"https:\/\/fundacionporlajusticia.org\/en\/wp-json\/wp\/v2\/pages"}],"about":[{"href":"https:\/\/fundacionporlajusticia.org\/en\/wp-json\/wp\/v2\/types\/page"}],"author":[{"embeddable":true,"href":"https:\/\/fundacionporlajusticia.org\/en\/wp-json\/wp\/v2\/users\/2"}],"replies":[{"embeddable":true,"href":"https:\/\/fundacionporlajusticia.org\/en\/wp-json\/wp\/v2\/comments?post=2224"}],"version-history":[{"count":1,"href":"https:\/\/fundacionporlajusticia.org\/en\/wp-json\/wp\/v2\/pages\/2224\/revisions"}],"predecessor-version":[{"id":3235,"href":"https:\/\/fundacionporlajusticia.org\/en\/wp-json\/wp\/v2\/pages\/2224\/revisions\/3235"}],"up":[{"embeddable":true,"href":"https:\/\/fundacionporlajusticia.org\/en\/wp-json\/wp\/v2\/pages\/442"}],"wp:attachment":[{"href":"https:\/\/fundacionporlajusticia.org\/en\/wp-json\/wp\/v2\/media?parent=2224"}],"curies":[{"name":"wp","href":"https:\/\/api.w.org\/{rel}","templated":true}]}}

<p><strong>Festival Director:</strong><br />
Javier Vilalta</p>
<p><strong>Artistic and executive coordination:</strong></p>
<p>Sandra Mora</p>
<p><strong>Advisory Team:</strong></p>
<p>Jose Antonio Hernandez</p>
<p>Carles Bosch</p>
<p>Giovanna Ribes</p>
<p>Maria Trenor</p>
<p><strong> Official Feature Film Section Programming:</strong></p>
<p>Adriana Cabeza</p>
<p>Jose Manuel Aura</p>
<p>Ignacio Lopez</p>
<p>Natalia Lozano</p>
<p><strong>Short Film Section Programming:</strong></p>
<p>Alvaro Yebra</p>
<p><strong>Programming special passes </strong></p>
<p>Jose Antonio Hernandez</p>
<p><strong>Communication coordinator:</strong><br />
Adriana Cabeza</p>
<p><strong>Corporate image:</strong></p>
<p>Kathrine Silber</p>
<p><strong>Volunteer Coordinator:</strong><br />
Maria Colorado</p>
<p><strong>Workshops</strong> <strong>And training</strong>:<br />
Natalia Lozano</p>
<p><strong>Audiovisual training teaching unit:</strong></p>
<p>Josep Sanmartin</p>
<p><strong> Special activities:</strong></p>
<p>Alexia Martinez</p>
<p>Paula Rausell</p>
<p>Maria Cabeza</p>
<p>Llúcia Ros</p>
<p><strong>Editorial and Blog:</strong><br />
Nacho Lopez</p>
<p><strong>Design &amp; Webmaster:</strong><br />
Luis Chia and Marta Zuriaga (Insercom)<br />
Fran</p>
<p><strong>Social networks:</strong><br />
Sonia Bernal</p>
<p><strong>Volunteers:</strong><br />
Sara Llorens Casino<br />
Ester Llorens Casino<br />
Ines Saez Albert<br />
Raquel Domingo Villalba<br />
Juan Manuel Chavarrías Yáñez<br />
Elena González Bellido<br />
Monica Herranz Ferreira<br />
Jerahy García García<br />
Amparo Tatay<br />
Vanesa Munárriz Fabo<br />
Carlos Ortiz Robles</p>

<p>Director Festival: Javier Vilalta Coordinación artística y ejecutiva: Sandra Mora Equipo Asesor: José Antonio Hernández Carles Bosch Giovanna Ribes María Trenor Programación Sección Oficial Largometrajes: Adriana Cabeza Jose Manuel Aura Ignacio López Natalia Lozano Programación Sección Cortometrajes: Álvaro Yebra Programación pases especiales  José Antonio Hernández Coordinadora de comunicación: Adriana Cabeza Imagen corporativa: Kathrine Silber Coordinador [&hellip;]</p>
