{"id":2223,"date":"2014-10-01T09:10:07","date_gmt":"2014-10-01T09:10:07","guid":{"rendered":"https:\/\/fundacionporlajusticia.accesia.info\/?page_id=350"},"modified":"2022-03-21T16:22:08","modified_gmt":"2022-03-21T16:22:08","slug":"entradas","status":"publish","type":"page","link":"https:\/\/fundacionporlajusticia.org\/en\/entradas\/","title":{"rendered":"TICKETS"},"content":{"rendered":"<p style=\"text-align: justify;\">TICKETS TO THE PREINAUGURATION OF THE FIC VALENCIA ON OCTOBER 18 AT 6:30 PM IN NAZARETH ARE COLLECTED AT THE NAZARETH YOUTH ASSOCIATION, FREE ENTRY.<\/p>\n<p style=\"text-align: justify;\">TICKETS FOR THE OFFICIAL SECTION AND ANIMATION AND HUMAN RIGHTS SECTION ARE PURCHASED AT THE FILM TICKET OFFICE AT THE PRICE OF 2 EUROS, EXCEPT FOR THE OPENING AND CLOSING WHICH ARE FREE (THE OPENING TICKET INCLUDES THE SEDA JAZZ CONCERT AT THE CLUB RIALTO).  TICKET COLLECTION 30 MINUTES BEFORE THE SCREENING.<\/p>\n<p style=\"text-align: justify;\">ENTRANCE TO THE SCREENING OF VICENTE FERRER&#039;S FILM ON SUNDAY THE 26TH AT THE IVAM IS FREE AND FREE ENTRY.<\/p>\n<p style=\"text-align: justify;\">TICKET TO THE CONCERT OF THE SOLANA GROUP ON THE 30TH AT THE IVAM AT 10:00 PM IS PURCHASED 30 MINUTES BEFORE THE CONCERT AT THE IVAM. DONATION PRICE 2 EUROS.<\/p>","protected":false},"excerpt":{"rendered":"<p>LAS ENTRADAS A LA PREINAUGURACI\u00d3N DEL FIC VALENCIA EL 18 DE OCTUBRE A LAS 18.30 EN NAZARET SE RECOGEN EN LA ASOCIACI\u00d3N JUVENIL DE NAZARET, ENTRADA GRATUITA. LAS ENTRADAS DE LA SECCI\u00d3N OFICIAL Y SECCI\u00d3N ANIMACI\u00d3N Y DERECHOS HUMANOS SE ADQUIEREN EN LAS TAQUILLAS DE LA FILMOTECA AL PRECIO DE 2 EUROS, A EXCEPCI\u00d3N DE [&hellip;]<\/p>\n","protected":false},"author":2,"featured_media":0,"parent":0,"menu_order":0,"comment_status":"open","ping_status":"closed","template":"","meta":{"_et_pb_use_builder":"","_et_pb_old_content":"","_et_gb_content_width":"","_uf_show_specific_survey":0,"_uf_disable_surveys":false,"footnotes":""},"class_list":["post-2223","page","type-page","status-publish","hentry"],"aioseo_notices":[],"_links":{"self":[{"href":"https:\/\/fundacionporlajusticia.org\/en\/wp-json\/wp\/v2\/pages\/2223","targetHints":{"allow":["GET"]}}],"collection":[{"href":"https:\/\/fundacionporlajusticia.org\/en\/wp-json\/wp\/v2\/pages"}],"about":[{"href":"https:\/\/fundacionporlajusticia.org\/en\/wp-json\/wp\/v2\/types\/page"}],"author":[{"embeddable":true,"href":"https:\/\/fundacionporlajusticia.org\/en\/wp-json\/wp\/v2\/users\/2"}],"replies":[{"embeddable":true,"href":"https:\/\/fundacionporlajusticia.org\/en\/wp-json\/wp\/v2\/comments?post=2223"}],"version-history":[{"count":1,"href":"https:\/\/fundacionporlajusticia.org\/en\/wp-json\/wp\/v2\/pages\/2223\/revisions"}],"predecessor-version":[{"id":3494,"href":"https:\/\/fundacionporlajusticia.org\/en\/wp-json\/wp\/v2\/pages\/2223\/revisions\/3494"}],"wp:attachment":[{"href":"https:\/\/fundacionporlajusticia.org\/en\/wp-json\/wp\/v2\/media?parent=2223"}],"curies":[{"name":"wp","href":"https:\/\/api.w.org\/{rel}","templated":true}]}}

<p>LAS ENTRADAS A LA PREINAUGURACIÓN DEL FIC VALENCIA EL 18 DE OCTUBRE A LAS 18.30 EN NAZARET SE RECOGEN EN LA ASOCIACIÓN JUVENIL DE NAZARET, ENTRADA GRATUITA. LAS ENTRADAS DE LA SECCIÓN OFICIAL Y SECCIÓN ANIMACIÓN Y DERECHOS HUMANOS SE ADQUIEREN EN LAS TAQUILLAS DE LA FILMOTECA AL PRECIO DE 2 EUROS, A EXCEPCIÓN DE [&hellip;]</p>
