{"id":2200,"date":"2021-02-02T08:40:58","date_gmt":"2021-02-02T08:40:58","guid":{"rendered":"https:\/\/fundacionporlajusticia.accesia.info\/?page_id=6543"},"modified":"2022-03-21T16:21:52","modified_gmt":"2022-03-21T16:21:52","slug":"2021-sedes","status":"publish","type":"page","link":"https:\/\/fundacionporlajusticia.org\/en\/humansfest\/2021-x-edicion\/2021-sedes\/","title":{"rendered":"2021 \u2013 Headquarters"},"content":{"rendered":"<p>The Festival will be held in the following cultural venues in Valencia and surrounding areas:<\/p>\n<h2>SGAE FOUNDATION<\/h2>\n<p><strong>Humans VLC<\/strong><br \/>\nCarrer de la Blanqueria, 6<br \/>\nVal\u00e8ncia<br \/>\n<strong>\ud83d\udccd<a href=\"https:\/\/goo.gl\/maps\/Wt479uc1rW4ddY8P6\">Map<\/a><\/strong><\/p>\n<h2>OCTOBER CONTEMPORARY CULTURE CENTER<\/h2>\n<p><strong> Official Short Film Section<\/strong><br \/>\nCarrer de Sant Ferran, 12<br \/>\nVal\u00e8ncia<br \/>\n<strong>\ud83d\udccd<a href=\"https:\/\/goo.gl\/maps\/WDYGwT9D4xtvBYC16\">Map<\/a><\/strong><\/p>\n<h2>THE FILMTECA<\/h2>\n<p><strong>Official Feature Film Section<\/strong><br \/>\nRialto Building<br \/>\nTown Hall Square, 17<br \/>\n46002 Valencia<br \/>\nHumans Fest Headquarters<br \/>\n<strong>\ud83d\udccd<a href=\"https:\/\/goo.gl\/maps\/dgd8evpvwwdLAqf9A\">Map<\/a><\/strong><\/p>\n<h2>LA BENEFIC\u00c8NCIA CULTURAL CENTER<\/h2>\n<p><strong>Finery<\/strong><br \/>\nCarrer de la Corona, 36<br \/>\nValencia<br \/>\n<strong>\ud83d\udccd<a href=\"https:\/\/goo.gl\/maps\/kR7JPUirc3LEPo2CA\">Map<\/a><br \/>\n<\/strong><\/p>\n<h2>CINESTUDIO D&#039;OR<\/h2>\n<p><strong>Short Films Section<\/strong><br \/>\nCarrer de l&#039;Almirall Cadarso, 31<br \/>\nValencia<br \/>\n<strong>\ud83d\udccd<a href=\"https:\/\/goo.gl\/maps\/x5LT1bT2LshwHo8j8\">Map<\/a><\/strong><\/p>\n<h2>LA NAU CULTURAL CENTER<\/h2>\n<p><strong>Special Section<\/strong><br \/>\nUniversitat Street, 2<br \/>\nValencia<br \/>\n<strong>\ud83d\udccd<a href=\"https:\/\/goo.gl\/maps\/DeDyy4bjCFYVwSat9\">Map<\/a><\/strong><\/p>","protected":false},"excerpt":{"rendered":"<p>El Festival se celebrar\u00e1 en las siguientes sedes culturales de Valencia y alrededores: FUNDACI\u00d3N SGAE Humans VLC Carrer de la Blanqueria, 6 Val\u00e8ncia &#x1f4cd;Mapa OCTUBRE CENTRE DE CULTURA CONTEMPOR\u00c0NIA Secci\u00f3n Oficial de Cortos Carrer de Sant Ferran, 12 Val\u00e8ncia &#x1f4cd;Mapa LA FILMOTECA Secci\u00f3n Oficial de Largometrajes Edificio Rialto Plaza del Ayuntamiento, 17 46002 Val\u00e8ncia Sede [&hellip;]<\/p>\n","protected":false},"author":2,"featured_media":0,"parent":2186,"menu_order":3,"comment_status":"closed","ping_status":"closed","template":"","meta":{"_et_pb_use_builder":"","_et_pb_old_content":"","_et_gb_content_width":"","_uf_show_specific_survey":0,"_uf_disable_surveys":false,"footnotes":""},"class_list":["post-2200","page","type-page","status-publish","hentry"],"aioseo_notices":[],"_links":{"self":[{"href":"https:\/\/fundacionporlajusticia.org\/en\/wp-json\/wp\/v2\/pages\/2200","targetHints":{"allow":["GET"]}}],"collection":[{"href":"https:\/\/fundacionporlajusticia.org\/en\/wp-json\/wp\/v2\/pages"}],"about":[{"href":"https:\/\/fundacionporlajusticia.org\/en\/wp-json\/wp\/v2\/types\/page"}],"author":[{"embeddable":true,"href":"https:\/\/fundacionporlajusticia.org\/en\/wp-json\/wp\/v2\/users\/2"}],"replies":[{"embeddable":true,"href":"https:\/\/fundacionporlajusticia.org\/en\/wp-json\/wp\/v2\/comments?post=2200"}],"version-history":[{"count":1,"href":"https:\/\/fundacionporlajusticia.org\/en\/wp-json\/wp\/v2\/pages\/2200\/revisions"}],"predecessor-version":[{"id":3487,"href":"https:\/\/fundacionporlajusticia.org\/en\/wp-json\/wp\/v2\/pages\/2200\/revisions\/3487"}],"up":[{"embeddable":true,"href":"https:\/\/fundacionporlajusticia.org\/en\/wp-json\/wp\/v2\/pages\/2186"}],"wp:attachment":[{"href":"https:\/\/fundacionporlajusticia.org\/en\/wp-json\/wp\/v2\/media?parent=2200"}],"curies":[{"name":"wp","href":"https:\/\/api.w.org\/{rel}","templated":true}]}}

<p>The Festival will be held in the following cultural venues in Valencia and surrounding areas:</p>
<h2>SGAE FOUNDATION</h2>
<p><strong>Humans VLC</strong><br />
Carrer de la Blanqueria, 6<br />
València<br />
<strong>📍<a href="https://goo.gl/maps/Wt479uc1rW4ddY8P6">Map</a></strong></p>
<h2>OCTOBER CONTEMPORARY CULTURE CENTER</h2>
<p><strong> Official Short Film Section</strong><br />
Carrer de Sant Ferran, 12<br />
València<br />
<strong>📍<a href="https://goo.gl/maps/WDYGwT9D4xtvBYC16">Map</a></strong></p>
<h2>THE FILMTECA</h2>
<p><strong>Official Feature Film Section</strong><br />
Rialto Building<br />
Town Hall Square, 17<br />
46002 Valencia<br />
Humans Fest Headquarters<br />
<strong>📍<a href="https://goo.gl/maps/dgd8evpvwwdLAqf9A">Map</a></strong></p>
<h2>LA BENEFICÈNCIA CULTURAL CENTER</h2>
<p><strong>Finery</strong><br />
Carrer de la Corona, 36<br />
Valencia<br />
<strong>📍<a href="https://goo.gl/maps/kR7JPUirc3LEPo2CA">Map</a><br />
</strong></p>
<h2>CINESTUDIO D&#039;OR</h2>
<p><strong>Short Films Section</strong><br />
Carrer de l&#039;Almirall Cadarso, 31<br />
Valencia<br />
<strong>📍<a href="https://goo.gl/maps/x5LT1bT2LshwHo8j8">Map</a></strong></p>
<h2>LA NAU CULTURAL CENTER</h2>
<p><strong>Special Section</strong><br />
Universitat Street, 2<br />
Valencia<br />
<strong>📍<a href="https://goo.gl/maps/DeDyy4bjCFYVwSat9">Map</a></strong></p>

<p>El Festival se celebrará en las siguientes sedes culturales de Valencia y alrededores: FUNDACIÓN SGAE Humans VLC Carrer de la Blanqueria, 6 València &#x1f4cd;Mapa OCTUBRE CENTRE DE CULTURA CONTEMPORÀNIA Sección Oficial de Cortos Carrer de Sant Ferran, 12 València &#x1f4cd;Mapa LA FILMOTECA Sección Oficial de Largometrajes Edificio Rialto Plaza del Ayuntamiento, 17 46002 València Sede [&hellip;]</p>
