{"id":2183,"date":"2019-10-03T09:09:56","date_gmt":"2019-10-03T09:09:56","guid":{"rendered":"https:\/\/fundacionporlajusticia.accesia.info\/?page_id=5766"},"modified":"2022-03-21T16:21:33","modified_gmt":"2022-03-21T16:21:33","slug":"2020-noticias","status":"publish","type":"page","link":"https:\/\/fundacionporlajusticia.org\/en\/humansfest\/2020-edicion\/2020-noticias\/","title":{"rendered":"2020 \u2013 News"},"content":{"rendered":"<h2>News<br><\/h2>\n<hr>\n\n\n\n<h4 style=\"color:#002b9e;\">20 minutes | 01\/20\/2020<\/h4>\n<p><strong>Corruption, motto of the Humans Fest 2020 that will feature fiction films <\/strong>\n<br>The International Human Rights Film Festival Humans Fest 2020, which will take place from February 18 to March 1, has corruption as its motto and incorporates as novelties in this 11th edition fiction films and a section of Valencian short films related to social art.\n<br><a href=\"https:\/\/www.20minutos.es\/noticia\/4135032\/0\/la-corrupcion-lema-del-humans-fest-2020-que-tendra-como-novedad-peliculas-de-ficcion\/\" target=\"_blank\" rel=\"noopener noreferrer\">Read the news<\/a><\/p>\n\n<h4 style=\"color:#002b9e;\">The Vanguard | 09\/24\/2019<\/h4>\n<p><strong>Filmmaker Samuel Sebasti\u00e1n takes the reins of Humans Fest in an edition that will support local production <\/strong>\n<br>The festival is committed to reducing environmental impact through the creation of Humans Film-Zero: the creation of ecological film productions that use recycled paper and have zero ecological footprint.\n<br><a href=\"https:\/\/www.lavanguardia.com\/local\/valencia\/20190924\/47620308585\/el-cineasta-samuel-sebastian-toma-las-riendas-de-humans-fest-en-una-edicion-que-apoyara-la-produccion-local.html\" target=\"_blank\" rel=\"noopener noreferrer\">Read the news<\/a><\/p>\n\n<h4 style=\"color:#002b9e;\">Valencia Plaza \u2013 Culturplaza | 09\/24\/2019<\/h4>\n<p><strong>The Humans Fest raises awareness about the climate emergency in its 11th edition <\/strong>\n<br>The festival is committed to reducing environmental impact through the creation of Humans Film-Zero: the creation of ecological film productions that use recycled paper and have zero ecological footprint.\n<br><a href=\"https:\/\/valenciaplaza.com\/el-humans-fest-celebra-su-xi-edicion-presentando-el-humans-film-zero\" target=\"_blank\" rel=\"noopener noreferrer\">Read the news<\/a><\/p>\n\n<h4 style=\"color:#002b9e;\">20 minutes | 09\/24\/2019<\/h4>\n<p><strong>Filmmaker Samuel Sebasti\u00e1n takes the reins of Humans Fest in an edition that will support local production<\/strong>\n<br>The Val\u00e8ncia International Film and Human Rights Festival Humans Fest will celebrate its eleventh edition from February 21 to March 1, with the filmmaker and film manager Samuel Sebasti\u00e1n as the new director. This edition will seek to support local Valencian productions and make a commitment against the climate emergency.\n<br><a href=\"https:\/\/www.20minutos.es\/noticia\/3776131\/0\/cineasta-samuel-sebastian-toma-riendas-humans-fest-edicion-que-apoyara-produccion-local\/\" target=\"_blank\" rel=\"noopener noreferrer\">Read the news<\/p>","protected":false},"excerpt":{"rendered":"<p>Noticias 20minutos | 20.01.2020 La corrupci\u00f3n, lema del Humans Fest 2020 que tendr\u00e1 como novedad pel\u00edculas de ficci\u00f3n El Festival de Cine Internacional de Derechos Humanos Humans Fest 2020, que tendr\u00e1 lugar del 18 de febrero al 1 de marzo, tiene como lema la corrupci\u00f3n e incorpora como novedades en esta XI edici\u00f3n las pel\u00edculas [&hellip;]<\/p>\n","protected":false},"author":2,"featured_media":0,"parent":2079,"menu_order":0,"comment_status":"closed","ping_status":"closed","template":"","meta":{"_et_pb_use_builder":"","_et_pb_old_content":"","_et_gb_content_width":"","_uf_show_specific_survey":0,"_uf_disable_surveys":false,"footnotes":""},"class_list":["post-2183","page","type-page","status-publish","hentry"],"aioseo_notices":[],"_links":{"self":[{"href":"https:\/\/fundacionporlajusticia.org\/en\/wp-json\/wp\/v2\/pages\/2183","targetHints":{"allow":["GET"]}}],"collection":[{"href":"https:\/\/fundacionporlajusticia.org\/en\/wp-json\/wp\/v2\/pages"}],"about":[{"href":"https:\/\/fundacionporlajusticia.org\/en\/wp-json\/wp\/v2\/types\/page"}],"author":[{"embeddable":true,"href":"https:\/\/fundacionporlajusticia.org\/en\/wp-json\/wp\/v2\/users\/2"}],"replies":[{"embeddable":true,"href":"https:\/\/fundacionporlajusticia.org\/en\/wp-json\/wp\/v2\/comments?post=2183"}],"version-history":[{"count":2,"href":"https:\/\/fundacionporlajusticia.org\/en\/wp-json\/wp\/v2\/pages\/2183\/revisions"}],"predecessor-version":[{"id":3480,"href":"https:\/\/fundacionporlajusticia.org\/en\/wp-json\/wp\/v2\/pages\/2183\/revisions\/3480"}],"up":[{"embeddable":true,"href":"https:\/\/fundacionporlajusticia.org\/en\/wp-json\/wp\/v2\/pages\/2079"}],"wp:attachment":[{"href":"https:\/\/fundacionporlajusticia.org\/en\/wp-json\/wp\/v2\/media?parent=2183"}],"curies":[{"name":"wp","href":"https:\/\/api.w.org\/{rel}","templated":true}]}}

<h2>News<br></h2>
<hr>



<h4 style="color:#002b9e;">20 minutes | 01/20/2020</h4>
<p><strong>Corruption, motto of the Humans Fest 2020 that will feature fiction films </strong>
<br>The International Human Rights Film Festival Humans Fest 2020, which will take place from February 18 to March 1, has corruption as its motto and incorporates as novelties in this 11th edition fiction films and a section of Valencian short films related to social art.
<br><a href="https://www.20minutos.es/noticia/4135032/0/la-corrupcion-lema-del-humans-fest-2020-que-tendra-como-novedad-peliculas-de-ficcion/" target="_blank" rel="noopener noreferrer">Read the news</a></p>

<h4 style="color:#002b9e;">The Vanguard | 09/24/2019</h4>
<p><strong>Filmmaker Samuel Sebastián takes the reins of Humans Fest in an edition that will support local production </strong>
<br>The festival is committed to reducing environmental impact through the creation of Humans Film-Zero: the creation of ecological film productions that use recycled paper and have zero ecological footprint.
<br><a href="https://www.lavanguardia.com/local/valencia/20190924/47620308585/el-cineasta-samuel-sebastian-toma-las-riendas-de-humans-fest-en-una-edicion-que-apoyara-la-produccion-local.html" target="_blank" rel="noopener noreferrer">Read the news</a></p>

<h4 style="color:#002b9e;">Valencia Plaza – Culturplaza | 09/24/2019</h4>
<p><strong>The Humans Fest raises awareness about the climate emergency in its 11th edition </strong>
<br>The festival is committed to reducing environmental impact through the creation of Humans Film-Zero: the creation of ecological film productions that use recycled paper and have zero ecological footprint.
<br><a href="https://valenciaplaza.com/el-humans-fest-celebra-su-xi-edicion-presentando-el-humans-film-zero" target="_blank" rel="noopener noreferrer">Read the news</a></p>

<h4 style="color:#002b9e;">20 minutes | 09/24/2019</h4>
<p><strong>Filmmaker Samuel Sebastián takes the reins of Humans Fest in an edition that will support local production</strong>
<br>The València International Film and Human Rights Festival Humans Fest will celebrate its eleventh edition from February 21 to March 1, with the filmmaker and film manager Samuel Sebastián as the new director. This edition will seek to support local Valencian productions and make a commitment against the climate emergency.
<br><a href="https://www.20minutos.es/noticia/3776131/0/cineasta-samuel-sebastian-toma-riendas-humans-fest-edicion-que-apoyara-produccion-local/" target="_blank" rel="noopener noreferrer">Read the news</p>

<p>Noticias 20minutos | 20.01.2020 La corrupción, lema del Humans Fest 2020 que tendrá como novedad películas de ficción El Festival de Cine Internacional de Derechos Humanos Humans Fest 2020, que tendrá lugar del 18 de febrero al 1 de marzo, tiene como lema la corrupción e incorpora como novedades en esta XI edición las películas [&hellip;]</p>
