{"id":2135,"date":"2019-01-30T16:16:38","date_gmt":"2019-01-30T16:16:38","guid":{"rendered":"https:\/\/fundacionporlajusticia.accesia.info\/es\/?page_id=5149"},"modified":"2022-03-21T16:20:07","modified_gmt":"2022-03-21T16:20:07","slug":"2020-cine-romani","status":"publish","type":"page","link":"https:\/\/fundacionporlajusticia.org\/en\/humansfest\/2020-edicion\/2020-programacion\/2020-seccion-especial\/2020-cine-romani\/","title":{"rendered":"2020 \u2013 Roma Cinema"},"content":{"rendered":"<h2>CCC CARME<\/h2>\n<p>In collaboration with VEVERIPEN \u2013 Roms for diversity<\/p>\n<p><strong>FRIDAY 15 FEB | 18:30h<br \/>\n<\/strong>Projection:<\/p>\n<ul>\n<li><strong>I REMEMBER<\/strong> by Nanuk Audiovisual, Gypsies in Aragon during the Civil War<\/li>\n<li><strong>A NIGHT NOT TO BE OBLIGATED<\/strong> by Roman\u00f3 Film, Associaci\u00f3 Intercultural Nakeramos<\/li>\n<\/ul>\n<p>DEBATE: \u00abRoma Historical Memory, The Forgotten\u00bb<br \/>\nParticipating: Nanuk Productions, Maria R. Jimenez and Graziano Halilovic, BARCELONA<\/p>\n<p><strong>SATURDAY 16 FEB | 18:30h<br \/>\n<\/strong>Projection:<\/p>\n<ul>\n<li><strong>ROMANIA<\/strong> by Pablo Vega<\/li>\n<li><strong>ANTONIA<\/strong> of Gypsies with Word<\/li>\n<\/ul>\n<p>DEBATE: \u00abAudiovisual World: how to be Roma and not lose yourself in the attempt\u00bb<br \/>\nParticipating are the Romani actresses Coco Reyes (Granada) and Celia Montoya, winner of the 2017 Gypsy Culture Institute Award<\/p>\n<p><strong>SUNDAY 17 FEB | 18:30h<br \/>\n<\/strong>Morning animation:<\/p>\n<ul>\n<li><strong>The Gypsy Woman and the Devil<\/strong> (2014)<\/li>\n<li><strong>Kalo<\/strong> (2015)<\/li>\n<li><strong>Doja, the Gypsy Fairy<\/strong> (2015)<\/li>\n<\/ul>","protected":false},"excerpt":{"rendered":"<p>CCC CARME En colaboraci\u00f3n con VEVERIPEN &#8211; Roms por la diversidad VIERNES 15 FEB | 18:30h Proyecci\u00f3n: YO ME ACUERDO de Nanuk Audiovisual, Gitanxs en Arag\u00f3n durante la Guerra Civil UNA NIT PER NO OBLIDAR de Roman\u00f3 Film, Associaci\u00f3 Intercultural Nakeramos DEBATE: \u00a0\u00abMemoria Hist\u00f3rica Roman\u00ed, Los y las Olvidadas\u00bb Participa: Nanuk \u00a0Producciones, Mar\u00eda R. Jim\u00e9nez [&hellip;]<\/p>\n","protected":false},"author":2,"featured_media":0,"parent":2127,"menu_order":1,"comment_status":"closed","ping_status":"closed","template":"","meta":{"_et_pb_use_builder":"","_et_pb_old_content":"","_et_gb_content_width":"","_uf_show_specific_survey":0,"_uf_disable_surveys":false,"footnotes":""},"class_list":["post-2135","page","type-page","status-publish","hentry"],"aioseo_notices":[],"_links":{"self":[{"href":"https:\/\/fundacionporlajusticia.org\/en\/wp-json\/wp\/v2\/pages\/2135","targetHints":{"allow":["GET"]}}],"collection":[{"href":"https:\/\/fundacionporlajusticia.org\/en\/wp-json\/wp\/v2\/pages"}],"about":[{"href":"https:\/\/fundacionporlajusticia.org\/en\/wp-json\/wp\/v2\/types\/page"}],"author":[{"embeddable":true,"href":"https:\/\/fundacionporlajusticia.org\/en\/wp-json\/wp\/v2\/users\/2"}],"replies":[{"embeddable":true,"href":"https:\/\/fundacionporlajusticia.org\/en\/wp-json\/wp\/v2\/comments?post=2135"}],"version-history":[{"count":1,"href":"https:\/\/fundacionporlajusticia.org\/en\/wp-json\/wp\/v2\/pages\/2135\/revisions"}],"predecessor-version":[{"id":3468,"href":"https:\/\/fundacionporlajusticia.org\/en\/wp-json\/wp\/v2\/pages\/2135\/revisions\/3468"}],"up":[{"embeddable":true,"href":"https:\/\/fundacionporlajusticia.org\/en\/wp-json\/wp\/v2\/pages\/2127"}],"wp:attachment":[{"href":"https:\/\/fundacionporlajusticia.org\/en\/wp-json\/wp\/v2\/media?parent=2135"}],"curies":[{"name":"wp","href":"https:\/\/api.w.org\/{rel}","templated":true}]}}

<h2>CCC CARME</h2>
<p>In collaboration with VEVERIPEN – Roms for diversity</p>
<p><strong>FRIDAY 15 FEB | 18:30h<br />
</strong>Projection:</p>
<ul>
<li><strong>I REMEMBER</strong> by Nanuk Audiovisual, Gypsies in Aragon during the Civil War</li>
<li><strong>A NIGHT NOT TO BE OBLIGATED</strong> by Romanó Film, Associació Intercultural Nakeramos</li>
</ul>
<p>DEBATE: «Roma Historical Memory, The Forgotten»<br />
Participating: Nanuk Productions, Maria R. Jimenez and Graziano Halilovic, BARCELONA</p>
<p><strong>SATURDAY 16 FEB | 18:30h<br />
</strong>Projection:</p>
<ul>
<li><strong>ROMANIA</strong> by Pablo Vega</li>
<li><strong>ANTONIA</strong> of Gypsies with Word</li>
</ul>
<p>DEBATE: «Audiovisual World: how to be Roma and not lose yourself in the attempt»<br />
Participating are the Romani actresses Coco Reyes (Granada) and Celia Montoya, winner of the 2017 Gypsy Culture Institute Award</p>
<p><strong>SUNDAY 17 FEB | 18:30h<br />
</strong>Morning animation:</p>
<ul>
<li><strong>The Gypsy Woman and the Devil</strong> (2014)</li>
<li><strong>Kalo</strong> (2015)</li>
<li><strong>Doja, the Gypsy Fairy</strong> (2015)</li>
</ul>

<p>CCC CARME En colaboración con VEVERIPEN &#8211; Roms por la diversidad VIERNES 15 FEB | 18:30h Proyección: YO ME ACUERDO de Nanuk Audiovisual, Gitanxs en Aragón durante la Guerra Civil UNA NIT PER NO OBLIDAR de Romanó Film, Associació Intercultural Nakeramos DEBATE:  «Memoria Histórica Romaní, Los y las Olvidadas» Participa: Nanuk  Producciones, María R. Jiménez [&hellip;]</p>
