{"id":2066,"date":"2019-01-23T18:26:02","date_gmt":"2019-01-23T18:26:02","guid":{"rendered":"https:\/\/fundacionporlajusticia.accesia.info\/es\/?page_id=5087"},"modified":"2022-03-26T07:58:25","modified_gmt":"2022-03-26T07:58:25","slug":"2018-seccion-1-minuto-1-derecho","status":"publish","type":"page","link":"https:\/\/fundacionporlajusticia.org\/en\/humansfest\/2018-iv-edicion\/2018-seccion-1-minuto-1-derecho\/","title":{"rendered":"2018 \u2013 SECTION 1 MINUTE, 1 RIGHT"},"content":{"rendered":"<table>\n<tbody>\n<tr>\n<td colspan=\"2\">\n<h2>A child story<\/h2>\n<\/td>\n<\/tr>\n<tr>\n<td><\/td>\n<td><strong>Center: <\/strong>EASD \u2013 Escola d&#039;Art Superi\u00f3 i Disseny de Val\u00e9ncia<br \/>\n<strong>Director:<\/strong> Eva Donat<br \/>\n<strong>Duration:<\/strong> 1:30<br \/>\n<strong>Synopsis:<\/strong> The brief story of a little boy reminds us of the International Day for the Rights of Boys and Girls.<\/td>\n<\/tr>\n<tr>\n<td colspan=\"2\">\n<h2>\u00a0All in<\/h2>\n<\/td>\n<\/tr>\n<tr>\n<td>&nbsp;<\/td>\n<td>\u00a0<strong>Center: <\/strong>Joan Comenius School<br \/>\n<strong>Director:<\/strong> Vicente Cosin Albert<br \/>\n<strong>Duration:<\/strong> 1:29<br \/>\n<strong>Synopsis:<\/strong> Who stands up for the rights of refugees?<\/td>\n<\/tr>\n<tr>\n<td colspan=\"2\">\n<h2>Human rights<\/h2>\n<\/td>\n<\/tr>\n<tr>\n<td>&nbsp;<\/td>\n<td>\u00a0<strong>Center: <\/strong>IES La Mola<br \/>\n<strong>Directors: <\/strong>Enrique Mart\u00ednez, Patricia Pay\u00e1 and Gaudre Cijunskyte<br \/>\n<strong>Duration:<\/strong> 1:10<br \/>\n<strong>Synopsis:<\/strong> Reflecting on our privileges.<\/td>\n<\/tr>\n<tr>\n<td colspan=\"2\">\n<h2>Mig Buit\/Half Empty<\/h2>\n<\/td>\n<\/tr>\n<tr>\n<td>&nbsp;<\/td>\n<td><strong>Director:<\/strong> Carles L\u00f3pez Cerezuela<br \/>\n<strong>Duration:<\/strong> 1:46<br \/>\n<strong>Synopsis:<\/strong> A man is stuck at home without water.<\/td>\n<\/tr>\n<tr>\n<td colspan=\"2\">\n<h2>Sorority<\/h2>\n<\/td>\n<\/tr>\n<tr>\n<td><\/td>\n<td><strong>Center: <\/strong>EASD \u2013 Escola d&#039;Art Superi\u00f3 i Disseny de Val\u00e9ncia<br \/>\n<strong>Director:<\/strong> Monica Parra<br \/>\n<strong>Duration:<\/strong> 1:34<br \/>\n<strong>Synopsis:<\/strong> An unstoppable chain of help and generosity among our girls.<\/td>\n<\/tr>\n<tr>\n<td colspan=\"2\">\n<h2>be you<\/h2>\n<\/td>\n<\/tr>\n<tr>\n<td><\/td>\n<td><strong>Center: <\/strong>EASD \u2013 Escola d&#039;Art Superi\u00f3 i Disseny de Val\u00e9ncia<br \/>\n<strong>Director:<\/strong> Andrea Linares<br \/>\n<strong>Synopsis:<\/strong> You are not a boy, you are not a girl, you are simply you.<\/td>\n<\/tr>\n<tr>\n<td colspan=\"2\">\n<h2>The Apple<\/h2>\n<\/td>\n<\/tr>\n<tr>\n<td>&nbsp;<\/td>\n<td><strong>Center: <\/strong>Joan Comenius School<br \/>\n<strong>Director:<\/strong> Mireia Rabal<br \/>\n<strong>Duration:<\/strong> 1:00<br \/>\n<strong>Synopsis: <\/strong>Two children, influenced by the prejudices of adults, have an encounter that will make them change their visions.<\/td>\n<\/tr>\n<tr>\n<td colspan=\"2\">\n<h2>One less<\/h2>\n<\/td>\n<\/tr>\n<tr>\n<td>&nbsp;<\/td>\n<td><strong>Center: <\/strong>Joan Comenius School<br \/>\n<strong>Director:<\/strong> Andreu Picher and Claudia Seco<br \/>\n<strong>Duration:<\/strong> 1:31<br \/>\n<strong>Synopsis:<\/strong> What is a backpack for you?<\/td>\n<\/tr>\n<tr>\n<td colspan=\"2\">\n<h2>Where are your rights?<\/h2>\n<\/td>\n<\/tr>\n<tr>\n<td>&nbsp;<\/td>\n<td><strong>Center: <\/strong>IES La Mola<br \/>\n<strong>Director:<\/strong> Toni Seller<br \/>\n<strong>Duration:<\/strong> 1:00<br \/>\n<strong>Synopsis: <\/strong>Violations of human rights that we often do not see.<\/td>\n<\/tr>\n<tr>\n<td colspan=\"2\">\n<h2>Welcome<\/h2>\n<\/td>\n<\/tr>\n<tr>\n<td>&nbsp;<\/td>\n<td><strong>Center: <\/strong>Joan Comenius School<br \/>\n<strong>Director:<\/strong> Pablo Chirivella and H\u00e9ctor Sebasti\u00e0<br \/>\n<strong>Duration:<\/strong> 1:39<br \/>\n<strong>Synopsis:<\/strong> We cannot expect those at the top to solve these problems, each of us has a lot to contribute.<\/td>\n<\/tr>\n<tr>\n<td colspan=\"2\">\n<h2>Daily<\/h2>\n<\/td>\n<\/tr>\n<tr>\n<td>&nbsp;<\/td>\n<td><strong>Center: <\/strong>EASD \u2013 Escola d&#039;Art Superi\u00f3 i Disseny de Val\u00e9ncia<br \/>\n<strong>Director:<\/strong> Marta D\u00edaz Grimaldos and Mar\u00eda Benet<br \/>\n<strong>Synopsis:<\/strong> Sexual assault on girls and adolescents is more common than you think.<\/td>\n<\/tr>\n<\/tbody>\n<\/table>","protected":false},"excerpt":{"rendered":"<p>A child story Centro: EASD \u2013 Escola d\u2019Art Superi\u00f3 i Disseny de Val\u00e9ncia Director: Eva Donat Duraci\u00f3n: 1:30 Sinopsis: La breve historia de un chiquillo nos recuerda el d\u00eda internacional de los derechos de los ni\u00f1os y las ni\u00f1as. \u00a0All in &nbsp; \u00a0Centro: Colegio Joan Comenius Director: Vicente Cos\u00edn Albert Duraci\u00f3n: 1:29 Sinopsis: \u00bfQui\u00e9n da [&hellip;]<\/p>\n","protected":false},"author":2,"featured_media":0,"parent":2051,"menu_order":3,"comment_status":"closed","ping_status":"closed","template":"","meta":{"_et_pb_use_builder":"","_et_pb_old_content":"","_et_gb_content_width":"","_uf_show_specific_survey":0,"_uf_disable_surveys":false,"footnotes":""},"class_list":["post-2066","page","type-page","status-publish","hentry"],"aioseo_notices":[],"_links":{"self":[{"href":"https:\/\/fundacionporlajusticia.org\/en\/wp-json\/wp\/v2\/pages\/2066","targetHints":{"allow":["GET"]}}],"collection":[{"href":"https:\/\/fundacionporlajusticia.org\/en\/wp-json\/wp\/v2\/pages"}],"about":[{"href":"https:\/\/fundacionporlajusticia.org\/en\/wp-json\/wp\/v2\/types\/page"}],"author":[{"embeddable":true,"href":"https:\/\/fundacionporlajusticia.org\/en\/wp-json\/wp\/v2\/users\/2"}],"replies":[{"embeddable":true,"href":"https:\/\/fundacionporlajusticia.org\/en\/wp-json\/wp\/v2\/comments?post=2066"}],"version-history":[{"count":2,"href":"https:\/\/fundacionporlajusticia.org\/en\/wp-json\/wp\/v2\/pages\/2066\/revisions"}],"predecessor-version":[{"id":3455,"href":"https:\/\/fundacionporlajusticia.org\/en\/wp-json\/wp\/v2\/pages\/2066\/revisions\/3455"}],"up":[{"embeddable":true,"href":"https:\/\/fundacionporlajusticia.org\/en\/wp-json\/wp\/v2\/pages\/2051"}],"wp:attachment":[{"href":"https:\/\/fundacionporlajusticia.org\/en\/wp-json\/wp\/v2\/media?parent=2066"}],"curies":[{"name":"wp","href":"https:\/\/api.w.org\/{rel}","templated":true}]}}

<table>
<tbody>
<tr>
<td colspan="2">
<h2>A child story</h2>
</td>
</tr>
<tr>
<td></td>
<td><strong>Center: </strong>EASD – Escola d&#039;Art Superió i Disseny de Valéncia<br />
<strong>Director:</strong> Eva Donat<br />
<strong>Duration:</strong> 1:30<br />
<strong>Synopsis:</strong> The brief story of a little boy reminds us of the International Day for the Rights of Boys and Girls.</td>
</tr>
<tr>
<td colspan="2">
<h2> All in</h2>
</td>
</tr>
<tr>
<td>&nbsp;</td>
<td> <strong>Center: </strong>Joan Comenius School<br />
<strong>Director:</strong> Vicente Cosin Albert<br />
<strong>Duration:</strong> 1:29<br />
<strong>Synopsis:</strong> Who stands up for the rights of refugees?</td>
</tr>
<tr>
<td colspan="2">
<h2>Human rights</h2>
</td>
</tr>
<tr>
<td>&nbsp;</td>
<td> <strong>Center: </strong>IES La Mola<br />
<strong>Directors: </strong>Enrique Martínez, Patricia Payá and Gaudre Cijunskyte<br />
<strong>Duration:</strong> 1:10<br />
<strong>Synopsis:</strong> Reflecting on our privileges.</td>
</tr>
<tr>
<td colspan="2">
<h2>Mig Buit/Half Empty</h2>
</td>
</tr>
<tr>
<td>&nbsp;</td>
<td><strong>Director:</strong> Carles López Cerezuela<br />
<strong>Duration:</strong> 1:46<br />
<strong>Synopsis:</strong> A man is stuck at home without water.</td>
</tr>
<tr>
<td colspan="2">
<h2>Sorority</h2>
</td>
</tr>
<tr>
<td></td>
<td><strong>Center: </strong>EASD – Escola d&#039;Art Superió i Disseny de Valéncia<br />
<strong>Director:</strong> Monica Parra<br />
<strong>Duration:</strong> 1:34<br />
<strong>Synopsis:</strong> An unstoppable chain of help and generosity among our girls.</td>
</tr>
<tr>
<td colspan="2">
<h2>be you</h2>
</td>
</tr>
<tr>
<td></td>
<td><strong>Center: </strong>EASD – Escola d&#039;Art Superió i Disseny de Valéncia<br />
<strong>Director:</strong> Andrea Linares<br />
<strong>Synopsis:</strong> You are not a boy, you are not a girl, you are simply you.</td>
</tr>
<tr>
<td colspan="2">
<h2>The Apple</h2>
</td>
</tr>
<tr>
<td>&nbsp;</td>
<td><strong>Center: </strong>Joan Comenius School<br />
<strong>Director:</strong> Mireia Rabal<br />
<strong>Duration:</strong> 1:00<br />
<strong>Synopsis: </strong>Two children, influenced by the prejudices of adults, have an encounter that will make them change their visions.</td>
</tr>
<tr>
<td colspan="2">
<h2>One less</h2>
</td>
</tr>
<tr>
<td>&nbsp;</td>
<td><strong>Center: </strong>Joan Comenius School<br />
<strong>Director:</strong> Andreu Picher and Claudia Seco<br />
<strong>Duration:</strong> 1:31<br />
<strong>Synopsis:</strong> What is a backpack for you?</td>
</tr>
<tr>
<td colspan="2">
<h2>Where are your rights?</h2>
</td>
</tr>
<tr>
<td>&nbsp;</td>
<td><strong>Center: </strong>IES La Mola<br />
<strong>Director:</strong> Toni Seller<br />
<strong>Duration:</strong> 1:00<br />
<strong>Synopsis: </strong>Violations of human rights that we often do not see.</td>
</tr>
<tr>
<td colspan="2">
<h2>Welcome</h2>
</td>
</tr>
<tr>
<td>&nbsp;</td>
<td><strong>Center: </strong>Joan Comenius School<br />
<strong>Director:</strong> Pablo Chirivella and Héctor Sebastià<br />
<strong>Duration:</strong> 1:39<br />
<strong>Synopsis:</strong> We cannot expect those at the top to solve these problems, each of us has a lot to contribute.</td>
</tr>
<tr>
<td colspan="2">
<h2>Daily</h2>
</td>
</tr>
<tr>
<td>&nbsp;</td>
<td><strong>Center: </strong>EASD – Escola d&#039;Art Superió i Disseny de Valéncia<br />
<strong>Director:</strong> Marta Díaz Grimaldos and María Benet<br />
<strong>Synopsis:</strong> Sexual assault on girls and adolescents is more common than you think.</td>
</tr>
</tbody>
</table>

<p>A child story Centro: EASD – Escola d’Art Superió i Disseny de Valéncia Director: Eva Donat Duración: 1:30 Sinopsis: La breve historia de un chiquillo nos recuerda el día internacional de los derechos de los niños y las niñas.  All in &nbsp;  Centro: Colegio Joan Comenius Director: Vicente Cosín Albert Duración: 1:29 Sinopsis: ¿Quién da [&hellip;]</p>
